000
CXUS55 KGGW 010800
CF6GGW
PRELIMINARY LOCAL CLIMATOLOGICAL DATA (WS FORM: F-6)
STATION: GLASGOW MT
MONTH: APRIL
YEAR: 2020
LATITUDE: 48 13 N
LONGITUDE: 106 37 W
TEMPERATURE IN F: :PCPN: SNOW: WIND :SUNSHINE: SKY :PK WND
================================================================================
1 2 3 4 5 6A 6B 7 8 9 10 11 12 13 14 15 16 17 18
12Z AVG MX 2MIN
DY MAX MIN AVG DEP HDD CDD WTR SNW DPTH SPD SPD DIR MIN PSBL S-S WX SPD DR
================================================================================
1 27 5 16 -23 49 0 0.13 1.4 T 16.5 26 330 M M 8 31 330
2 20 0 10 -30 55 0 0.00 0.0 T 6.9 18 310 M M 0 22 330
3 36 9 23 -17 42 0 T T T 13.6 21 130 M M 4 26 150
4 42 24 33 -8 32 0 T T T 13.1 24 110 M M 5 27 110
5 51 27 39 -2 26 0 0.00 0.0 0 17.1 29 110 M M 5 33 120
6 60 31 46 5 19 0 0.00 0.0 0 13.3 30 300 M M 0 38 310
7 60 29 45 3 20 0 0.00 0.0 0 13.7 33 310 M M 7 42 300
8 47 28 38 -4 27 0 0.00 0.0 0 21.3 41 310 M M 4 49 320
9 47 20 34 -9 31 0 0.00 0.0 0 8.9 15 180 M M 0 20 170
10 59 29 44 1 21 0 0.01 0.0 0 10.7 25 10 M M 7 30 10
11 38 20 29 -14 36 0 T T T 12.8 23 360 M M 10 30 360
12 35 15 25 -19 40 0 0.02 0.2 0 13.1 33 320 M M 5 40 320
13 32 11 22 -22 43 0 T T T 13.7 31 320 M M 5 38 320
14 48 16 32 -13 33 0 0.00 0.0 0 6.6 20 330 M M 4 27 330
15 44 24 34 -11 31 0 0.06 0.5 T 11.9 22 320 M M 6 18 28 300
16 45 19 32 -13 33 0 0.00 0.0 0 8.3 18 260 M M 2 22 280
17 66 24 45 -1 20 0 0.00 0.0 0 13.1 29 280 M M 3 37 260
18 55 27 41 -5 24 0 0.00 0.0 0 12.6 26 350 M M 5 33 10
19 61 23 42 -4 23 0 0.00 0.0 0 10.6 26 260 M M 2 31 260
20 69 38 54 7 11 0 0.00 0.0 0 11.1 25 310 M M 8 31 310
21 76 37 57 10 8 0 0.00 0.0 0 12.0 30 280 M M 3 36 290
22 72 48 60 13 5 0 T 0.0 0 9.1 23 320 M M 6 28 320
23 67 45 56 8 9 0 0.00 0.0 0 8.9 28 350 M M 5 32 350
24 57 36 47 -1 18 0 0.06 0.0 0 8.9 24 350 M M 7 30 350
25 67 32 50 2 15 0 0.00 0.0 0 6.3 17 130 M M 2 24 80
26 70 43 57 8 8 0 0.00 0.0 0 16.1 35 310 M M 2 44 310
27 73 40 57 8 8 0 T 0.0 0 11.5 44 280 M M 4 54 280
28 68 39 54 5 11 0 T 0.0 0 21.6 37 320 M M 2 8 46 330
29 76 36 56 6 9 0 0.00 0.0 0 12.6 20 280 M M 0 24 240
30 81 52 67 17 0 2 0.15 0.0 0 10.0 28 290 M M 4 34 290
================================================================================
SM 1649 827 707 2 0.43 2.1 365.9 M 125
================================================================================
AV 55.0 27.6 12.2 FASTST M M 4 MAX(MPH)
MISC ----> # 44 280 # 54 280
================================================================================
NOTES:
# LAST OF SEVERAL OCCURRENCES
COLUMN 17 PEAK WIND IN M.P.H.
PRELIMINARY LOCAL CLIMATOLOGICAL DATA (WS FORM: F-6) , PAGE 2
STATION: GLASGOW MT
MONTH: APRIL
YEAR: 2020
LATITUDE: 48 13 N
LONGITUDE: 106 37 W
[TEMPERATURE DATA] [PRECIPITATION DATA] SYMBOLS USED IN COLUMN 16
AVERAGE MONTHLY: 41.3 TOTAL FOR MONTH: 0.43 1 = FOG OR MIST
DPTR FM NORMAL: -3.6 DPTR FM NORMAL: -0.42 2 = FOG REDUCING VISIBILITY
HIGHEST: 81 ON 30 GRTST 24HR 0.15 ON 30-30 TO 1/4 MILE OR LESS
LOWEST: 0 ON 2 3 = THUNDER
SNOW, ICE PELLETS, HAIL 4 = ICE PELLETS
TOTAL MONTH: 2.1 INCHES 5 = HAIL
GRTST 24HR 1.4 ON 1- 1 6 = FREEZING RAIN OR DRIZZLE
GRTST DEPTH: 0 7 = DUSTSTORM OR SANDSTORM:
VSBY 1/2 MILE OR LESS
8 = SMOKE OR HAZE
[NO. OF DAYS WITH] [WEATHER - DAYS WITH] 9 = BLOWING SNOW
X = TORNADO
MAX 32 OR BELOW: 3 0.01 INCH OR MORE: 6
MAX 90 OR ABOVE: 0 0.10 INCH OR MORE: 2
MIN 32 OR BELOW: 20 0.50 INCH OR MORE: 0
MIN 0 OR BELOW: 1 1.00 INCH OR MORE: 0
[HDD (BASE 65) ]
TOTAL THIS MO. 707 CLEAR (SCALE 0-3) 11
DPTR FM NORMAL 104 PTCLDY (SCALE 4-7) 17
TOTAL FM JUL 1 7770 CLOUDY (SCALE 8-10) 2
DPTR FM NORMAL -237
[CDD (BASE 65) ]
TOTAL THIS MO. 2
DPTR FM NORMAL 1 [PRESSURE DATA]
TOTAL FM JAN 1 2 HIGHEST SLP M ON M
DPTR FM NORMAL 1 LOWEST SLP 29.58 ON 30
[REMARKS]
#FINAL-04-20#