000
CXUS52 KJAX 031557
CF6GNV
PRELIMINARY LOCAL CLIMATOLOGICAL DATA (WS FORM: F-6)
STATION: GAINESVILLE
MONTH: AUGUST
YEAR: 2022
LATITUDE: 29 40 N
LONGITUDE: 82 16 W
TEMPERATURE IN F: :PCPN: SNOW: WIND :SUNSHINE: SKY :PK WND
================================================================================
1 2 3 4 5 6A 6B 7 8 9 10 11 12 13 14 15 16 17 18
12Z AVG MX 2MIN
DY MAX MIN AVG DEP HDD CDD WTR SNW DPTH SPD SPD DIR MIN PSBL S-S WX SPD DR
================================================================================
1 96 76 86 4 0 21 0.00 0.0 0 3.6 13 270 M M 2 3 17 320
2 95 73 84 2 0 19 0.00 0.0 0 4.8 12 130 M M 3 3 17 180
3 93 72 83 1 0 18 2.78 0.0 0 4.6 29 240 M M 4 13 39 240
4 94 71 83 1 0 18 0.08 0.0 0 4.1 24 120 M M 1 1 29 120
5 93 73 83 1 0 18 0.01 0.0 0 4.5 17 140 M M 2 3 21 150
6 89 75 82 0 0 17 0.01 0.0 0 3.9 15 160 M M 1 13 21 150
7 92 72 82 0 0 17 0.02 0.0 0 3.2 13 170 M M 1 13 19 180
8 92 72 82 0 0 17 0.12 0.0 0 2.9 31 120 M M 1 13 42 60
9 92 72 82 0 0 17 0.01 0.0 0 4.1 20 140 M M 2 13 27 130
10 93 75 84 2 0 19 0.00 0.0 0 3.7 13 150 M M 3 1 17 150
11 85 74 80 -2 0 15 0.02 0.0 0 3.3 13 280 M M 1 1 21 240
12 92 72 82 1 0 17 0.00 0.0 0 3.6 17 150 M M 2 24 170
13 87 73 80 -1 0 15 T 0.0 0 3.6 22 250 M M 8 1 32 250
14 91 70 81 0 0 16 0.00 0.0 0 5.0 14 40 M M 4 12 20 90
15 92 66 79 -2 0 14 0.00 0.0 0 1.7 12 60 M M 0 16 40
16 92 70 81 0 0 16 0.16 0.0 0 5.4 23 290 M M 1 13 31 300
17 94 73 84 3 0 19 T 0.0 0 3.4 20 310 M M 1 13 28 310
18 91 71 81 0 0 16 0.02 0.0 0 2.3 29 190 M M 2 13 43 200
19 93 71 82 1 0 17 0.34 0.0 0 3.3 24 280 M M 2 13 35 280
20 95 73 84 3 0 19 0.76 0.0 0 3.2 26 120 M M 2 13 44 140
21 95 72 84 3 0 19 0.02 0.0 0 1.8 28 200 M M 2 3 40 210
22 90 73 82 1 0 17 1.26 0.0 0 2.9 32 210 M M 4 13 41 210
23 93 72 83 2 0 18 2.58 0.0 0 2.3 23 120 M M 3 13 35 120
24 93 71 82 1 0 17 0.16 0.0 0 3.0 17 120 M M 2 13 26 120
25 91 73 82 1 0 17 0.85 0.0 0 3.7 16 80 M M 4 13 24 80
26 92 73 83 2 0 18 0.16 0.0 0 3.8 21 130 M M 3 13 30 140
27 90 72 81 0 0 16 0.05 0.0 0 2.3 18 60 M M 4 12 28 40
28 91 72 82 1 0 17 2.29 0.0 0 3.3 18 100 M M 4 13 25 110
29 89 74 82 1 0 17 0.02 0.0 0 3.6 15 30 M M 4 3 18 30
30 91 75 83 2 0 18 0.00 0.0 0 4.0 13 150 M M 1 17 140
31 90 75 83 2 0 18 0.01 0.0 0 4.7 15 320 M M 3 3 23 330
================================================================================
SM 2846 2246 0 537 11.73 0.0 109.6 M 77
================================================================================
AV 91.8 72.5 3.5 FASTST M M 2 MAX(MPH)
MISC ----> 32 210 44 140
================================================================================
NOTES:
# LAST OF SEVERAL OCCURRENCES
COLUMN 17 PEAK WIND IN M.P.H.
PRELIMINARY LOCAL CLIMATOLOGICAL DATA (WS FORM: F-6) , PAGE 2
STATION: GAINESVILLE
MONTH: AUGUST
YEAR: 2022
LATITUDE: 29 40 N
LONGITUDE: 82 16 W
[TEMPERATURE DATA] [PRECIPITATION DATA] SYMBOLS USED IN COLUMN 16
AVERAGE MONTHLY: 82.1 TOTAL FOR MONTH: 11.73 1 = FOG OR MIST
DPTR FM NORMAL: 0.8 DPTR FM NORMAL: 5.33 2 = FOG REDUCING VISIBILITY
HIGHEST: 96 ON 1 GRTST 24HR 2.78 ON 3- 3 TO 1/4 MILE OR LESS
LOWEST: 66 ON 15 3 = THUNDER
SNOW, ICE PELLETS, HAIL 4 = ICE PELLETS
TOTAL MONTH: 0.0 INCH 5 = HAIL
GRTST 24HR 0.0 6 = FREEZING RAIN OR DRIZZLE
GRTST DEPTH: 0 7 = DUSTSTORM OR SANDSTORM:
VSBY 1/2 MILE OR LESS
8 = SMOKE OR HAZE
[NO. OF DAYS WITH] [WEATHER - DAYS WITH] 9 = BLOWING SNOW
X = TORNADO
MAX 32 OR BELOW: 0 0.01 INCH OR MORE: 22
MAX 90 OR ABOVE: 27 0.10 INCH OR MORE: 11
MIN 32 OR BELOW: 0 0.50 INCH OR MORE: 6
MIN 0 OR BELOW: 0 1.00 INCH OR MORE: 4
[HDD (BASE 65) ]
TOTAL THIS MO. 0 CLEAR (SCALE 0-3) 22
DPTR FM NORMAL 0 PTCLDY (SCALE 4-7) 9
TOTAL FM JUL 1 0 CLOUDY (SCALE 8-10) 0
DPTR FM NORMAL 0
[CDD (BASE 65) ]
TOTAL THIS MO. 537
DPTR FM NORMAL 33 [PRESSURE DATA]
TOTAL FM JAN 1 2301 HIGHEST SLP 30.23 ON 10
DPTR FM NORMAL 284 LOWEST SLP 29.88 ON 17
[REMARKS]
#FINAL-08-22#