000
CXUS52 KJAX 020104
CF6GNV
PRELIMINARY LOCAL CLIMATOLOGICAL DATA (WS FORM: F-6)
STATION: GAINESVILLE
MONTH: MAY
YEAR: 2020
LATITUDE: 29 40 N
LONGITUDE: 82 16 W
TEMPERATURE IN F: :PCPN: SNOW: WIND :SUNSHINE: SKY :PK WND
================================================================================
1 2 3 4 5 6A 6B 7 8 9 10 11 12 13 14 15 16 17 18
12Z AVG MX 2MIN
DY MAX MIN AVG DEP HDD CDD WTR SNW DPTH SPD SPD DIR MIN PSBL S-S WX SPD DR
================================================================================
1 79 49 64 -7 1 0 0.00 0.0 0 6.4 17 330 M M 1 26 300
2 84 50 67 -4 0 2 0.00 0.0 0 1.6 10 140 M M 0 15 300
3 86 56 71 -1 0 6 0.00 0.0 0 3.9 12 200 M M 0 15 160
4 85 58 72 0 0 7 0.00 0.0 0 5.9 16 250 M M 0 20 250
5 87 61 74 2 0 9 0.00 0.0 0 8.2 18 240 M M 3 12 23 230
6 85 59 72 0 0 7 T 0.0 0 8.9 20 270 M M 2 25 270
7 73 50 62 -10 3 0 0.00 0.0 0 6.9 17 40 M M 0 25 360
8 80 44 62 -11 3 0 0.00 0.0 0 7.4 21 270 M M 0 27 240
9 81 59 70 -3 0 5 0.00 0.0 0 8.1 17 60 M M 3 23 60
10 74 59 67 -6 0 2 0.67 0.0 0 5.8 14 70 M M 5 13 18 70
11 83 55 69 -5 0 4 0.00 0.0 0 4.9 17 330 M M 1 1 26 320
12 82 51 67 -7 0 2 0.00 0.0 0 5.8 16 100 M M 0 21 90
13 84 53 69 -5 0 4 0.00 0.0 0 7.1 21 70 M M 3 12 23 120
14 84 59 72 -2 0 7 0.00 0.0 0 8.2 21 60 M M 2 1 30 50
15 86 58 72 -2 0 7 0.00 0.0 0 8.1 18 70 M M 2 1 25 70
16 86 65 76 1 0 11 T 0.0 0 8.8 21 60 M M 3 26 50
17 89 68 79 4 0 14 0.00 0.0 0 5.3 14 50 M M 7 1 17 50
18 88 67 78 3 0 13 T 0.0 0 8.1 23 250 M M 2 31 240
19 87 67 77 1 0 12 0.02 0.0 0 9.5 18 230 M M 2 1 24 240
20 89 66 78 2 0 13 0.00 0.0 0 9.0 18 220 M M 1 26 220
21 92 65 79 3 0 14 0.00 0.0 0 6.5 16 260 M M 1 12 21 260
22 94 64 79 3 0 14 0.00 0.0 0 5.3 18 60 M M 1 3 29 40
23 94 66 80 4 0 15 T 0.0 0 6.1 23 60 M M 1 3 31 50
24 90 67 79 3 0 14 0.00 0.0 0 7.0 17 100 M M 1 1 23 120
25 81 70 76 -1 0 11 0.37 0.0 0 8.1 22 90 M M 5 1 28 100
26 82 70 76 -1 0 11 0.06 0.0 0 6.7 15 30 M M 9 13 19 40
27 86 70 78 1 0 13 1.07 0.0 0 4.8 16 260 M M 5 123 21 260
28 88 69 79 2 0 14 1.13 0.0 0 5.7 20 180 M M 3 13 22 190
29 85 69 77 -1 0 12 0.84 0.0 0 4.0 23 190 M M 3 13 28 190
30 90 69 80 2 0 15 1.25 0.0 0 3.0 22 350 M M 5 123 26 10
31 93 68 81 3 0 16 0.00 0.0 0 3.9 13 260 M M 2 1 16 260
================================================================================
SM 2647 1901 7 274 5.41 0.0 199.0 M 73
================================================================================
AV 85.4 61.3 6.4 FASTST M M 2 MAX(MPH)
MISC ----> # 23 250 # 31 240
================================================================================
NOTES:
# LAST OF SEVERAL OCCURRENCES
COLUMN 17 PEAK WIND IN M.P.H.
PRELIMINARY LOCAL CLIMATOLOGICAL DATA (WS FORM: F-6) , PAGE 2
STATION: GAINESVILLE
MONTH: MAY
YEAR: 2020
LATITUDE: 29 40 N
LONGITUDE: 82 16 W
[TEMPERATURE DATA] [PRECIPITATION DATA] SYMBOLS USED IN COLUMN 16
AVERAGE MONTHLY: 73.4 TOTAL FOR MONTH: 5.41 1 = FOG OR MIST
DPTR FM NORMAL: -1.3 DPTR FM NORMAL: 2.93 2 = FOG REDUCING VISIBILITY
HIGHEST: 94 ON 23,22 GRTST 24HR 1.25 ON 30-30 TO 1/4 MILE OR LESS
LOWEST: 44 ON 8 3 = THUNDER
SNOW, ICE PELLETS, HAIL 4 = ICE PELLETS
TOTAL MONTH: 0.0 INCH 5 = HAIL
GRTST 24HR 0.0 6 = FREEZING RAIN OR DRIZZLE
GRTST DEPTH: 0 7 = DUSTSTORM OR SANDSTORM:
VSBY 1/2 MILE OR LESS
8 = SMOKE OR HAZE
[NO. OF DAYS WITH] [WEATHER - DAYS WITH] 9 = BLOWING SNOW
X = TORNADO
MAX 32 OR BELOW: 0 0.01 INCH OR MORE: 8
MAX 90 OR ABOVE: 6 0.10 INCH OR MORE: 6
MIN 32 OR BELOW: 0 0.50 INCH OR MORE: 5
MIN 0 OR BELOW: 0 1.00 INCH OR MORE: 3
[HDD (BASE 65) ]
TOTAL THIS MO. 7 CLEAR (SCALE 0-3) 22
DPTR FM NORMAL 3 PTCLDY (SCALE 4-7) 8
TOTAL FM JUL 1 829 CLOUDY (SCALE 8-10) 1
DPTR FM NORMAL -385
[CDD (BASE 65) ]
TOTAL THIS MO. 274
DPTR FM NORMAL -29 [PRESSURE DATA]
TOTAL FM JAN 1 718 HIGHEST SLP 30.27 ON 13
DPTR FM NORMAL 208 LOWEST SLP 29.79 ON 19
[REMARKS]
#FINAL-05-20#