000
CXUS54 KOUN 010810
CF6GOK
PRELIMINARY LOCAL CLIMATOLOGICAL DATA (WS FORM: F-6)
STATION: GUTHRIE MUNICIPAL
MONTH: JUNE
YEAR: 2021
LATITUDE: 35 50 N
LONGITUDE: 97 25 W
TEMPERATURE IN F: :PCPN: SNOW: WIND :SUNSHINE: SKY :PK WND
================================================================================
1 2 3 4 5 6A 6B 7 8 9 10 11 12 13 14 15 16 17 18
12Z AVG MX 2MIN
DY MAX MIN AVG DEP HDD CDD WTR SNW DPTH SPD SPD DIR MIN PSBL S-S WX SPD DR
================================================================================
1 70 57 64 -10 1 0 T 0.0 M 5.2 10 10 M M 9 1 16 10
2 78 54 66 -9 0 1 T 0.0 M 3.0 9 130 M M 4 12 13 140
3 83 55 69 -6 0 4 0.00 M M 5.5 10 160 M M 2 13 180
4 86 66 76 1 0 11 0.00 M M 7.9 15 190 M M 2 20 160
5 80 61 71 -5 0 6 T M M 7.0 16 150 M M 1 3 23 160
6 83 64 74 -2 0 9 0.74 M M 7.5 18 150 M M 4 13 26 140
7 85 66 76 0 0 11 0.00 M M 8.4 21 90 M M 4 1 30 110
8 81 68 75 -1 0 10 T M M 6.9 13 150 M M 5 1 17 150
9 92 71 82 5 0 17 0.00 M M 9.2 17 160 M M 3 1 21 150
10 93 73 83 6 0 18 0.00 M M 8.3 15 150 M M 1 1 20 170
11 92 67 80 3 0 15 0.04 M M 10.7 30 40 M M 1 3 46 40
12 92 66 79 2 0 14 0.11 M M 6.2 20 130 M M 1 13 28 130
13 93 73 83 5 0 18 T 0.0 0 6.4 21 90 M M 1 27 90
14 93 70 82 4 0 17 0.00 M M 4.8 10 130 M M 0 13 140
15 94 64 79 1 0 14 0.00 M M 2.9 9 150 M M 0 13 150
16 96 66 81 3 0 16 0.00 M M 6.2 12 160 M M 0 15 170
17 97 67 82 3 0 17 0.00 M M 8.0 17 170 M M 0 20 180
18 96 70 83 4 0 18 0.00 M M 10.7 20 180 M M 0 28 150
19 94 71 83 4 0 18 0.00 M M 9.8 17 180 M M 0 23 180
20 97 71 84 5 0 19 0.00 M M 12.6 23 190 M M 0 31 190
21 81 60 71 -9 0 6 0.23 M M 7.5 23 50 M M 4 13 32 30
22 85 56 71 -9 0 6 0.00 M M 8.7 18 180 M M 0 18 24 160
23 92 68 80 0 0 15 0.00 M M 14.4 23 190 M M 1 32 190
24 97 78 88 8 0 23 0.00 M M 18.3 26 190 M M 0 34 180
25 95 73 84 4 0 19 0.00 M M 13.7 24 300 M M 1 36 290
26 84 67 76 -4 0 11 2.09 M M 7.5 29 300 M M 7 138 38 290
27 78 67 73 -8 0 8 2.41 M M 5.2 17 290 M M 8 123 21 300
28 81 69 75 -6 0 10 0.50 M M 5.9 17 80 M M 5 13 23 90
29 79 70 75 -6 0 10 1.09 M M 6.2 17 180 M M 8 13 23 200
30 87 72 80 -1 0 15 0.01 M M 5.7 13 240 M M 3 13 16 170
================================================================================
SM 2634 2000 1 376 7.22 0.0 240.3 M 75
================================================================================
AV 87.8 66.7 8.0 FASTST M M 3 MAX(MPH)
MISC ----> 30 40 46 40
================================================================================
NOTES:
# LAST OF SEVERAL OCCURRENCES
COLUMN 17 PEAK WIND IN M.P.H.
PRELIMINARY LOCAL CLIMATOLOGICAL DATA (WS FORM: F-6) , PAGE 2
STATION: GUTHRIE MUNICIPAL
MONTH: JUNE
YEAR: 2021
LATITUDE: 35 50 N
LONGITUDE: 97 25 W
[TEMPERATURE DATA] [PRECIPITATION DATA] SYMBOLS USED IN COLUMN 16
AVERAGE MONTHLY: 77.2 TOTAL FOR MONTH: 7.22 1 = FOG OR MIST
DPTR FM NORMAL: -0.8 DPTR FM NORMAL: 2.86 2 = FOG REDUCING VISIBILITY
HIGHEST: 97 ON 24,20 GRTST 24HR 4.10 ON 26-27 TO 1/4 MILE OR LESS
LOWEST: 54 ON 2 3 = THUNDER
SNOW, ICE PELLETS, HAIL 4 = ICE PELLETS
TOTAL MONTH: 0.0 INCH 5 = HAIL
GRTST 24HR 0.0 6 = FREEZING RAIN OR DRIZZLE
GRTST DEPTH: 0 7 = DUSTSTORM OR SANDSTORM:
VSBY 1/2 MILE OR LESS
8 = SMOKE OR HAZE
[NO. OF DAYS WITH] [WEATHER - DAYS WITH] 9 = BLOWING SNOW
X = TORNADO
MAX 32 OR BELOW: 0 0.01 INCH OR MORE: 9
MAX 90 OR ABOVE: 15 0.10 INCH OR MORE: 7
MIN 32 OR BELOW: 0 0.50 INCH OR MORE: 5
MIN 0 OR BELOW: 0 1.00 INCH OR MORE: 3
[HDD (BASE 65) ]
TOTAL THIS MO. 1 CLEAR (SCALE 0-3) 18
DPTR FM NORMAL 0 PTCLDY (SCALE 4-7) 11
TOTAL FM JUL 1 3222 CLOUDY (SCALE 8-10) 1
DPTR FM NORMAL -340
[CDD (BASE 65) ]
TOTAL THIS MO. 376
DPTR FM NORMAL -16 [PRESSURE DATA]
TOTAL FM JAN 1 504 HIGHEST SLP M ON M
DPTR FM NORMAL -138 LOWEST SLP 29.62 ON 20
[REMARKS]
#FINAL-06-21#