000
CXUS54 KFWD 010730
CF6GOP
PRELIMINARY LOCAL CLIMATOLOGICAL DATA (WS FORM: F-6)
STATION: GATESVILLE
MONTH: SEPTEMBER
YEAR: 2020
LATITUDE: 31 25 N
LONGITUDE: 97 48 W
TEMPERATURE IN F: :PCPN: SNOW: WIND :SUNSHINE: SKY :PK WND
================================================================================
1 2 3 4 5 6A 6B 7 8 9 10 11 12 13 14 15 16 17 18
12Z AVG MX 2MIN
DY MAX MIN AVG DEP HDD CDD WTR SNW DPTH SPD SPD DIR MIN PSBL S-S WX SPD DR
================================================================================
1 99 72 86 5 0 21 0.36 0.0 0 11.9 16 190 M M 3 3 27 170
2 77 70 74 -6 0 9 2.47 0.0 0 3.8 15 10 M M 5 3 23 10
3 79 70 75 -5 0 10 1.46 0.0 0 3.1 12 210 M M 5 3 M M
4 81 70 76 -4 0 11 0.35 0.0 0 1.3 9 140 M M 4 13 15 140
5 86 70 78 -2 0 13 0.00 0.0 0 2.1 10 20 M M 1 3 M M
6 91 70 81 2 0 16 0.00 0.0 0 0.8 5 140 M M 1 13 99
7 93 72 83 4 0 18 0.00 0.0 0 4.5 9 160 M M 0 16 140
8 86 72 79 0 0 14 T 0.0 0 5.0 12 130 M M 1 20 130
9 79 55 67 -11 0 2 0.35 0.0 0 5.8 13 320 M M 7 13 30 130
10 63 55 59 -19 6 0 0.00 0.0 0 8.8 12 340 M M 10 17 330
11 77 61 69 -9 0 4 0.00 0.0 0 4.7 9 330 M M 7 12 330
12 90 66 78 0 0 13 0.00 0.0 0 0.5 6 360 M M 1 8 M M
13 88 70 79 2 0 14 0.00 0.0 0 3.7 10 360 M M 0 18 10
14 86 70 78 1 0 13 0.00 0.0 0 5.3 10 20 M M 2 16 70
15 86 70 78 2 0 13 0.00 0.0 0 2.0 7 70 M M 4 13 60
16 86 70 78 2 0 13 0.00 0.0 0 2.5 10 320 M M 1 1 M M
17 86 70 78 2 0 13 0.00 0.0 0 3.4 10 340 M M 1 3 17 340
18 84 66 75 -1 0 10 0.00 0.0 0 4.2 10 50 M M 1 17 40
19 79 63 71 -4 0 6 0.00 0.0 0 3.3 12 20 M M 1 1 15 50
20 81 57 69 -6 0 4 0.00 0.0 0 5.2 14 50 M M 2 18 40
21 73 66 70 -4 0 5 0.04 0.0 0 7.7 12 40 M M 9 18 17 40
22 70 64 67 -7 0 2 0.01 0.0 0 5.9 8 360 M M 10 1 14 10
23 72 66 69 -5 0 4 0.00 0.0 0 5.8 10 340 M M 9 1 15 330
24 77 63 70 -3 0 5 0.00 0.0 0 2.2 9 350 M M 6 M M
25 86 57 72 -1 0 7 0.00 0.0 0 1.4 7 99 M M 3 12 M M
26 88 63 76 4 0 11 0.00 0.0 0 5.6 16 200 M M 2 1 18 170
27 91 75 83 11 0 18 0.00 0.0 0 9.7 18 180 M M 4 22 180
28 75 54 65 -7 0 0 0.00 0.0 0 11.8 20 10 M M 1 30 10
29 81 46 64 -8 1 0 0.00 0.0 0 4.5 14 330 M M 0 18 320
30 88 50 69 -2 0 4 0.00 0.0 0 3.1 10 220 M M 0 M M
================================================================================
SM 2478 1943 7 273 5.04 0.0 139.6 M 101
================================================================================
AV 82.6 64.8 4.7 FASTST M M 3 MAX(MPH)
MISC ----> # 20 10 # 30 130
================================================================================
NOTES:
# LAST OF SEVERAL OCCURRENCES
COLUMN 17 PEAK WIND IN M.P.H.
PRELIMINARY LOCAL CLIMATOLOGICAL DATA (WS FORM: F-6) , PAGE 2
STATION: GATESVILLE
MONTH: SEPTEMBER
YEAR: 2020
LATITUDE: 31 25 N
LONGITUDE: 97 48 W
[TEMPERATURE DATA] [PRECIPITATION DATA] SYMBOLS USED IN COLUMN 16
AVERAGE MONTHLY: 73.7 TOTAL FOR MONTH: 5.04 1 = FOG OR MIST
DPTR FM NORMAL: -2.5 DPTR FM NORMAL: M 2 = FOG REDUCING VISIBILITY
HIGHEST: 99 ON 1 GRTST 24HR 2.47 ON 2- 2 TO 1/4 MILE OR LESS
LOWEST: 46 ON 29 3 = THUNDER
SNOW, ICE PELLETS, HAIL 4 = ICE PELLETS
TOTAL MONTH: 0.0 INCH 5 = HAIL
GRTST 24HR 0.0 6 = FREEZING RAIN OR DRIZZLE
GRTST DEPTH: 0 7 = DUSTSTORM OR SANDSTORM:
VSBY 1/2 MILE OR LESS
8 = SMOKE OR HAZE
[NO. OF DAYS WITH] [WEATHER - DAYS WITH] 9 = BLOWING SNOW
X = TORNADO
MAX 32 OR BELOW: 0 0.01 INCH OR MORE: 7
MAX 90 OR ABOVE: 5 0.10 INCH OR MORE: 5
MIN 32 OR BELOW: 0 0.50 INCH OR MORE: 2
MIN 0 OR BELOW: 0 1.00 INCH OR MORE: 2
[HDD (BASE 65) ]
TOTAL THIS MO. 7 CLEAR (SCALE 0-3) 18
DPTR FM NORMAL -1 PTCLDY (SCALE 4-7) 8
TOTAL FM JUL 1 7 CLOUDY (SCALE 8-10) 4
DPTR FM NORMAL -1
[CDD (BASE 65) ]
TOTAL THIS MO. 273
DPTR FM NORMAL -71 [PRESSURE DATA]
TOTAL FM JAN 1 2557 HIGHEST SLP M ON M
DPTR FM NORMAL 384 LOWEST SLP M ON M
[REMARKS]
#FINAL-09-20#