000
CXUS54 KFWD 010730
CF6GOP
PRELIMINARY LOCAL CLIMATOLOGICAL DATA (WS FORM: F-6)
STATION: GATESVILLE
MONTH: OCTOBER
YEAR: 2023
LATITUDE: 31 25 N
LONGITUDE: 97 48 W
TEMPERATURE IN F: :PCPN: SNOW: WIND :SUNSHINE: SKY :PK WND
================================================================================
1 2 3 4 5 6A 6B 7 8 9 10 11 12 13 14 15 16 17 18
12Z AVG MX 2MIN
DY MAX MIN AVG DEP HDD CDD WTR SNW DPTH SPD SPD DIR MIN PSBL S-S WX SPD DR
================================================================================
1 90 63 77 6 0 12 0.00 M M 3.0 10 80 M M 1 16 99
2 91 64 78 8 0 13 0.00 M M 3.0 10 160 M M 1 18 99
3 91 66 79 9 0 14 0.00 M M 4.5 10 130 M M 3 23 99
4 95 70 83 13 0 18 2.01 M M 6.4 18 40 M M 5 1 28 40
5 81 68 75 6 0 10 0.16 M M 4.3 10 350 M M 6 3 23 10
6 82 64 73 4 0 8 0.00 M M 2.8 8 40 M M 0 18 0
7 73 55 64 -5 1 0 0.00 M M 6.7 12 360 M M 0 20 40
8 81 48 65 -3 0 0 0.00 M M 4.2 9 170 M M 0 15 160
9 86 55 71 3 0 6 0.00 M M 7.4 16 200 M M 0 21 200
10 81 63 72 4 0 7 0.00 M M 8.1 16 200 M M 4 22 170
11 75 64 70 2 0 5 0.00 M M 8.2 14 140 M M 8 23 140
12 82 66 74 7 0 9 0.00 M M 10.0 15 180 M M 6 28 180
13 82 61 72 5 0 7 0.00 M M 6.9 15 340 M M 4 22 340
14 75 52 64 -3 1 0 0.00 M M 5.9 14 10 M M 0 20 10
15 72 48 60 -6 5 0 0.00 M M 7.4 20 340 M M 0 25 320
16 70 43 57 -9 8 0 0.00 M M 5.6 17 360 M M 0 25 360
17 77 37 57 -9 8 0 0.00 M M 3.3 8 150 M M 0 17 0
18 82 52 67 2 0 2 0.00 M M 8.6 16 190 M M 0 23 170
19 86 57 72 7 0 7 0.00 M M 6.2 15 360 M M 0 22 360
20 93 52 73 8 0 8 0.00 M M 2.9 14 310 M M 0 20 260
21 91 52 72 8 0 7 0.00 M M 1.9 8 140 M M 0 M M
22 86 64 75 11 0 10 0.00 M M 5.6 13 150 M M 0 21 150
23 79 70 75 11 0 10 0.52 M M 7.7 13 140 M M 5 21 M
24 77 72 75 11 0 10 1.15 M M 9.1 16 150 M M 7 1 25 150
25 82 72 77 14 0 12 0.48 M M 8.7 13 160 M M 8 1 22 140
26 82 64 73 10 0 8 2.38 M M 7.3 20 220 M M 6 1 28 220
27 88 73 81 18 0 16 0.09 M M 5.3 8 190 M M 7 18 0
28 75 68 72 10 0 7 0.10 M M 3.7 9 350 M M 5 14 M
29 68 41 55 -7 10 0 0.18 M M 13.9 20 350 M M 8 28 340
30 50 37 44 -18 21 0 0.40 M M 12.5 20 350 M M 8 26 340
31 59 36 48 -14 17 0 0.00 M M 5.7 12 30 M M 1 18 20
================================================================================
SM 2482 1797 71 206 7.47 M 196.7 M 93
================================================================================
AV 80.1 58.0 6.3 FASTST M M 3 MAX(MPH)
MISC ----> # 20 340 # 28 40
================================================================================
NOTES:
# LAST OF SEVERAL OCCURRENCES
COLUMN 17 PEAK WIND IN M.P.H.
PRELIMINARY LOCAL CLIMATOLOGICAL DATA (WS FORM: F-6) , PAGE 2
STATION: GATESVILLE
MONTH: OCTOBER
YEAR: 2023
LATITUDE: 31 25 N
LONGITUDE: 97 48 W
[TEMPERATURE DATA] [PRECIPITATION DATA] SYMBOLS USED IN COLUMN 16
AVERAGE MONTHLY: 69.0 TOTAL FOR MONTH: 7.47 1 = FOG OR MIST
DPTR FM NORMAL: 2.9 DPTR FM NORMAL: M 2 = FOG REDUCING VISIBILITY
HIGHEST: 95 ON 4 GRTST 24HR 2.38 ON 26-26 TO 1/4 MILE OR LESS
LOWEST: 36 ON 31 3 = THUNDER
SNOW, ICE PELLETS, HAIL 4 = ICE PELLETS
TOTAL MONTH: M 5 = HAIL
GRTST 24HR M ON M 6 = FREEZING RAIN OR DRIZZLE
GRTST DEPTH: M ON M 7 = DUSTSTORM OR SANDSTORM:
VSBY 1/2 MILE OR LESS
8 = SMOKE OR HAZE
[NO. OF DAYS WITH] [WEATHER - DAYS WITH] 9 = BLOWING SNOW
X = TORNADO
MAX 32 OR BELOW: 0 0.01 INCH OR MORE: 10
MAX 90 OR ABOVE: 6 0.10 INCH OR MORE: 8
MIN 32 OR BELOW: 0 0.50 INCH OR MORE: 4
MIN 0 OR BELOW: 0 1.00 INCH OR MORE: 3
[HDD (BASE 65) ]
TOTAL THIS MO. 71 CLEAR (SCALE 0-3) 16
DPTR FM NORMAL -13 PTCLDY (SCALE 4-7) 14
TOTAL FM JUL 1 71 CLOUDY (SCALE 8-10) 1
DPTR FM NORMAL -21
[CDD (BASE 65) ]
TOTAL THIS MO. 206
DPTR FM NORMAL 89 [PRESSURE DATA]
TOTAL FM JAN 1 3280 HIGHEST SLP M ON M
DPTR FM NORMAL 990 LOWEST SLP M ON M
[REMARKS]
#FINAL-10-23#