000
CXUS55 KMSO 010900
CF6GPI
PRELIMINARY LOCAL CLIMATOLOGICAL DATA (WS FORM: F-6)
STATION: KALISPELL MT
MONTH: JULY
YEAR: 2022
LATITUDE: 48 17 N
LONGITUDE: 114 16 W
TEMPERATURE IN F: :PCPN: SNOW: WIND :SUNSHINE: SKY :PK WND
================================================================================
1 2 3 4 5 6A 6B 7 8 9 10 11 12 13 14 15 16 17 18
12Z AVG MX 2MIN
DY MAX MIN AVG DEP HDD CDD WTR SNW DPTH SPD SPD DIR MIN PSBL S-S WX SPD DR
================================================================================
1 84 45 65 4 0 0 0.00 0.0 0 2.3 8 160 M M 0 13 150
2 85 51 68 7 0 3 T 0.0 0 4.2 23 220 M M 1 30 220
3 72 54 63 1 2 0 0.17 0.0 0 12.1 24 30 M M 6 13 34 30
4 72 49 61 -1 4 0 0.10 0.0 0 5.8 20 250 M M 5 13 28 250
5 77 41 59 -3 6 0 0.00 0.0 0 2.7 10 170 M M 1 12 16 140
6 80 49 65 2 0 0 0.07 0.0 0 5.9 17 60 M M 2 3 22 340
7 83 54 69 6 0 4 0.02 0.0 0 5.1 25 150 M M 2 13 34 180
8 85 53 69 6 0 4 0.00 0.0 0 2.3 9 10 M M 2 1 13 160
9 82 50 66 2 0 1 0.00 0.0 0 3.6 17 160 M M 2 22 160
10 78 52 65 1 0 0 0.00 0.0 0 6.7 21 230 M M 4 32 210
11 82 45 64 0 1 0 0.00 0.0 0 3.2 12 160 M M 0 17 140
12 87 47 67 3 0 2 0.00 0.0 0 3.6 16 40 M M 0 22 50
13 80 54 67 2 0 2 0.03 0.0 0 3.1 18 120 M M 2 38 24 30
14 86 48 67 2 0 2 0.00 0.0 0 4.2 14 130 M M 1 12 22 140
15 84 47 66 1 0 1 0.06 M 0 2.7 25 20 M M 1 3 36 10
16 93 45 69 4 0 4 0.00 0.0 0 2.4 13 130 M M 1 12 22 130
17 92 51 72 6 0 7 0.00 0.0 0 3.3 12 360 M M 0 17 130
18 71 56 64 -2 1 0 0.09 0.0 0 7.7 29 220 M M 5 3 39 230
19 81 44 63 -3 2 0 0.00 0.0 0 6.7 17 170 M M 1 22 150
20 89 45 67 1 0 2 0.00 0.0 0 5.6 17 230 M M 1 27 210
21 91 45 68 2 0 3 0.00 0.0 0 5.1 18 230 M M 0 30 350
22 84 50 67 0 0 2 T 0.0 0 3.6 16 250 M M 3 23 280
23 87 45 66 -1 0 1 0.00 0.0 0 3.3 13 20 M M 0 17 30
24 86 51 69 2 0 4 0.00 0.0 0 5.8 16 170 M M 0 30 140
25 86 49 68 1 0 3 T 0.0 0 5.8 29 40 M M 2 3 42 20
26 89 56 73 6 0 8 0.00 0.0 0 5.4 14 30 M M 0 18 40
27 94 57 76 9 0 11 0.00 0.0 0 4.3 15 20 M M 0 21 10
28 95 57 76 9 0 11 0.00 0.0 0 3.7 15 30 M M 0 19 40
29 98 57 78 11 0 13 0.00 0.0 0 6.5 16 220 M M 0 24 150
30 95 54 75 8 0 10 0.00 0.0 0 3.6 9 150 M M 0 13 160
31 98 50 74 7 0 9 0.00 0.0 0 5.3 15 270 M M 0 19 270
================================================================================
SM 2646 1551 16 107 0.54 0.0 145.6 M 42
================================================================================
AV 85.4 50.0 4.7 FASTST M M 1 MAX(MPH)
MISC ----> # 29 220 42 20
================================================================================
NOTES:
# LAST OF SEVERAL OCCURRENCES
COLUMN 17 PEAK WIND IN M.P.H.
PRELIMINARY LOCAL CLIMATOLOGICAL DATA (WS FORM: F-6) , PAGE 2
STATION: KALISPELL MT
MONTH: JULY
YEAR: 2022
LATITUDE: 48 17 N
LONGITUDE: 114 16 W
[TEMPERATURE DATA] [PRECIPITATION DATA] SYMBOLS USED IN COLUMN 16
AVERAGE MONTHLY: 67.7 TOTAL FOR MONTH: 0.54 1 = FOG OR MIST
DPTR FM NORMAL: 2.8 DPTR FM NORMAL: -0.60 2 = FOG REDUCING VISIBILITY
HIGHEST: 98 ON 31,29 GRTST 24HR 0.24 ON 3- 4 TO 1/4 MILE OR LESS
LOWEST: 41 ON 5 3 = THUNDER
SNOW, ICE PELLETS, HAIL 4 = ICE PELLETS
TOTAL MONTH: 0.0 INCH 5 = HAIL
GRTST 24HR 0.0 6 = FREEZING RAIN OR DRIZZLE
GRTST DEPTH: 0 7 = DUSTSTORM OR SANDSTORM:
VSBY 1/2 MILE OR LESS
8 = SMOKE OR HAZE
[NO. OF DAYS WITH] [WEATHER - DAYS WITH] 9 = BLOWING SNOW
X = TORNADO
MAX 32 OR BELOW: 0 0.01 INCH OR MORE: 7
MAX 90 OR ABOVE: 8 0.10 INCH OR MORE: 2
MIN 32 OR BELOW: 0 0.50 INCH OR MORE: 0
MIN 0 OR BELOW: 0 1.00 INCH OR MORE: 0
[HDD (BASE 65) ]
TOTAL THIS MO. 16 CLEAR (SCALE 0-3) 27
DPTR FM NORMAL -59 PTCLDY (SCALE 4-7) 4
TOTAL FM JUL 1 16 CLOUDY (SCALE 8-10) 0
DPTR FM NORMAL -58
[CDD (BASE 65) ]
TOTAL THIS MO. 107
DPTR FM NORMAL 35 [PRESSURE DATA]
TOTAL FM JAN 1 120 HIGHEST SLP M ON M
DPTR FM NORMAL 35 LOWEST SLP 29.68 ON 18
[REMARKS]
#FINAL-07-22#