000
CXUS53 KGRB 061912
CF6GRB
PRELIMINARY LOCAL CLIMATOLOGICAL DATA (WS FORM: F-6)
STATION: GREEN BAY WI
MONTH: OCTOBER
YEAR: 2022
LATITUDE: 44 28 N
LONGITUDE: 88 8 W
TEMPERATURE IN F: :PCPN: SNOW: WIND :SUNSHINE: SKY :PK WND
================================================================================
1 2 3 4 5 6A 6B 7 8 9 10 11 12 13 14 15 16 17 18
12Z AVG MX 2MIN
DY MAX MIN AVG DEP HDD CDD WTR SNW DPTH SPD SPD DIR MIN PSBL S-S WX SPD DR
================================================================================
1 72 40 56 1 9 0 0.00 0.0 0 5.7 17 40 M M 2 24 40
2 66 42 54 0 11 0 0.00 0.0 0 6.2 14 40 M M 5 18 50
3 71 37 54 0 11 0 0.00 0.0 0 3.8 12 200 M M 0 17 230
4 76 43 60 6 5 0 0.00 0.0 0 3.3 12 210 M M 0 15 200
5 78 43 61 8 4 0 0.00 0.0 0 4.0 12 270 M M 1 18 16 280
6 68 42 55 2 10 0 0.07 0.0 0 10.7 26 350 M M 5 1 40 350
7 53 37 45 -7 20 0 0.00 0.0 0 8.2 17 350 M M 5 23 330
8 61 34 48 -4 17 0 0.00 0.0 0 9.2 23 250 M M 0 35 260
9 65 34 50 -2 15 0 0.00 0.0 0 3.9 12 50 M M 1 8 15 50
10 65 41 53 2 12 0 0.00 0.0 0 4.5 12 140 M M 3 18 15 180
11 81 44 63 12 2 0 T 0.0 0 11.7 22 190 M M 4 8 35 210
12 66 47 57 7 8 0 0.83 0.0 0 10.2 31 250 M M 8 138 47 250
13 48 41 45 -5 20 0 0.03 0.0 0 9.1 16 280 M M 9 24 290
14 43 34 39 -11 26 0 0.04 T 0 6.3 15 220 M M 9 26 210
15 50 33 42 -7 23 0 0.00 0.0 0 8.9 15 260 M M 8 23 250
16 52 39 46 -3 19 0 0.01 0.0 0 9.2 18 280 M M 9 26 290
17 47 36 42 -6 23 0 0.08 0.1 0 17.1 28 330 M M 10 1 38 340
18 47 35 41 -7 24 0 0.00 0.0 0 19.3 32 330 M M 8 48 330
19 51 31 41 -7 24 0 0.00 0.0 0 8.3 17 270 M M 3 25 270
20 57 39 48 1 17 0 T T 0 5.5 10 230 M M 4 18 230
21 76 37 57 10 8 0 0.00 0.0 0 6.6 20 210 M M 0 32 210
22 79 38 59 13 6 0 0.00 0.0 0 6.3 17 190 M M 0 18 24 200
23 72 53 63 17 2 0 0.09 0.0 0 12.6 24 140 M M 2 38 31 140
24 74 60 67 21 0 2 0.17 0.0 0 12.6 22 160 M M 4 30 160
25 67 46 57 12 8 0 0.23 0.0 0 8.6 18 200 M M 9 30 210
26 51 32 42 -3 23 0 0.00 0.0 0 7.3 20 300 M M 3 28 320
27 58 30 44 0 21 0 0.00 0.0 0 4.3 13 160 M M 1 16 170
28 60 42 51 7 14 0 0.00 0.0 0 4.0 13 180 M M 0 18 19 170
29 64 34 49 5 16 0 0.00 0.0 0 5.3 14 180 M M 0 128 19 180
30 65 36 51 8 14 0 0.00 0.0 0 2.0 8 90 M M 0 18 10 100
31 68 39 54 11 11 0 0.00 0.0 0 2.7 8 210 M M 0 18 14 200
================================================================================
SM 1951 1219 423 2 1.55 0.1 237.4 M 113
================================================================================
AV 62.9 39.3 7.7 FASTST M M 4 MAX(MPH)
MISC ----> 32 330 48 330
================================================================================
NOTES:
# LAST OF SEVERAL OCCURRENCES
COLUMN 17 PEAK WIND IN M.P.H.
PRELIMINARY LOCAL CLIMATOLOGICAL DATA (WS FORM: F-6) , PAGE 2
STATION: GREEN BAY WI
MONTH: OCTOBER
YEAR: 2022
LATITUDE: 44 28 N
LONGITUDE: 88 8 W
[TEMPERATURE DATA] [PRECIPITATION DATA] SYMBOLS USED IN COLUMN 16
AVERAGE MONTHLY: 51.1 TOTAL FOR MONTH: 1.55 1 = FOG OR MIST
DPTR FM NORMAL: 2.4 DPTR FM NORMAL: -1.12 2 = FOG REDUCING VISIBILITY
HIGHEST: 81 ON 11 GRTST 24HR 0.83 ON 11-12 TO 1/4 MILE OR LESS
LOWEST: 30 ON 27 3 = THUNDER
SNOW, ICE PELLETS, HAIL 4 = ICE PELLETS
TOTAL MONTH: 0.1 INCH 5 = HAIL
GRTST 24HR 0.1 ON 17-17 6 = FREEZING RAIN OR DRIZZLE
GRTST DEPTH: 0 7 = DUSTSTORM OR SANDSTORM:
VSBY 1/2 MILE OR LESS
8 = SMOKE OR HAZE
[NO. OF DAYS WITH] [WEATHER - DAYS WITH] 9 = BLOWING SNOW
X = TORNADO
MAX 32 OR BELOW: 0 0.01 INCH OR MORE: 9
MAX 90 OR ABOVE: 0 0.10 INCH OR MORE: 3
MIN 32 OR BELOW: 3 0.50 INCH OR MORE: 1
MIN 0 OR BELOW: 0 1.00 INCH OR MORE: 0
[HDD (BASE 65) ]
TOTAL THIS MO. 423 CLEAR (SCALE 0-3) 15
DPTR FM NORMAL -84 PTCLDY (SCALE 4-7) 10
TOTAL FM JUL 1 551 CLOUDY (SCALE 8-10) 6
DPTR FM NORMAL -167
[CDD (BASE 65) ]
TOTAL THIS MO. 2
DPTR FM NORMAL -2 [PRESSURE DATA]
TOTAL FM JAN 1 702 HIGHEST SLP 30.47 ON 7
DPTR FM NORMAL 194 LOWEST SLP 29.47 ON 12
[REMARKS]
#FINAL-10-22#