000
CXUS53 KGRB 021004
CF6GRB
PRELIMINARY LOCAL CLIMATOLOGICAL DATA (WS FORM: F-6)
STATION: GREEN BAY WI
MONTH: SEPTEMBER
YEAR: 2023
LATITUDE: 44 28 N
LONGITUDE: 88 8 W
TEMPERATURE IN F: :PCPN: SNOW: WIND :SUNSHINE: SKY :PK WND
================================================================================
1 2 3 4 5 6A 6B 7 8 9 10 11 12 13 14 15 16 17 18
12Z AVG MX 2MIN
DY MAX MIN AVG DEP HDD CDD WTR SNW DPTH SPD SPD DIR MIN PSBL S-S WX SPD DR
================================================================================
1 79 49 64 -2 1 0 0.00 0.0 0 9.8 20 200 M M 0 1 29 210
2 82 64 73 7 0 8 T 0.0 0 7.4 25 150 M M 1 3 36 220
3 92 71 82 17 0 17 0.00 0.0 0 8.8 15 210 M M 0 22 220
4 91 66 79 14 0 14 0.00 0.0 0 8.3 16 190 M M 0 24 190
5 89 71 80 15 0 15 T 0.0 0 9.0 18 170 M M 1 27 170
6 77 62 70 6 0 5 0.29 0.0 0 8.2 21 360 M M 9 13 28 340
7 64 56 60 -4 5 0 0.00 0.0 0 9.4 15 350 M M 10 21 340
8 68 49 59 -5 6 0 0.00 0.0 0 4.1 12 40 M M 5 1 16 10
9 76 46 61 -3 4 0 0.00 0.0 0 2.1 13 130 M M 1 1 16 130
10 65 56 61 -2 4 0 0.10 0.0 0 4.9 13 10 M M 10 1 16 20
11 64 55 60 -3 5 0 0.01 0.0 0 7.6 14 350 M M 10 1 19 360
12 66 47 57 -5 8 0 T 0.0 0 8.5 15 10 M M 5 20 40
13 65 47 56 -6 9 0 0.00 0.0 0 3.7 10 360 M M 8 1 15 20
14 71 43 57 -5 8 0 0.00 0.0 0 4.7 12 150 M M 3 12 15 140
15 77 49 63 2 2 0 0.00 0.0 0 6.9 17 210 M M 5 26 210
16 75 52 64 3 1 0 0.00 0.0 0 4.3 17 60 M M 2 1 23 60
17 71 49 60 -1 5 0 0.00 0.0 0 7.4 16 40 M M 5 21 30
18 67 44 56 -4 9 0 0.00 0.0 0 3.3 10 40 M M 5 14 40
19 72 44 58 -2 7 0 0.00 0.0 0 6.7 18 150 M M 4 1 25 140
20 81 52 67 8 0 2 0.00 0.0 0 2.9 9 220 M M 1 12 14 190
21 85 54 70 11 0 5 0.00 0.0 0 2.4 12 150 M M 2 128 18 180
22 83 53 68 9 0 3 T 0.0 0 8.1 20 140 M M 2 1 25 130
23 76 55 66 8 0 1 0.01 0.0 0 7.9 20 120 M M 6 29 140
24 72 56 64 6 1 0 0.00 0.0 0 8.8 16 130 M M 2 21 100
25 76 59 68 11 0 3 T 0.0 0 6.7 16 130 M M 7 3 21 170
26 72 63 68 11 0 3 0.03 0.0 0 10.6 16 50 M M 10 1 25 110
27 64 61 63 6 2 0 0.07 0.0 0 8.1 16 90 M M 10 1 22 90
28 73 53 63 7 2 0 T 0.0 0 5.4 14 50 M M 8 12 19 40
29 76 49 63 7 2 0 0.00 0.0 0 5.4 18 140 M M 5 12 24 140
30 78 54 66 11 0 1 T 0.0 0 6.5 18 170 M M 2 12 27 180
================================================================================
SM 2247 1629 81 77 0.51 0.0 197.9 M 139
================================================================================
AV 74.9 54.3 6.6 FASTST M M 5 MAX(MPH)
MISC ----> 25 150 36 220
================================================================================
NOTES:
# LAST OF SEVERAL OCCURRENCES
COLUMN 17 PEAK WIND IN M.P.H.
PRELIMINARY LOCAL CLIMATOLOGICAL DATA (WS FORM: F-6) , PAGE 2
STATION: GREEN BAY WI
MONTH: SEPTEMBER
YEAR: 2023
LATITUDE: 44 28 N
LONGITUDE: 88 8 W
[TEMPERATURE DATA] [PRECIPITATION DATA] SYMBOLS USED IN COLUMN 16
AVERAGE MONTHLY: 64.6 TOTAL FOR MONTH: 0.51 1 = FOG OR MIST
DPTR FM NORMAL: 3.6 DPTR FM NORMAL: -2.69 2 = FOG REDUCING VISIBILITY
HIGHEST: 92 ON 3 GRTST 24HR 0.29 ON 6- 6 TO 1/4 MILE OR LESS
LOWEST: 43 ON 14 3 = THUNDER
SNOW, ICE PELLETS, HAIL 4 = ICE PELLETS
TOTAL MONTH: 0.0 INCH 5 = HAIL
GRTST 24HR 0.0 6 = FREEZING RAIN OR DRIZZLE
GRTST DEPTH: 0 7 = DUSTSTORM OR SANDSTORM:
VSBY 1/2 MILE OR LESS
8 = SMOKE OR HAZE
[NO. OF DAYS WITH] [WEATHER - DAYS WITH] 9 = BLOWING SNOW
X = TORNADO
MAX 32 OR BELOW: 0 0.01 INCH OR MORE: 6
MAX 90 OR ABOVE: 2 0.10 INCH OR MORE: 2
MIN 32 OR BELOW: 0 0.50 INCH OR MORE: 0
MIN 0 OR BELOW: 0 1.00 INCH OR MORE: 0
[HDD (BASE 65) ]
TOTAL THIS MO. 81 CLEAR (SCALE 0-3) 13
DPTR FM NORMAL -87 PTCLDY (SCALE 4-7) 11
TOTAL FM JUL 1 104 CLOUDY (SCALE 8-10) 6
DPTR FM NORMAL -106
[CDD (BASE 65) ]
TOTAL THIS MO. 77
DPTR FM NORMAL 30 [PRESSURE DATA]
TOTAL FM JAN 1 595 HIGHEST SLP 30.26 ON 30
DPTR FM NORMAL 91 LOWEST SLP 29.66 ON 6
[REMARKS]
#FINAL-09-23#