000
CXUS53 KGRB 010716
CLMGRB
CLIMATE REPORT
NATIONAL WEATHER SERVICE GREEN BAY
216 AM CDT TUE AUG 01 2023
...................................
...THE GREEN BAY WI CLIMATE SUMMARY FOR THE MONTH OF JULY 2023...
CLIMATE NORMAL PERIOD: 1991 TO 2020
CLIMATE RECORD PERIOD: 1886 TO 2023
WEATHER OBSERVED NORMAL DEPART LAST YEAR`S
VALUE DATE(S) VALUE FROM VALUE DATE(S)
NORMAL
................................................................
TEMPERATURE (F)
RECORD
HIGH 104 07/13/1936
LOW 40 07/06/1965
HIGHEST 91 07/04 91 0 92 07/23
LOWEST 53 07/07 46 7 54 07/10
07/14
AVG. MAXIMUM 82.6 81.0 1.6 82.7
AVG. MINIMUM 60.0 60.1 -0.1 60.8
MEAN 71.3 70.5 0.8 71.8
DAYS MAX >= 90 4 2.5 1.5 3
DAYS MAX <= 32 0 0.0 0.0 0
DAYS MIN <= 32 0 0.0 0.0 0
DAYS MIN <= 0 0 0.0 0.0 0
PRECIPITATION (INCHES)
RECORD
MAXIMUM 9.51 2010
MINIMUM 0.70 1946
TOTALS 3.04 3.62 -0.58 5.29
DAYS >= .01 13 10.7 2.3 9
DAYS >= .10 9 6.6 2.4 7
DAYS >= .50 1 2.3 -1.3 4
DAYS >= 1.00 0 1.0 -1.0 3
GREATEST
24 HR. TOTAL 0.88 07/27 TO 07/28
SNOWFALL (INCHES)
RECORDS
TOTAL 0.0 MM
TOTALS 0.0 0.0 0.0 0.0
SINCE 7/1 0.0 0.0 0.0 MM
SNOWDEPTH AVG. 0 0
DAYS >= 1.0 0 0.0 0.0 0
GREATEST
SNOW DEPTH 0 0 MM
24 HR TOTAL MM
DEGREE DAYS
HEATING TOTAL 0 14 -14 0
SINCE 7/1 0 4 -4 MM
COOLING TOTAL 202 186 16 218
SINCE 1/1 375 320 55 MM
................................................................
WIND (MPH)
AVERAGE WIND SPEED 5.7
HIGHEST WIND SPEED/DIRECTION 31/330 DATE 07/27
HIGHEST GUST SPEED/DIRECTION 45/320 DATE 07/27
SKY COVER
POSSIBLE SUNSHINE (PERCENT) MM
AVERAGE SKY COVER 0.27
NUMBER OF DAYS FAIR 20
NUMBER OF DAYS PC 11
NUMBER OF DAYS CLOUDY 0
AVERAGE RH (PERCENT) 70
WEATHER CONDITIONS. NUMBER OF DAYS WITH
THUNDERSTORM 13 MIXED PRECIP 0
HEAVY RAIN 7 RAIN 5
LIGHT RAIN 17 FREEZING RAIN 0
LT FREEZING RAIN 0 HAIL 0
HEAVY SNOW 0 SNOW 0
LIGHT SNOW 0 SLEET 0
FOG 18 FOG W/VIS <= 1/4 MILE 1
HAZE 9
- INDICATES NEGATIVE NUMBERS.
R INDICATES RECORD WAS SET OR TIED.
MM INDICATES DATA IS MISSING.
T INDICATES TRACE AMOUNT.
$$