000
CXUS53 KGID 012353
CF6GRI
PRELIMINARY LOCAL CLIMATOLOGICAL DATA (WS FORM: F-6)
STATION: GRAND ISLAND NE
MONTH: JANUARY
YEAR: 2022
LATITUDE: 40 58 N
LONGITUDE: 98 19 W
TEMPERATURE IN F: :PCPN: SNOW: WIND :SUNSHINE: SKY :PK WND
================================================================================
1 2 3 4 5 6A 6B 7 8 9 10 11 12 13 14 15 16 17 18
12Z AVG MX 2MIN
DY MAX MIN AVG DEP HDD CDD WTR SNW DPTH SPD SPD DIR MIN PSBL S-S WX SPD DR
================================================================================
1 6 -4 1 -25 64 0 0.09 1.5 T 18.4 29 10 M M 7 8 40 10
2 25 -7 9 -17 56 0 0.00 0.0 1 6.9 10 220 M M 0 17 250
3 51 15 33 7 32 0 0.00 0.0 1 11.4 23 210 M M 0 31 210
4 59 15 37 11 28 0 0.00 0.0 0 18.8 37 330 M M 0 50 320
5 14 4 9 -17 56 0 0.00 0.0 0 19.6 30 320 M M 4 39 330
6 11 -3 4 -22 61 0 T T 0 11.6 25 350 M M 4 31 350
7 25 7 16 -10 49 0 0.00 0.0 0 15.6 24 190 M M 2 33 170
8 49 17 33 7 32 0 0.00 0.0 0 13.8 33 360 M M 1 43 350
9 37 6 22 -4 43 0 0.00 0.0 0 11.5 24 350 M M 0 32 350
10 54 15 35 9 30 0 0.00 0.0 0 7.4 15 220 M M 0 21 210
11 60 30 45 19 20 0 0.00 0.0 0 11.3 25 350 M M 0 34 350
12 61 28 45 19 20 0 0.00 0.0 0 11.7 20 290 M M 2 27 290
13 59 33 46 20 19 0 0.00 0.0 0 9.5 20 330 M M 0 24 330
14 45 18 32 6 33 0 0.01 0.2 0 19.8 39 350 M M 7 1 53 350
15 27 8 18 -8 47 0 0.04 0.7 T 14.2 36 360 M M 3 46 360
16 53 17 35 9 30 0 0.00 0.0 0 14.2 31 350 M M 1 41 340
17 56 22 39 13 26 0 0.00 0.0 0 9.1 25 220 M M 1 32 220
18 62 28 45 19 20 0 0.00 0.0 0 11.0 26 10 M M 1 36 20
19 28 1 15 -11 50 0 0.00 0.0 0 17.9 31 350 M M 5 42 340
20 19 -6 7 -19 58 0 0.00 0.0 0 6.8 16 170 M M 3 22 160
21 31 8 20 -6 45 0 0.00 0.0 0 15.6 25 190 M M 3 33 200
22 50 17 34 8 31 0 0.00 0.0 0 13.4 28 240 M M 1 37 240
23 53 27 40 14 25 0 0.00 0.0 0 10.0 20 360 M M 8 26 10
24 46 11 29 3 36 0 0.00 0.0 0 12.7 25 360 M M 6 33 350
25 21 7 14 -12 51 0 0.02 0.3 0 3.3 9 360 M M 8 14 10
26 40 17 29 3 36 0 0.00 0.0 T 16.6 32 220 M M 3 41 220
27 44 21 33 7 32 0 T T 0 10.7 29 340 M M 3 18 36 340
28 44 19 32 6 33 0 T T 0 6.9 14 220 M M 5 17 250
29 62 23 43 17 22 0 0.00 0.0 0 12.7 23 300 M M 0 30 290
30 53 19 36 10 29 0 0.00 0.0 0 8.7 21 230 M M 0 26 230
31 64 22 43 16 22 0 0.00 0.0 0 7.6 22 210 M M 0 29 200
================================================================================
SM 1309 435 1136 0 0.16 2.7 378.7 M 78
================================================================================
AV 42.2 14.0 12.2 FASTST M M 3 MAX(MPH)
MISC ----> 39 350 53 350
================================================================================
NOTES:
# LAST OF SEVERAL OCCURRENCES
COLUMN 17 PEAK WIND IN M.P.H.
PRELIMINARY LOCAL CLIMATOLOGICAL DATA (WS FORM: F-6) , PAGE 2
STATION: GRAND ISLAND NE
MONTH: JANUARY
YEAR: 2022
LATITUDE: 40 58 N
LONGITUDE: 98 19 W
[TEMPERATURE DATA] [PRECIPITATION DATA] SYMBOLS USED IN COLUMN 16
AVERAGE MONTHLY: 28.1 TOTAL FOR MONTH: 0.16 1 = FOG OR MIST
DPTR FM NORMAL: 2.2 DPTR FM NORMAL: -0.45 2 = FOG REDUCING VISIBILITY
HIGHEST: 64 ON 31 GRTST 24HR 0.09 ON 1- 1 TO 1/4 MILE OR LESS
LOWEST: -7 ON 2 3 = THUNDER
SNOW, ICE PELLETS, HAIL 4 = ICE PELLETS
TOTAL MONTH: 2.7 INCHES 5 = HAIL
GRTST 24HR 1.5 ON 1- 1 6 = FREEZING RAIN OR DRIZZLE
GRTST DEPTH: 1 ON 3, 2 7 = DUSTSTORM OR SANDSTORM:
VSBY 1/2 MILE OR LESS
8 = SMOKE OR HAZE
[NO. OF DAYS WITH] [WEATHER - DAYS WITH] 9 = BLOWING SNOW
X = TORNADO
MAX 32 OR BELOW: 10 0.01 INCH OR MORE: 4
MAX 90 OR ABOVE: 0 0.10 INCH OR MORE: 0
MIN 32 OR BELOW: 30 0.50 INCH OR MORE: 0
MIN 0 OR BELOW: 4 1.00 INCH OR MORE: 0
[HDD (BASE 65) ]
TOTAL THIS MO. 1136 CLEAR (SCALE 0-3) 20
DPTR FM NORMAL -78 PTCLDY (SCALE 4-7) 9
TOTAL FM JUL 1 2947 CLOUDY (SCALE 8-10) 2
DPTR FM NORMAL -613
[CDD (BASE 65) ]
TOTAL THIS MO. 0
DPTR FM NORMAL 0 [PRESSURE DATA]
TOTAL FM JAN 1 0 HIGHEST SLP 30.82 ON 20
DPTR FM NORMAL 0 LOWEST SLP 29.48 ON 4
[REMARKS]
#FINAL-01-22#