000
CXUS53 KIWX 010910
CF6GSH
PRELIMINARY LOCAL CLIMATOLOGICAL DATA (WS FORM: F-6)
STATION: GOSHEN
MONTH: NOVEMBER
YEAR: 2020
LATITUDE: 41 31 N
LONGITUDE: 85 47 W
TEMPERATURE IN F: :PCPN: SNOW: WIND :SUNSHINE: SKY :PK WND
================================================================================
1 2 3 4 5 6A 6B 7 8 9 10 11 12 13 14 15 16 17 18
12Z AVG MX 2MIN
DY MAX MIN AVG DEP HDD CDD WTR SNW DPTH SPD SPD DIR MIN PSBL S-S WX SPD DR
================================================================================
1 52 32 42 -4 23 0 0.01 M M 20.6 33 310 M M 8 47 320
2 49 25 37 -9 28 0 0.00 M M 12.0 23 260 M M 0 29 250
3 66 33 50 5 15 0 0.00 M M 9.7 18 220 M M 0 25 240
4 72 48 60 15 5 0 0.00 M M 13.4 23 220 M M 0 33 210
5 67 50 59 14 6 0 0.00 M M 11.4 18 210 M M 0 23 210
6 72 45 59 15 6 0 0.00 M M 8.8 15 210 M M 0 21 220
7 71 48 60 16 5 0 0.00 M M 7.9 16 230 M M 0 8 23 240
8 77 45 61 17 4 0 0.00 M M 6.9 17 200 M M 2 8 24 180
9 77 53 65 22 0 0 0.00 M M 10.3 23 200 M M 2 31 210
10 76 55 66 23 0 1 0.13 M M 17.4 30 270 M M 8 18 41 280
11 56 39 48 6 17 0 T M M 15.6 21 260 M M 8 23 290
12 51 26 39 -3 26 0 0.00 M M 3.1 12 150 M M 1 18 15 140
13 42 22 32 -10 33 0 0.02 M M 7.0 20 300 M M 7 18 25 320
14 46 18 32 -9 33 0 0.11 M M 11.0 25 140 M M 4 18 34 150
15 55 36 46 5 19 0 0.41 M M 23.0 39 260 M M 9 13 53 250
16 45 30 38 -2 27 0 0.00 M M 12.2 23 250 M M 3 32 260
17 40 25 33 -7 32 0 T M M 14.1 29 320 M M 4 38 320
18 48 25 37 -2 28 0 0.00 M M 10.4 21 180 M M 4 30 180
19 66 40 53 14 12 0 0.00 M M 19.6 37 230 M M 0 51 230
20 63 41 52 14 13 0 0.00 M M 12.8 24 220 M M 2 34 230
21 45 36 41 3 24 0 0.00 M M 5.8 10 20 M M 0 14 330
22 39 33 36 -1 29 0 0.51 M M 8.1 16 350 M M 10 1 20 340
23 45 26 36 -1 29 0 0.00 M M 7.0 14 310 M M 4 1 19 280
24 44 25 35 -1 30 0 0.24 M M 8.2 20 140 M M 7 1 27 150
25 52 43 48 12 17 0 0.47 M M 7.5 16 250 M M 10 1 24 150
26 51 38 45 9 20 0 T M M 10.4 17 280 M M 10 1 25 290
27 47 31 39 4 26 0 0.00 M M 8.3 15 250 M M 9 18 19 250
28 46 26 36 1 29 0 0.00 M M 8.1 15 230 M M 0 1 19 230
29 52 33 43 9 22 0 T M M 9.4 16 230 M M 1 21 240
30 40 31 36 2 29 0 0.06 M M 16.0 24 350 M M 10 1 32 360
================================================================================
SM 1652 1058 587 1 1.96 M 336.0 M 123
================================================================================
AV 55.1 35.3 11.2 FASTST M M 4 MAX(MPH)
MISC ----> 39 260 53 250
================================================================================
NOTES:
# LAST OF SEVERAL OCCURRENCES
COLUMN 17 PEAK WIND IN M.P.H.
PRELIMINARY LOCAL CLIMATOLOGICAL DATA (WS FORM: F-6) , PAGE 2
STATION: GOSHEN
MONTH: NOVEMBER
YEAR: 2020
LATITUDE: 41 31 N
LONGITUDE: 85 47 W
[TEMPERATURE DATA] [PRECIPITATION DATA] SYMBOLS USED IN COLUMN 16
AVERAGE MONTHLY: 45.2 TOTAL FOR MONTH: 1.96 1 = FOG OR MIST
DPTR FM NORMAL: 5.0 DPTR FM NORMAL: -1.16 2 = FOG REDUCING VISIBILITY
HIGHEST: 77 ON 9, 8 GRTST 24HR 0.52 ON 14-15 TO 1/4 MILE OR LESS
LOWEST: 18 ON 14 3 = THUNDER
SNOW, ICE PELLETS, HAIL 4 = ICE PELLETS
TOTAL MONTH: M 5 = HAIL
GRTST 24HR M ON M 6 = FREEZING RAIN OR DRIZZLE
GRTST DEPTH: M ON M 7 = DUSTSTORM OR SANDSTORM:
VSBY 1/2 MILE OR LESS
8 = SMOKE OR HAZE
[NO. OF DAYS WITH] [WEATHER - DAYS WITH] 9 = BLOWING SNOW
X = TORNADO
MAX 32 OR BELOW: 0 0.01 INCH OR MORE: 9
MAX 90 OR ABOVE: 0 0.10 INCH OR MORE: 6
MIN 32 OR BELOW: 13 0.50 INCH OR MORE: 1
MIN 0 OR BELOW: 0 1.00 INCH OR MORE: 0
[HDD (BASE 65) ]
TOTAL THIS MO. 587 CLEAR (SCALE 0-3) 15
DPTR FM NORMAL -157 PTCLDY (SCALE 4-7) 8
TOTAL FM JUL 1 1137 CLOUDY (SCALE 8-10) 7
DPTR FM NORMAL -186
[CDD (BASE 65) ]
TOTAL THIS MO. 1
DPTR FM NORMAL 1 [PRESSURE DATA]
TOTAL FM JAN 1 901 HIGHEST SLP 30.59 ON 18
DPTR FM NORMAL 239 LOWEST SLP 29.32 ON 15
[REMARKS]
#FINAL-11-20#