000
CXUS52 KRAH 010845
CF6GSO
PRELIMINARY LOCAL CLIMATOLOGICAL DATA (WS FORM: F-6)
STATION: GREENSBORO NC
MONTH: AUGUST
YEAR: 2021
LATITUDE: 36 4 N
LONGITUDE: 79 57 W
TEMPERATURE IN F: :PCPN: SNOW: WIND :SUNSHINE: SKY :PK WND
================================================================================
1 2 3 4 5 6A 6B 7 8 9 10 11 12 13 14 15 16 17 18
12Z AVG MX 2MIN
DY MAX MIN AVG DEP HDD CDD WTR SNW DPTH SPD SPD DIR MIN PSBL S-S WX SPD DR
================================================================================
1 84 70 77 -2 0 12 0.39 0.0 0 4.9 17 320 M M 8 138 22 320
2 84 64 74 -5 0 9 0.00 0.0 0 6.2 15 60 M M 4 8 21 40
3 79 66 73 -5 0 8 0.01 0.0 0 9.1 17 120 M M 8 18 20 110
4 81 64 73 -5 0 8 0.00 0.0 0 8.5 18 60 M M 7 1 22 80
5 84 60 72 -6 0 7 0.00 0.0 0 4.1 12 140 M M 3 15 80
6 86 62 74 -4 0 9 T 0.0 0 3.5 15 160 M M 7 18 160
7 80 67 74 -4 0 9 0.84 0.0 0 3.9 12 300 M M 7 13 16 300
8 89 64 77 -1 0 12 0.00 0.0 0 4.6 10 190 M M 4 17 200
9 88 68 78 0 0 13 0.00 0.0 0 6.9 14 190 M M 5 1 18 190
10 91 73 82 4 0 17 0.05 0.0 0 5.9 20 300 M M 8 3 23 300
11 93 71 82 4 0 17 T 0.0 0 6.1 24 300 M M 7 13 29 300
12 92 70 81 3 0 16 0.67 0.0 0 4.8 35 330 M M 7 3 46 330
13 92 68 80 2 0 15 0.00 0.0 0 5.8 13 230 M M 5 3 18 250
14 93 70 82 4 0 17 0.54 0.0 0 5.7 21 190 M M 8 13 25 190
15 86 70 78 0 0 13 0.58 0.0 0 4.8 20 150 M M 9 13 26 150
16 86 71 79 1 0 14 0.09 0.0 0 5.6 26 190 M M 9 1 37 180
17 81 70 76 -1 0 11 0.60 0.0 0 10.0 22 150 M M 9 13 28 150
18 88 73 81 4 0 16 0.11 0.0 0 9.0 22 160 M M 6 13 27 160
19 90 70 80 3 0 15 0.07 0.0 0 3.8 12 270 M M 6 18 15 260
20 88 70 79 2 0 14 T 0.0 0 3.5 20 30 M M 6 28 20
21 88 67 78 1 0 13 0.00 0.0 0 4.3 10 70 M M 4 13 60
22 89 70 80 3 0 15 0.05 0.0 0 4.1 22 160 M M 5 13 27 150
23 90 70 80 3 0 15 0.00 0.0 0 3.8 12 50 M M 2 16 50
24 93 72 83 7 0 18 0.00 0.0 0 2.4 10 60 M M 3 15 20
25 91 72 82 6 0 17 0.01 0.0 0 4.1 17 300 M M 4 138 23 300
26 90 71 81 5 0 16 0.02 0.0 0 3.8 15 210 M M 7 138 19 210
27 90 72 81 5 0 16 0.00 0.0 0 6.8 13 170 M M 3 24 180
28 91 70 81 5 0 16 0.00 0.0 0 6.1 13 280 M M 2 21 300
29 90 69 80 4 0 15 0.00 0.0 0 3.3 12 250 M M 4 19 210
30 93 69 81 5 0 16 0.00 0.0 0 4.6 14 260 M M 6 18 240
31 88 70 79 4 0 14 0.00 0.0 0 8.1 17 160 M M 9 23 190
================================================================================
SM 2728 2133 0 423 4.03 0.0 168.1 M 182
================================================================================
AV 88.0 68.8 5.4 FASTST M M 6 MAX(MPH)
MISC ----> 35 330 46 330
================================================================================
NOTES:
# LAST OF SEVERAL OCCURRENCES
COLUMN 17 PEAK WIND IN M.P.H.
PRELIMINARY LOCAL CLIMATOLOGICAL DATA (WS FORM: F-6) , PAGE 2
STATION: GREENSBORO NC
MONTH: AUGUST
YEAR: 2021
LATITUDE: 36 4 N
LONGITUDE: 79 57 W
[TEMPERATURE DATA] [PRECIPITATION DATA] SYMBOLS USED IN COLUMN 16
AVERAGE MONTHLY: 78.4 TOTAL FOR MONTH: 4.03 1 = FOG OR MIST
DPTR FM NORMAL: 1.1 DPTR FM NORMAL: -0.33 2 = FOG REDUCING VISIBILITY
HIGHEST: 93 ON 30,24 GRTST 24HR 0.99 ON 14-15 TO 1/4 MILE OR LESS
LOWEST: 60 ON 5 3 = THUNDER
SNOW, ICE PELLETS, HAIL 4 = ICE PELLETS
TOTAL MONTH: 0.0 INCH 5 = HAIL
GRTST 24HR 0.0 6 = FREEZING RAIN OR DRIZZLE
GRTST DEPTH: 0 7 = DUSTSTORM OR SANDSTORM:
VSBY 1/2 MILE OR LESS
8 = SMOKE OR HAZE
[NO. OF DAYS WITH] [WEATHER - DAYS WITH] 9 = BLOWING SNOW
X = TORNADO
MAX 32 OR BELOW: 0 0.01 INCH OR MORE: 14
MAX 90 OR ABOVE: 14 0.10 INCH OR MORE: 7
MIN 32 OR BELOW: 0 0.50 INCH OR MORE: 5
MIN 0 OR BELOW: 0 1.00 INCH OR MORE: 0
[HDD (BASE 65) ]
TOTAL THIS MO. 0 CLEAR (SCALE 0-3) 4
DPTR FM NORMAL 0 PTCLDY (SCALE 4-7) 22
TOTAL FM JUL 1 0 CLOUDY (SCALE 8-10) 5
DPTR FM NORMAL 0
[CDD (BASE 65) ]
TOTAL THIS MO. 423
DPTR FM NORMAL 41 [PRESSURE DATA]
TOTAL FM JAN 1 1284 HIGHEST SLP 30.20 ON 28
DPTR FM NORMAL -26 LOWEST SLP 29.72 ON 31
[REMARKS]
#FINAL-08-21#