000
CXUS52 KRAH 010845
CF6GSO
PRELIMINARY LOCAL CLIMATOLOGICAL DATA (WS FORM: F-6)
STATION: PIEDMONT TRIAD INTL AIRPORT NC
MONTH: JUNE
YEAR: 2020
LATITUDE: 36 4 N
LONGITUDE: 79 57 W
TEMPERATURE IN F: :PCPN: SNOW: WIND :SUNSHINE: SKY :PK WND
================================================================================
1 2 3 4 5 6A 6B 7 8 9 10 11 12 13 14 15 16 17 18
12Z AVG MX 2MIN
DY MAX MIN AVG DEP HDD CDD WTR SNW DPTH SPD SPD DIR MIN PSBL S-S WX SPD DR
================================================================================
1 74 56 65 -6 0 0 0.00 0.0 0 6.1 18 70 M M 3 23 60
2 83 57 70 -2 0 5 0.00 0.0 0 10.9 21 220 M M 6 27 220
3 89 67 78 6 0 13 0.00 0.0 0 11.2 20 250 M M 3 24 220
4 89 70 80 8 0 15 0.00 0.0 0 9.7 22 180 M M 6 29 210
5 84 69 77 5 0 12 0.02 0.0 0 8.1 18 190 M M 7 3 24 200
6 89 70 80 7 0 15 0.00 0.0 0 6.4 14 260 M M 8 19 270
7 87 70 79 6 0 14 0.00 0.0 0 6.1 14 60 M M 4 17 60
8 84 65 75 2 0 10 0.00 0.0 0 6.2 14 150 M M 8 18 150
9 88 72 80 6 0 15 T 0.0 0 8.8 20 190 M M 9 1 26 190
10 88 72 80 6 0 15 0.21 0.0 0 11.6 22 250 M M 8 138 30 240
11 87 73 80 6 0 15 0.04 0.0 0 7.8 20 200 M M 9 13 23 200
12 83 65 74 0 0 9 0.00 0.0 0 7.5 17 50 M M 5 24 50
13 81 63 72 -3 0 7 0.00 0.0 0 8.7 18 60 M M 4 27 70
14 79 59 69 -6 0 4 0.00 0.0 0 8.3 15 110 M M 5 19 110
15 63 56 60 -15 5 0 0.31 0.0 0 12.8 21 50 M M 10 1 26 60
16 58 53 56 -19 9 0 1.34 0.0 M 12.0 21 60 M M 10 1 28 40
17 72 57 65 -11 0 0 0.02 0.0 0 5.7 14 20 M M 10 1 19 20
18 76 59 68 -8 0 3 0.18 0.0 0 5.4 15 180 M M 8 1 19 180
19 82 64 73 -3 0 8 0.20 0.0 0 3.9 16 320 M M 8 13 19 320
20 81 62 72 -4 0 7 T 0.0 0 5.8 18 280 M M 5 123 26 250
21 87 65 76 0 0 11 0.00 0.0 0 3.3 10 190 M M 4 1 14 240
22 88 71 80 3 0 15 0.00 0.0 0 7.6 20 230 M M 4 24 230
23 85 68 77 0 0 12 T 0.0 0 11.3 22 230 M M 7 28 240
24 85 68 77 0 0 12 0.00 0.0 0 7.9 16 220 M M 7 21 220
25 84 69 77 0 0 12 T 0.0 0 6.0 14 250 M M 7 17 250
26 87 62 75 -2 0 10 0.00 0.0 0 5.2 15 230 M M 3 20 230
27 87 66 77 -1 0 12 0.00 0.0 0 8.7 18 260 M M 6 24 260
28 87 68 78 0 0 13 0.09 0.0 0 8.9 20 330 M M 7 13 26 350
29 89 69 79 1 0 14 0.00 0.0 0 6.6 15 300 M M 7 19 310
30 85 70 78 0 0 13 T 0.0 M 5.2 15 320 M M 8 20 330
================================================================================
SM 2481 1955 14 291 2.41 0.0 233.7 M 196
================================================================================
AV 82.7 65.2 7.8 FASTST M M 7 MAX(MPH)
MISC ----> # 22 180 30 240
================================================================================
NOTES:
# LAST OF SEVERAL OCCURRENCES
COLUMN 17 PEAK WIND IN M.P.H.
PRELIMINARY LOCAL CLIMATOLOGICAL DATA (WS FORM: F-6) , PAGE 2
STATION: PIEDMONT TRIAD INTL AIRPORT NC
MONTH: JUNE
YEAR: 2020
LATITUDE: 36 4 N
LONGITUDE: 79 57 W
[TEMPERATURE DATA] [PRECIPITATION DATA] SYMBOLS USED IN COLUMN 16
AVERAGE MONTHLY: 73.9 TOTAL FOR MONTH: 2.41 1 = FOG OR MIST
DPTR FM NORMAL: -1.2 DPTR FM NORMAL: -1.32 2 = FOG REDUCING VISIBILITY
HIGHEST: 89 ON 29, 6 GRTST 24HR 1.36 ON 15-16 TO 1/4 MILE OR LESS
LOWEST: 53 ON 16 3 = THUNDER
SNOW, ICE PELLETS, HAIL 4 = ICE PELLETS
TOTAL MONTH: 0.0 INCH 5 = HAIL
GRTST 24HR 0.0 6 = FREEZING RAIN OR DRIZZLE
GRTST DEPTH: 0 7 = DUSTSTORM OR SANDSTORM:
VSBY 1/2 MILE OR LESS
8 = SMOKE OR HAZE
[NO. OF DAYS WITH] [WEATHER - DAYS WITH] 9 = BLOWING SNOW
X = TORNADO
MAX 32 OR BELOW: 0 0.01 INCH OR MORE: 9
MAX 90 OR ABOVE: 0 0.10 INCH OR MORE: 5
MIN 32 OR BELOW: 0 0.50 INCH OR MORE: 1
MIN 0 OR BELOW: 0 1.00 INCH OR MORE: 1
[HDD (BASE 65) ]
TOTAL THIS MO. 14 CLEAR (SCALE 0-3) 3
DPTR FM NORMAL 8 PTCLDY (SCALE 4-7) 20
TOTAL FM JUL 1 3162 CLOUDY (SCALE 8-10) 7
DPTR FM NORMAL -455
[CDD (BASE 65) ]
TOTAL THIS MO. 291
DPTR FM NORMAL -16 [PRESSURE DATA]
TOTAL FM JAN 1 432 HIGHEST SLP 30.31 ON 1
DPTR FM NORMAL -34 LOWEST SLP 29.75 ON 23
[REMARKS]
#FINAL-06-20#