000
CXUS54 KFWD 010731
CF6GVT
PRELIMINARY LOCAL CLIMATOLOGICAL DATA (WS FORM: F-6)
STATION: GREENVILLE
MONTH: SEPTEMBER
YEAR: 2021
LATITUDE: 33 4 N
LONGITUDE: 96 4 W
TEMPERATURE IN F: :PCPN: SNOW: WIND :SUNSHINE: SKY :PK WND
================================================================================
1 2 3 4 5 6A 6B 7 8 9 10 11 12 13 14 15 16 17 18
12Z AVG MX 2MIN
DY MAX MIN AVG DEP HDD CDD WTR SNW DPTH SPD SPD DIR MIN PSBL S-S WX SPD DR
================================================================================
1 98 73 86 3 0 21 0.00 M M 4.7 9 110 M M 0 17 230
2 94 74 84 2 0 19 0.00 M M 6.4 13 140 M M 0 1 20 140
3 94 74 84 2 0 19 0.00 M M 7.1 13 140 M M 1 1 17 130
4 97 76 87 5 0 22 0.00 M M 6.9 12 200 M M 0 8 M M
5 92 75 84 2 0 19 0.00 M M 4.6 8 190 M M 2 M M
6 92 69 81 0 0 16 0.00 M M 5.1 12 120 M M 0 8 M M
7 94 60 77 -4 0 12 0.00 M M 2.9 10 160 M M 0 8 16 160
8 91 63 77 -3 0 12 0.00 M M 5.0 15 320 M M 2 8 22 60
9 92 59 76 -4 0 11 0.00 M M 5.2 12 110 M M 0 18 90
10 91 58 75 -5 0 10 0.00 M M 5.8 14 130 M M 0 17 130
11 89 58 74 -5 0 9 0.00 M M 4.1 12 150 M M 0 M M
12 91 59 75 -4 0 10 0.00 M M 4.9 12 150 M M 0 M M
13 90 67 79 0 0 14 0.00 M M 6.8 15 140 M M 6 21 140
14 87 68 78 0 0 13 0.00 M M 7.8 17 110 M M 5 26 120
15 90 65 78 0 0 13 0.00 M M 6.2 14 70 M M 3 20 40
16 90 65 78 0 0 13 0.00 M M 4.2 12 60 M M 2 1 M M
17 90 64 77 0 0 12 0.00 M M 1.9 9 320 M M 3 1 16 360
18 94 69 82 5 0 17 0.00 M M 4.1 13 360 M M 3 20 350
19 93 67 80 4 0 15 0.00 M M 3.5 13 140 M M 2 M M
20 99 70 85 9 0 20 0.00 M M 9.3 14 200 M M 0 1 26 200
21 86 65 76 0 0 11 0.04 M M 11.8 22 350 M M 2 29 340
22 82 53 68 -7 0 3 0.00 M M 6.8 17 320 M M 0 23 320
23 84 46 65 -10 0 0 0.00 M M 2.3 8 350 M M 0 M M
24 87 46 67 -7 0 2 0.00 M M 3.0 12 120 M M 0 18 150
25 91 51 71 -3 0 6 0.00 M M 3.1 8 170 M M 0 M M
26 90 54 72 -2 0 7 0.00 M M 5.5 15 130 M M 0 23 140
27 86 58 72 -1 0 7 0.00 M M 6.7 12 140 M M 0 M M
28 93 61 77 4 0 12 0.00 M M 5.8 13 170 M M 2 1 16 140
29 89 70 80 7 0 15 0.00 M M 7.2 13 120 M M 2 17 200
30 90 65 78 6 0 13 0.00 M M 6.2 21 340 M M 3 1 36 180
================================================================================
SM 2726 1902 0 373 0.04 M 164.9 M 38
================================================================================
AV 90.9 63.4 5.5 FASTST M M 1 MAX(MPH)
MISC ----> 22 350 36 180
================================================================================
NOTES:
# LAST OF SEVERAL OCCURRENCES
COLUMN 17 PEAK WIND IN M.P.H.
PRELIMINARY LOCAL CLIMATOLOGICAL DATA (WS FORM: F-6) , PAGE 2
STATION: GREENVILLE
MONTH: SEPTEMBER
YEAR: 2021
LATITUDE: 33 4 N
LONGITUDE: 96 4 W
[TEMPERATURE DATA] [PRECIPITATION DATA] SYMBOLS USED IN COLUMN 16
AVERAGE MONTHLY: 77.1 TOTAL FOR MONTH: 0.04 1 = FOG OR MIST
DPTR FM NORMAL: -0.5 DPTR FM NORMAL: -3.30 2 = FOG REDUCING VISIBILITY
HIGHEST: 99 ON 20 GRTST 24HR 0.04 ON 21-21 TO 1/4 MILE OR LESS
LOWEST: 46 ON 24,23 3 = THUNDER
SNOW, ICE PELLETS, HAIL 4 = ICE PELLETS
TOTAL MONTH: M 5 = HAIL
GRTST 24HR M ON M 6 = FREEZING RAIN OR DRIZZLE
GRTST DEPTH: M ON M 7 = DUSTSTORM OR SANDSTORM:
VSBY 1/2 MILE OR LESS
8 = SMOKE OR HAZE
[NO. OF DAYS WITH] [WEATHER - DAYS WITH] 9 = BLOWING SNOW
X = TORNADO
MAX 32 OR BELOW: 0 0.01 INCH OR MORE: 1
MAX 90 OR ABOVE: 22 0.10 INCH OR MORE: 0
MIN 32 OR BELOW: 0 0.50 INCH OR MORE: 0
MIN 0 OR BELOW: 0 1.00 INCH OR MORE: 0
[HDD (BASE 65) ]
TOTAL THIS MO. 0 CLEAR (SCALE 0-3) 26
DPTR FM NORMAL -7 PTCLDY (SCALE 4-7) 4
TOTAL FM JUL 1 0 CLOUDY (SCALE 8-10) 0
DPTR FM NORMAL -5
[CDD (BASE 65) ]
TOTAL THIS MO. 373
DPTR FM NORMAL -13 [PRESSURE DATA]
TOTAL FM JAN 1 2093 HIGHEST SLP M ON M
DPTR FM NORMAL -387 LOWEST SLP M ON M
[REMARKS]
#FINAL-09-21#