000
CXUS54 KJAN 022129
CF6GWO
PRELIMINARY LOCAL CLIMATOLOGICAL DATA (WS FORM: F-6)
STATION: GREENWOOD
MONTH: SEPTEMBER
YEAR: 2023
LATITUDE: 33 30 N
LONGITUDE: 90 5 W
TEMPERATURE IN F: :PCPN: SNOW: WIND :SUNSHINE: SKY :PK WND
================================================================================
1 2 3 4 5 6A 6B 7 8 9 10 11 12 13 14 15 16 17 18
12Z AVG MX 2MIN
DY MAX MIN AVG DEP HDD CDD WTR SNW DPTH SPD SPD DIR MIN PSBL S-S WX SPD DR
================================================================================
1 92 69 81 2 0 16 0.00 0.0 0 5.9 16 90 M M 0 23 80
2 94 77 86 7 0 21 0.00 0.0 0 7.1 17 70 M M 6 23 80
3 96 76 86 7 0 21 0.00 0.0 0 6.4 14 90 M M 3 19 80
4 99 74 87 8 0 22 0.11 0.0 0 7.3 18 240 M M 2 138 38 240
5 97 73 85 7 0 20 0.27 0.0 0 6.3 29 90 M M 3 138 38 100
6 97 73 85 7 0 20 0.54 0.0 0 5.4 20 180 M M 3 138 26 210
7 92 68 80 2 0 15 0.00 0.0 0 3.6 13 40 M M 1 12 18 50
8 88 64 76 -2 0 11 0.00 0.0 0 4.3 10 30 M M 0 1 14 20
9 90 62 76 -2 0 11 0.00 0.0 0 4.4 14 30 M M 1 1 21 20
10 87 60 74 -3 0 9 0.00 0.0 0 3.0 12 350 M M 1 1 16 20
11 93 63 78 1 0 13 0.00 0.0 0 2.7 9 350 M M 1 1 14 20
12 88 68 78 1 0 13 0.00 0.0 0 3.7 10 360 M M 2 16 360
13 86 70 78 2 0 13 0.00 0.0 0 3.3 12 70 M M 6 16 80
14 78 67 73 -3 0 8 0.01 0.0 0 5.1 13 40 M M 8 19 70
15 90 65 78 2 0 13 0.00 0.0 0 2.0 7 340 M M 7 11 360
16 91 61 76 0 0 11 0.00 0.0 0 2.4 12 360 M M 1 1 16 360
17 90 58 74 -1 0 9 0.00 0.0 0 3.2 14 360 M M 2 12 21 350
18 88 54 71 -4 0 6 0.00 0.0 0 2.6 12 40 M M 0 1 16 30
19 90 56 73 -2 0 8 0.00 0.0 0 4.7 12 30 M M 0 20 130
20 91 66 79 5 0 14 0.00 0.0 0 6.2 16 180 M M 1 22 190
21 94 66 80 6 0 15 0.00 0.0 0 5.6 12 100 M M 1 17 150
22 91 67 79 5 0 14 0.00 0.0 0 5.1 13 120 M M 1 16 70
23 95 67 81 7 0 16 0.00 0.0 0 2.0 9 350 M M 3 14 30
24 87 68 78 5 0 13 0.51 0.0 0 3.0 12 240 M M 5 12 20 230
25 93 70 82 9 0 17 0.02 0.0 0 1.9 18 70 M M 5 123 27 80
26 95 68 82 10 0 17 0.00 0.0 0 2.7 13 70 M M 1 1 17 50
27 95 68 82 10 0 17 0.00 0.0 0 5.6 14 150 M M 0 19 130
28 89 66 78 6 0 13 0.00 0.0 0 4.8 13 130 M M 0 19 130
29 95 60 78 7 0 13 0.00 0.0 0 3.3 13 70 M M 0 1 19 40
30 96 62 79 8 0 14 0.00 0.0 0 4.9 15 60 M M 1 20 80
================================================================================
SM 2747 1986 0 423 1.46 0.0 128.5 M 65
================================================================================
AV 91.6 66.2 4.3 FASTST M M 2 MAX(MPH)
MISC ----> 29 90 # 38 240
================================================================================
NOTES:
# LAST OF SEVERAL OCCURRENCES
COLUMN 17 PEAK WIND IN M.P.H.
PRELIMINARY LOCAL CLIMATOLOGICAL DATA (WS FORM: F-6) , PAGE 2
STATION: GREENWOOD
MONTH: SEPTEMBER
YEAR: 2023
LATITUDE: 33 30 N
LONGITUDE: 90 5 W
[TEMPERATURE DATA] [PRECIPITATION DATA] SYMBOLS USED IN COLUMN 16
AVERAGE MONTHLY: 78.9 TOTAL FOR MONTH: 1.46 1 = FOG OR MIST
DPTR FM NORMAL: 3.3 DPTR FM NORMAL: -2.37 2 = FOG REDUCING VISIBILITY
HIGHEST: 99 ON 4 GRTST 24HR 0.54 ON 6- 6 TO 1/4 MILE OR LESS
LOWEST: 54 ON 18 3 = THUNDER
SNOW, ICE PELLETS, HAIL 4 = ICE PELLETS
TOTAL MONTH: 0.0 INCH 5 = HAIL
GRTST 24HR 0.0 6 = FREEZING RAIN OR DRIZZLE
GRTST DEPTH: 0 7 = DUSTSTORM OR SANDSTORM:
VSBY 1/2 MILE OR LESS
8 = SMOKE OR HAZE
[NO. OF DAYS WITH] [WEATHER - DAYS WITH] 9 = BLOWING SNOW
X = TORNADO
MAX 32 OR BELOW: 0 0.01 INCH OR MORE: 6
MAX 90 OR ABOVE: 22 0.10 INCH OR MORE: 4
MIN 32 OR BELOW: 0 0.50 INCH OR MORE: 2
MIN 0 OR BELOW: 0 1.00 INCH OR MORE: 0
[HDD (BASE 65) ]
TOTAL THIS MO. 0 CLEAR (SCALE 0-3) 24
DPTR FM NORMAL -8 PTCLDY (SCALE 4-7) 5
TOTAL FM JUL 1 0 CLOUDY (SCALE 8-10) 1
DPTR FM NORMAL -5
[CDD (BASE 65) ]
TOTAL THIS MO. 423
DPTR FM NORMAL 99 [PRESSURE DATA]
TOTAL FM JAN 1 2606 HIGHEST SLP 30.14 ON 30
DPTR FM NORMAL 494 LOWEST SLP 29.84 ON 4
[REMARKS]
#FINAL-09-23#