000
CXUS55 KBOU 010900
CF6GXY
PRELIMINARY LOCAL CLIMATOLOGICAL DATA (WS FORM: F-6)
STATION: GREELEY CO
MONTH: SEPTEMBER
YEAR: 2022
LATITUDE: 40 25 N
LONGITUDE: 104 38 W
TEMPERATURE IN F: :PCPN: SNOW: WIND :SUNSHINE: SKY :PK WND
================================================================================
1 2 3 4 5 6A 6B 7 8 9 10 11 12 13 14 15 16 17 18
12Z AVG MX 2MIN
DY MAX MIN AVG DEP HDD CDD WTR SNW DPTH SPD SPD DIR MIN PSBL S-S WX SPD DR
================================================================================
1 96 50 73 M 0 8 0.00 M M 3.8 8 90 M M 0 8 M M
2 96 55 76 M 0 11 0.02 M M 6.1 16 290 M M 0 3 38 340
3 93 52 73 M 0 8 0.00 M M 6.3 13 110 M M 0 M M
4 97 51 74 M 0 9 0.00 M M 4.8 9 100 M M 0 8 M M
5 100 51 76 M 0 11 0.00 M M 4.3 8 210 M M 0 M M
6 101 53 77 M 0 12 0.00 M M 4.5 9 80 M M 0 M M
7 101 52 77 M 0 12 0.00 M M 4.8 10 180 M M 0 M M
8 99 53 76 M 0 11 T M M 6.2 22 20 M M 1 38 39 340
9 62 49 56 M 9 0 0.06 M M 9.1 21 340 M M 7 1 33 360
10 54 47 51 M 14 0 0.13 M M 6.0 12 100 M M 10 1 M M
11 78 39 59 M 6 0 0.00 M M 2.5 8 180 M M 3 12 M M
12 91 40 66 M 0 1 0.00 M M 3.3 9 360 M M 0 M M
13 90 43 67 M 0 2 0.00 M M 6.9 13 190 M M 0 M M
14 84 56 70 M 0 5 T M M 5.7 10 220 M M 2 M M
15 81 52 67 M 0 2 0.03 M M 4.7 15 20 M M 4 M M
16 83 49 66 M 0 1 T M M 5.5 25 330 M M 1 12 33 320
17 83 50 67 M 0 2 T M M 8.9 20 30 M M 1 30 140
18 84 51 68 M 0 3 0.00 M M 7.4 12 110 M M 0 M M
19 93 48 71 M 0 6 0.00 M M 5.8 14 140 M M 0 8 M M
20 94 48 71 M 0 6 0.00 M M 5.6 15 20 M M 0 M M
21 72 49 61 M 4 0 0.31 M M 8.6 15 80 M M 10 1 21 60
22 60 48 54 M 11 0 0.03 M M 5.3 10 120 M M 9 1 M M
23 82 46 64 M 1 0 T M M 4.7 10 10 M M 3 12 M M
24 84 42 63 M 2 0 0.00 M M 3.8 9 340 M M 0 M M
25 77 41 59 M 6 0 0.00 M M 3.1 9 300 M M 0 M M
26 86 42 64 M 1 0 0.00 M M 4.5 9 80 M M 0 M M
27 76 44 60 M 5 0 0.00 M M 4.7 10 130 M M 1 8 M M
28 87 42 65 M 0 0 0.00 M M 4.2 8 130 M M 0 8 M M
29 88 44 66 M 0 1 0.00 M M 5.8 28 310 M M 1 33 320
30 81 45 63 M 2 0 0.47 M M 7.5 28 320 M M 4 13 39 340
================================================================================
SM 2553 1432 61 111 1.05 M 164.1 M 57
================================================================================
AV 85.1 47.7 5.5 FASTST M M 2 MAX(MPH)
MISC ----> 28 320 # 39 340
================================================================================
NOTES:
# LAST OF SEVERAL OCCURRENCES
COLUMN 17 PEAK WIND IN M.P.H.
PRELIMINARY LOCAL CLIMATOLOGICAL DATA (WS FORM: F-6) , PAGE 2
STATION: GREELEY CO
MONTH: SEPTEMBER
YEAR: 2022
LATITUDE: 40 25 N
LONGITUDE: 104 38 W
[TEMPERATURE DATA] [PRECIPITATION DATA] SYMBOLS USED IN COLUMN 16
AVERAGE MONTHLY: 66.4 TOTAL FOR MONTH: 1.05 1 = FOG OR MIST
DPTR FM NORMAL: 0.0 DPTR FM NORMAL: M 2 = FOG REDUCING VISIBILITY
HIGHEST: 101 ON 7, 6 GRTST 24HR 0.47 ON 30-30 TO 1/4 MILE OR LESS
LOWEST: 39 ON 11 3 = THUNDER
SNOW, ICE PELLETS, HAIL 4 = ICE PELLETS
TOTAL MONTH: M 5 = HAIL
GRTST 24HR M ON M 6 = FREEZING RAIN OR DRIZZLE
GRTST DEPTH: M ON M 7 = DUSTSTORM OR SANDSTORM:
VSBY 1/2 MILE OR LESS
8 = SMOKE OR HAZE
[NO. OF DAYS WITH] [WEATHER - DAYS WITH] 9 = BLOWING SNOW
X = TORNADO
MAX 32 OR BELOW: 0 0.01 INCH OR MORE: 7
MAX 90 OR ABOVE: 12 0.10 INCH OR MORE: 3
MIN 32 OR BELOW: 0 0.50 INCH OR MORE: 0
MIN 0 OR BELOW: 0 1.00 INCH OR MORE: 0
[HDD (BASE 65) ]
TOTAL THIS MO. 61 CLEAR (SCALE 0-3) 23
DPTR FM NORMAL M PTCLDY (SCALE 4-7) 4
TOTAL FM JUL 1 61 CLOUDY (SCALE 8-10) 3
DPTR FM NORMAL M
[CDD (BASE 65) ]
TOTAL THIS MO. 111
DPTR FM NORMAL M [PRESSURE DATA]
TOTAL FM JAN 1 1009 HIGHEST SLP 30.42 ON 10
DPTR FM NORMAL M LOWEST SLP 29.71 ON 8
[REMARKS]
#FINAL-09-22#