000
CXUS54 KFWD 010731
CF6GYI
PRELIMINARY LOCAL CLIMATOLOGICAL DATA (WS FORM: F-6)
STATION: SHERMAN/DENISON
MONTH: SEPTEMBER
YEAR: 2023
LATITUDE: 33 42 N
LONGITUDE: 96 40 W
TEMPERATURE IN F: :PCPN: SNOW: WIND :SUNSHINE: SKY :PK WND
================================================================================
1 2 3 4 5 6A 6B 7 8 9 10 11 12 13 14 15 16 17 18
12Z AVG MX 2MIN
DY MAX MIN AVG DEP HDD CDD WTR SNW DPTH SPD SPD DIR MIN PSBL S-S WX SPD DR
================================================================================
1 101 70 86 6 0 21 0.00 M M 8.6 13 100 M M 1 17 100
2 98 65 82 2 0 17 0.00 M M 6.1 10 130 M M 0 M M
3 105 75 90 11 0 25 0.00 M M 9.3 20 140 M M 1 20 160
4 100 73 87 8 0 22 0.00 M M 11.2 21 170 M M 0 26 170
5 104 79 92 13 0 27 0.00 M M 13.1 18 170 M M 0 24 160
6 107 78 93 15 0 28 0.00 M M 6.2 17 170 M M 0 8 17 170
7 111 74 93 15 0 28 0.00 M M 5.8 9 160 M M 0 M M
8 108 77 93 15 0 28 0.28 M M 8.7 20 110 M M 0 3 24 90
9 97 71 84 7 0 19 0.00 M M 6.7 17 90 M M 1 24 90
10 94 67 81 4 0 16 0.00 M M 6.7 9 120 M M 0 M M
11 92 68 80 3 0 15 0.00 M M 9.8 92 99 M M 2 8 M M
12 77 68 73 -3 0 8 0.02 M M 7.4 12 360 M M 9 M M
13 85 69 77 1 0 12 0.00 M M 5.0 9 70 M M 8 M M
14 80 68 74 -2 0 9 0.00 M M 6.4 10 90 M M 10 1 M M
15 87 67 77 2 0 12 0.00 M M 5.4 10 100 M M 7 M M
16 89 65 77 2 0 12 0.00 M M 2.5 8 80 M M 3 M M
17 94 61 78 4 0 13 0.00 M M 3.0 8 350 M M 0 16 350
18 98 61 80 6 0 15 0.00 M M 5.7 13 170 M M 0 18 110
19 90 72 81 7 0 16 0.10 M M 12.3 23 180 M M 2 45 180
20 91 67 79 6 0 14 0.24 M M 14.1 25 180 M M 2 36 180
21 92 69 81 8 0 16 0.06 M M 10.7 21 330 M M 2 28 330
22 90 72 81 9 0 16 0.00 M M 11.7 20 80 M M 1 24 110
23 100 71 86 14 0 21 0.00 M M 12.4 17 160 M M 0 23 160
24 100 74 87 15 0 22 0.24 M M 9.4 17 190 M M 2 22 180
25 84 70 77 6 0 12 0.01 M M 4.1 8 30 M M 6 M M
26 96 64 80 9 0 15 0.00 M M 3.7 10 140 M M 0 M M
27 98 68 83 12 0 18 0.00 M M 5.6 10 140 M M 0 M M
28 100 71 86 16 0 21 0.00 M M 7.1 12 150 M M 1 M M
29 97 73 85 15 0 20 0.00 M M 9.5 13 160 M M 0 17 140
30 96 71 84 14 0 19 0.00 M M 8.0 12 130 M M 0 17 130
================================================================================
SM 2861 2098 0 537 0.95 M 236.1 M 58
================================================================================
AV 95.4 69.9 7.9 FASTST M M 2 MAX(MPH)
MISC ----> 92 99 45 180
================================================================================
NOTES:
# LAST OF SEVERAL OCCURRENCES
COLUMN 17 PEAK WIND IN M.P.H.
PRELIMINARY LOCAL CLIMATOLOGICAL DATA (WS FORM: F-6) , PAGE 2
STATION: SHERMAN/DENISON
MONTH: SEPTEMBER
YEAR: 2023
LATITUDE: 33 42 N
LONGITUDE: 96 40 W
[TEMPERATURE DATA] [PRECIPITATION DATA] SYMBOLS USED IN COLUMN 16
AVERAGE MONTHLY: 82.7 TOTAL FOR MONTH: 0.95 1 = FOG OR MIST
DPTR FM NORMAL: 7.8 DPTR FM NORMAL: -2.64 2 = FOG REDUCING VISIBILITY
HIGHEST: 111 ON 7 GRTST 24HR 0.28 ON 8- 8 TO 1/4 MILE OR LESS
LOWEST: 61 ON 18,17 3 = THUNDER
SNOW, ICE PELLETS, HAIL 4 = ICE PELLETS
TOTAL MONTH: M 5 = HAIL
GRTST 24HR M ON M 6 = FREEZING RAIN OR DRIZZLE
GRTST DEPTH: M ON M 7 = DUSTSTORM OR SANDSTORM:
VSBY 1/2 MILE OR LESS
8 = SMOKE OR HAZE
[NO. OF DAYS WITH] [WEATHER - DAYS WITH] 9 = BLOWING SNOW
X = TORNADO
MAX 32 OR BELOW: 0 0.01 INCH OR MORE: 7
MAX 90 OR ABOVE: 24 0.10 INCH OR MORE: 4
MIN 32 OR BELOW: 0 0.50 INCH OR MORE: 0
MIN 0 OR BELOW: 0 1.00 INCH OR MORE: 0
[HDD (BASE 65) ]
TOTAL THIS MO. 0 CLEAR (SCALE 0-3) 24
DPTR FM NORMAL -13 PTCLDY (SCALE 4-7) 3
TOTAL FM JUL 1 0 CLOUDY (SCALE 8-10) 3
DPTR FM NORMAL -12
[CDD (BASE 65) ]
TOTAL THIS MO. 537
DPTR FM NORMAL 227 [PRESSURE DATA]
TOTAL FM JAN 1 2874 HIGHEST SLP M ON M
DPTR FM NORMAL 814 LOWEST SLP M ON M
[REMARKS]
#FINAL-09-23#