000
CXUS51 KGYX 012225
CF6GYX
PRELIMINARY LOCAL CLIMATOLOGICAL DATA (WS FORM: F-6)
STATION: GRAY ME
MONTH: MAY
YEAR: 2021
LATITUDE: 43 53 N
LONGITUDE: 70 15 W
TEMPERATURE IN F: :PCPN: SNOW: WIND :SUNSHINE: SKY :PK WND
================================================================================
1 2 3 4 5 6A 6B 7 8 9 10 11 12 13 14 15 16 17 18
12Z AVG MX 2MIN
DY MAX MIN AVG DEP HDD CDD WTR SNW DPTH SPD SPD DIR MIN PSBL S-S WX SPD DR
================================================================================
1 55 42 49 0 16 0 0.03 0.0 0 M M M M M M M M
2 68 43 56 6 9 0 0.00 0.0 0 M M M M M M M M
3 56 45 51 1 14 0 T 0.0 0 M M M M M M M M
4 60 45 53 3 12 0 0.00 0.0 0 M M M M M M M M
5 47 43 45 -6 20 0 0.43 0.0 0 M M M M M M M M
6 60 43 52 1 13 0 0.01 0.0 0 M M M M M M M M
7 61 38 50 -1 15 0 0.00 0.0 0 M M M M M M M M
8 54 37 46 -6 19 0 0.00 0.0 0 M M M M M M M M
9 67 45 56 4 9 0 0.00 0.0 0 M M M M M M M M
10 66 48 57 5 8 0 0.02 0.0 0 M M M M M M M M
11 60 44 52 -1 13 0 0.02 0.0 0 M M M M M M M M
12 62 38 50 -3 15 0 T 0.0 0 M M M M M M M M
13 69 43 56 3 9 0 0.00 0.0 0 M M M M M M M M
14 75 50 63 9 2 0 T 0.0 0 M M M M M M M M
15 75 49 62 8 3 0 0.00 0.0 0 M M M M M M M M
16 77 48 63 9 2 0 0.00 0.0 0 M M M M M M M M
17 73 46 60 6 5 0 0.00 0.0 0 M M M M M M M M
18 79 49 64 9 1 0 0.00 0.0 0 M M M M M M M M
19 79 50 65 10 0 0 0.00 0.0 0 M M M M M M M M
20 68 46 57 2 8 0 0.00 0.0 0 M M M M M M M M
21 72 48 60 4 5 0 0.02 0.0 0 M M M M M M M M
22 79 54 67 11 0 2 T 0.0 0 M M M M M M M M
23 82 54 68 12 0 3 0.00 0.0 0 M M M M M M M M
24 63 44 54 -3 11 0 0.00 0.0 0 M M M M M M M M
25 76 45 61 4 4 0 0.00 0.0 0 M M M M M M M M
26 92 63 78 21 0 13 0.28 0.0 0 M M M M M M M M
27 74 51 63 5 2 0 0.00 0.0 0 M M M M M M M M
28 59 44 52 -6 13 0 0.01 0.0 0 M M M M M M M M
29 50 41 46 -12 19 0 0.29 0.0 0 M M M M M M M M
30 52 44 48 -10 17 0 0.85 0.0 0 M M M M M M M M
31 57 46 52 -7 13 0 0.18 0.0 0 M M M M M M M M
================================================================================
SM 2067 1426 277 18 2.14 0.0 M M M
================================================================================
AV 66.7 46.0 M FASTST M M M MAX(MPH)
MISC ----> M M M M
================================================================================
NOTES:
# LAST OF SEVERAL OCCURRENCES
COLUMN 17 PEAK WIND IN M.P.H.
PRELIMINARY LOCAL CLIMATOLOGICAL DATA (WS FORM: F-6) , PAGE 2
STATION: GRAY ME
MONTH: MAY
YEAR: 2021
LATITUDE: 43 53 N
LONGITUDE: 70 15 W
[TEMPERATURE DATA] [PRECIPITATION DATA] SYMBOLS USED IN COLUMN 16
AVERAGE MONTHLY: 56.3 TOTAL FOR MONTH: 2.14 1 = FOG OR MIST
DPTR FM NORMAL: 2.1 DPTR FM NORMAL: -1.42 2 = FOG REDUCING VISIBILITY
HIGHEST: 92 ON 26 GRTST 24HR 0.85 ON 30-30 TO 1/4 MILE OR LESS
LOWEST: 37 ON 8 3 = THUNDER
SNOW, ICE PELLETS, HAIL 4 = ICE PELLETS
TOTAL MONTH: 0.0 INCH 5 = HAIL
GRTST 24HR 0.0 6 = FREEZING RAIN OR DRIZZLE
GRTST DEPTH: 0 7 = DUSTSTORM OR SANDSTORM:
VSBY 1/2 MILE OR LESS
8 = SMOKE OR HAZE
[NO. OF DAYS WITH] [WEATHER - DAYS WITH] 9 = BLOWING SNOW
X = TORNADO
MAX 32 OR BELOW: 0 0.01 INCH OR MORE: 11
MAX 90 OR ABOVE: 1 0.10 INCH OR MORE: 5
MIN 32 OR BELOW: 0 0.50 INCH OR MORE: 1
MIN 0 OR BELOW: 0 1.00 INCH OR MORE: 0
[HDD (BASE 65) ]
TOTAL THIS MO. 277 CLEAR (SCALE 0-3) 0
DPTR FM NORMAL -69 PTCLDY (SCALE 4-7) 0
TOTAL FM JUL 1 6553 CLOUDY (SCALE 8-10) 31
DPTR FM NORMAL -507
[CDD (BASE 65) ]
TOTAL THIS MO. 18
DPTR FM NORMAL 9 [PRESSURE DATA]
TOTAL FM JAN 1 18 HIGHEST SLP M ON M
DPTR FM NORMAL 9 LOWEST SLP M ON M
[REMARKS]
#FINAL-05-21#