000
CXUS54 KJAN 011033
CLMHBG
CLIMATE REPORT
NATIONAL WEATHER SERVICE JACKSON MS
533 AM CDT SAT APR 01 2023
...................................
...THE HATTIESBURG CLIMATE SUMMARY FOR THE MONTH OF MARCH 2023...
CLIMATE NORMAL PERIOD: 1991 TO 2020
CLIMATE RECORD PERIOD: 1893 TO 2023
WEATHER OBSERVED NORMAL DEPART LAST YEAR`S
VALUE DATE(S) VALUE FROM VALUE DATE(S)
NORMAL
................................................................
TEMPERATURE (F)
RECORD
HIGH 95 03/03/1907
LOW 17 03/03/1980
03/04/1943
HIGHEST 88 03/25 MM MM 85 03/18
LOWEST 27 03/20 MM MM 26 03/13
AVG. MAXIMUM 75.9 71.5 4.4 73.9
AVG. MINIMUM 52.4 48.1 4.3 45.9
MEAN 64.2 59.8 4.4 59.9
DAYS MAX >= 90 0 0.0 0.0 0
DAYS MAX <= 32 0 0.0 0.0 0
DAYS MIN <= 32 1 2.2 -1.2 3
DAYS MIN <= 0 0 0.0 0.0 0
PRECIPITATION (INCHES)
RECORD
MAXIMUM 13.94 1961
MINIMUM 0.34 1955
TOTALS 2.90 5.57 -2.67 4.69
DAILY AVG. 0.09 0.18 -0.09 0.15
DAYS >= .01 9 9.6 -0.6 8
DAYS >= .10 4 6.7 -2.7 6
DAYS >= .50 3 3.6 -0.6 3
DAYS >= 1.00 0 1.8 -1.8 1
GREATEST
24 HR. TOTAL 0.95 03/17 TO 03/17 1.82
SNOWFALL (INCHES)
TOTALS 0.0
SINCE 7/1 T
DAYS >= TRACE 0
DAYS >= 1.0 0
GREATEST
24 HR TOTAL MM
DEGREE DAYS
HEATING TOTAL 153 204 -51 199
SINCE 7/1 1345 1838 -493 MM
COOLING TOTAL 132 43 89 48
SINCE 1/1 257 66 191 MM
................................................................
WIND (MPH)
AVERAGE WIND SPEED 6.3
HIGHEST WIND SPEED/DIRECTION 30/180 DATE 03/03
HIGHEST GUST SPEED/DIRECTION 47/180 DATE 03/03
SKY COVER
POSSIBLE SUNSHINE (PERCENT) MM
AVERAGE SKY COVER 0.36
NUMBER OF DAYS FAIR 15
NUMBER OF DAYS PC 11
NUMBER OF DAYS CLOUDY 5
AVERAGE RH (PERCENT) 68
WEATHER CONDITIONS. NUMBER OF DAYS WITH
THUNDERSTORM 4 MIXED PRECIP 0
HEAVY RAIN 3 RAIN 4
LIGHT RAIN 11 FREEZING RAIN 0
LT FREEZING RAIN 0 HAIL 0
HEAVY SNOW 0 SNOW 0
LIGHT SNOW 0 SLEET 0
FOG 12 FOG W/VIS <= 1/4 MILE 3
HAZE 4
- INDICATES NEGATIVE NUMBERS.
R INDICATES RECORD WAS SET OR TIED.
MM INDICATES DATA IS MISSING.
T INDICATES TRACE AMOUNT.
$$