000
CXUS51 KLWX 011905
CF6HGR
PRELIMINARY LOCAL CLIMATOLOGICAL DATA (WS FORM: F-6)
STATION: HAGERSTOWN MD
MONTH: MAY
YEAR: 2021
LATITUDE: 39 42 N
LONGITUDE: 77 43 W
TEMPERATURE IN F: :PCPN: SNOW: WIND :SUNSHINE: SKY :PK WND
================================================================================
1 2 3 4 5 6A 6B 7 8 9 10 11 12 13 14 15 16 17 18
12Z AVG MX 2MIN
DY MAX MIN AVG DEP HDD CDD WTR SNW DPTH SPD SPD DIR MIN PSBL S-S WX SPD DR
================================================================================
1 69 43 56 -4 9 0 0.00 M M 9.5 30 300 M M 0 38 300
2 86 54 70 10 0 5 0.00 M M 7.9 22 270 M M 1 28 280
3 74 61 68 7 0 3 0.68 M M 5.8 16 170 M M 8 13 24 270
4 83 65 74 13 0 9 0.04 M M 7.4 18 160 M M 4 12 24 160
5 71 50 61 0 4 0 0.49 M M 10.4 26 300 M M 7 1 33 290
6 64 45 55 -7 10 0 0.00 M M 6.6 18 330 M M 3 28 330
7 58 44 51 -11 14 0 0.15 M M 4.1 18 280 M M 7 1 22 270
8 58 40 49 -13 16 0 0.18 M M 8.9 26 330 M M 5 1 34 340
9 63 44 54 -8 11 0 0.08 M M 6.0 17 340 M M 7 1 24 150
10 64 47 56 -7 9 0 0.00 M M 9.8 21 330 M M 5 1 26 310
11 63 47 55 -8 10 0 0.00 M M 8.4 22 290 M M 4 27 300
12 67 41 54 -9 11 0 0.00 M M 5.6 17 330 M M 2 34 40
13 69 44 57 -7 8 0 0.00 M M 5.0 20 330 M M 2 25 320
14 72 45 59 -5 6 0 0.00 M M 2.7 13 320 M M 2 20 310
15 74 46 60 -4 5 0 0.00 M M 3.5 12 150 M M 3 15 180
16 67 49 58 -6 7 0 T M M 4.3 18 300 M M 4 21 290
17 73 46 60 -5 5 0 0.00 M M 3.1 12 190 M M 1 1 16 170
18 79 50 65 0 0 0 0.00 M M 2.5 10 290 M M 0 15 320
19 85 57 71 6 0 6 0.00 M M 4.0 10 270 M M 0 17 100
20 88 57 73 7 0 8 0.00 M M 3.4 13 130 M M 0 17 130
21 85 59 72 6 0 7 0.00 M M 4.9 12 170 M M 0 18 180
22 88 63 76 10 0 11 T M M 7.3 21 310 M M 1 27 310
23 92 69 81 15 0 16 0.00 M M 9.4 22 310 M M 2 28 300
24 78 57 68 1 0 3 0.38 M M 5.7 13 50 M M 9 1 21 340
25 79 57 68 1 0 3 0.00 M M 7.1 14 170 M M 7 1 19 190
26 90 67 79 12 0 14 0.24 M M 6.7 22 160 M M 3 38 39 270
27 83 65 74 6 0 9 0.00 M M 7.2 17 310 M M 2 23 300
28 71 54 63 -5 2 0 0.49 M M 7.8 15 60 M M 9 1 18 70
29 54 49 52 -16 13 0 0.15 M M 8.8 17 60 M M 10 1 22 60
30 54 48 51 -17 14 0 T M M 7.6 14 340 M M 10 18 50
31 74 48 61 -8 4 0 0.00 M M 5.6 15 340 M M 2 20 300
================================================================================
SM 2275 1611 158 94 2.88 M 197.0 M 120
================================================================================
AV 73.4 52.0 6.4 FASTST M M 4 MAX(MPH)
MISC ----> 30 300 39 270
================================================================================
NOTES:
# LAST OF SEVERAL OCCURRENCES
COLUMN 17 PEAK WIND IN M.P.H.
PRELIMINARY LOCAL CLIMATOLOGICAL DATA (WS FORM: F-6) , PAGE 2
STATION: HAGERSTOWN MD
MONTH: MAY
YEAR: 2021
LATITUDE: 39 42 N
LONGITUDE: 77 43 W
[TEMPERATURE DATA] [PRECIPITATION DATA] SYMBOLS USED IN COLUMN 16
AVERAGE MONTHLY: 62.7 TOTAL FOR MONTH: 2.88 1 = FOG OR MIST
DPTR FM NORMAL: -1.7 DPTR FM NORMAL: -0.67 2 = FOG REDUCING VISIBILITY
HIGHEST: 92 ON 23 GRTST 24HR 0.72 ON 3- 4 TO 1/4 MILE OR LESS
LOWEST: 40 ON 8 3 = THUNDER
SNOW, ICE PELLETS, HAIL 4 = ICE PELLETS
TOTAL MONTH: M 5 = HAIL
GRTST 24HR M ON M 6 = FREEZING RAIN OR DRIZZLE
GRTST DEPTH: M ON M 7 = DUSTSTORM OR SANDSTORM:
VSBY 1/2 MILE OR LESS
8 = SMOKE OR HAZE
[NO. OF DAYS WITH] [WEATHER - DAYS WITH] 9 = BLOWING SNOW
X = TORNADO
MAX 32 OR BELOW: 0 0.01 INCH OR MORE: 10
MAX 90 OR ABOVE: 2 0.10 INCH OR MORE: 8
MIN 32 OR BELOW: 0 0.50 INCH OR MORE: 1
MIN 0 OR BELOW: 0 1.00 INCH OR MORE: 0
[HDD (BASE 65) ]
TOTAL THIS MO. 158 CLEAR (SCALE 0-3) 16
DPTR FM NORMAL 48 PTCLDY (SCALE 4-7) 11
TOTAL FM JUL 1 4457 CLOUDY (SCALE 8-10) 4
DPTR FM NORMAL -248
[CDD (BASE 65) ]
TOTAL THIS MO. 94
DPTR FM NORMAL 1 [PRESSURE DATA]
TOTAL FM JAN 1 111 HIGHEST SLP 30.55 ON 21
DPTR FM NORMAL -3 LOWEST SLP 29.66 ON 4
[REMARKS]
#FINAL-05-21#