000
CXUS56 KLOX 011155
CF6HHR
PRELIMINARY LOCAL CLIMATOLOGICAL DATA (WS FORM: F-6)
STATION: HAWTHORNE AIRPORT CA
MONTH: OCTOBER
YEAR: 2021
LATITUDE: 33 55 N
LONGITUDE: 118 20 W
TEMPERATURE IN F: :PCPN: SNOW: WIND :SUNSHINE: SKY :PK WND
================================================================================
1 2 3 4 5 6A 6B 7 8 9 10 11 12 13 14 15 16 17 18
12Z AVG MX 2MIN
DY MAX MIN AVG DEP HDD CDD WTR SNW DPTH SPD SPD DIR MIN PSBL S-S WX SPD DR
================================================================================
1 90 62 76 6 0 11 0.00 M M 3.0 14 260 M M 0 17 260
2 86 58 72 2 0 7 0.00 M M 3.0 14 260 M M 1 12 17 260
3 91 61 76 6 0 11 0.00 M M 3.2 14 250 M M 0 8 16 270
4 84 66 75 5 0 10 0.03 M M 3.8 22 130 M M 2 3 32 130
5 79 65 72 2 0 7 0.02 M M 6.6 17 260 M M 2 8 22 260
6 73 64 69 0 0 4 0.00 M M 4.4 14 270 M M 4 17 260
7 69 64 67 -2 0 2 T M M 4.6 12 250 M M 10 13 250
8 70 62 66 -3 0 1 T M M 7.1 14 250 M M 6 19 220
9 71 57 64 -5 1 0 T M M 4.2 15 260 M M 0 8 19 260
10 77 56 67 -2 0 2 T M M 3.3 14 250 M M 0 8 17 260
11 70 58 64 -5 1 0 0.00 M M 6.3 24 260 M M 6 18 29 260
12 72 57 65 -4 0 0 0.00 M M 6.5 20 260 M M 0 8 23 280
13 72 53 63 -6 2 0 0.00 M M 3.5 14 260 M M 0 8 20 260
14 75 54 65 -3 0 0 0.00 M M 2.5 13 270 M M 0 17 270
15 89 57 73 5 0 8 0.00 M M 2.3 14 270 M M 0 8 17 260
16 88 60 74 6 0 9 0.00 M M 3.2 15 260 M M 0 18 260
17 72 56 64 -4 1 0 0.00 M M 4.9 17 260 M M 1 21 250
18 66 57 62 -6 3 0 T M M 6.8 17 250 M M 4 21 270
19 68 54 61 -7 4 0 0.00 M M 3.5 13 250 M M 0 17 250
20 69 55 62 -6 3 0 0.00 M M 4.1 17 260 M M 0 8 19 260
21 73 54 64 -4 1 0 0.00 M M 4.1 14 260 M M 2 1 17 250
22 66 58 62 -5 3 0 0.00 M M 3.7 15 260 M M 9 18 20 260
23 68 60 64 -3 1 0 0.00 M M 3.8 14 260 M M 7 1 18 270
24 70 59 65 -2 0 0 0.00 M M 3.7 14 260 M M 3 8 17 260
25 63 54 59 -8 6 0 0.39 M M 5.5 21 260 M M 6 1 27 270
26 69 52 61 -6 4 0 0.00 M M 3.7 16 270 M M 0 1 21 270
27 81 54 68 1 0 3 0.00 M M 2.0 12 270 M M 0 8 14 260
28 88 59 74 7 0 9 0.00 M M 2.4 12 270 M M 0 15 270
29 83 59 71 5 0 6 0.00 M M 3.6 15 260 M M 2 8 17 250
30 70 58 64 -2 1 0 0.00 M M 4.1 12 270 M M 7 15 240
31 67 58 63 -3 2 0 0.00 M M 3.2 12 260 M M 6 14 260
================================================================================
SM 2329 1801 33 90 0.44 M 126.6 M 78
================================================================================
AV 75.1 58.1 4.1 FASTST M M 3 MAX(MPH)
MISC ----> 24 260 32 130
================================================================================
NOTES:
# LAST OF SEVERAL OCCURRENCES
COLUMN 17 PEAK WIND IN M.P.H.
PRELIMINARY LOCAL CLIMATOLOGICAL DATA (WS FORM: F-6) , PAGE 2
STATION: HAWTHORNE AIRPORT CA
MONTH: OCTOBER
YEAR: 2021
LATITUDE: 33 55 N
LONGITUDE: 118 20 W
[TEMPERATURE DATA] [PRECIPITATION DATA] SYMBOLS USED IN COLUMN 16
AVERAGE MONTHLY: 66.6 TOTAL FOR MONTH: 0.44 1 = FOG OR MIST
DPTR FM NORMAL: -1.5 DPTR FM NORMAL: -0.04 2 = FOG REDUCING VISIBILITY
HIGHEST: 91 ON 3 GRTST 24HR 0.39 ON 24-25 TO 1/4 MILE OR LESS
LOWEST: 52 ON 26 3 = THUNDER
SNOW, ICE PELLETS, HAIL 4 = ICE PELLETS
TOTAL MONTH: M 5 = HAIL
GRTST 24HR M ON M 6 = FREEZING RAIN OR DRIZZLE
GRTST DEPTH: M ON M 7 = DUSTSTORM OR SANDSTORM:
VSBY 1/2 MILE OR LESS
8 = SMOKE OR HAZE
[NO. OF DAYS WITH] [WEATHER - DAYS WITH] 9 = BLOWING SNOW
X = TORNADO
MAX 32 OR BELOW: 0 0.01 INCH OR MORE: 3
MAX 90 OR ABOVE: 2 0.10 INCH OR MORE: 1
MIN 32 OR BELOW: 0 0.50 INCH OR MORE: 0
MIN 0 OR BELOW: 0 1.00 INCH OR MORE: 0
[HDD (BASE 65) ]
TOTAL THIS MO. 33 CLEAR (SCALE 0-3) 21
DPTR FM NORMAL 10 PTCLDY (SCALE 4-7) 8
TOTAL FM JUL 1 33 CLOUDY (SCALE 8-10) 2
DPTR FM NORMAL 12
[CDD (BASE 65) ]
TOTAL THIS MO. 90
DPTR FM NORMAL -30 [PRESSURE DATA]
TOTAL FM JAN 1 788 HIGHEST SLP 30.18 ON 27
DPTR FM NORMAL -98 LOWEST SLP 29.62 ON 11
[REMARKS]
#FINAL-10-21#