000
CXUS56 KHNX 020705
CF6HJO
PRELIMINARY LOCAL CLIMATOLOGICAL DATA (WS FORM: F-6)
STATION: HANFORD CA AIRPORT
MONTH: JULY
YEAR: 2021
LATITUDE: 36 19 N
LONGITUDE: 119 38 W
TEMPERATURE IN F: :PCPN: SNOW: WIND :SUNSHINE: SKY :PK WND
================================================================================
1 2 3 4 5 6A 6B 7 8 9 10 11 12 13 14 15 16 17 18
12Z AVG MX 2MIN
DY MAX MIN AVG DEP HDD CDD WTR SNW DPTH SPD SPD DIR MIN PSBL S-S WX SPD DR
================================================================================
1 102 66 84 4 0 19 0.00 0.0 0 5.0 15 310 M M 0 8 18 320
2 101 68 85 5 0 20 0.00 0.0 0 6.9 16 320 M M 0 20 330
3 101 69 85 5 0 20 0.00 0.0 0 5.9 14 320 M M 0 18 320
4 103 70 87 7 0 22 0.00 0.0 0 6.5 15 320 M M 0 19 320
5 100 65 83 3 0 18 0.00 0.0 0 7.5 14 330 M M 0 18 310
6 99 64 82 2 0 17 0.00 0.0 0 9.3 17 330 M M 0 23 320
7 99 62 81 0 0 16 0.00 0.0 0 7.6 14 320 M M 0 19 320
8 105 71 88 7 0 23 0.00 0.0 0 6.1 12 310 M M 0 15 310
9 111 72 92 11 0 27 0.00 0.0 0 6.7 16 310 M M 2 21 320
10 112 71 92 11 0 27 0.00 0.0 0 6.1 14 330 M M 2 M M
11 112 70 91 10 0 26 0.00 0.0 0 8.1 16 320 M M 3 22 320
12 108 69 89 8 0 24 0.00 0.0 0 6.2 15 320 M M 0 18 320
13 106 70 88 7 0 23 0.00 0.0 0 5.5 14 330 M M 0 16 320
14 102 65 84 3 0 19 0.00 0.0 0 5.7 13 270 M M 0 16 280
15 100 68 84 3 0 19 0.00 0.0 0 6.2 14 310 M M 0 17 330
16 100 66 83 1 0 18 0.00 0.0 0 6.4 13 310 M M 0 16 310
17 103 63 83 1 0 18 0.00 0.0 0 5.2 12 310 M M 0 16 300
18 96 67 82 0 0 17 0.00 0.0 0 2.8 13 310 M M 0 16 310
19 106 71 89 7 0 24 0.00 0.0 0 4.8 15 310 M M 0 17 310
20 104 66 85 3 0 20 0.00 0.0 0 7.6 18 320 M M 0 24 320
21 101 64 83 1 0 18 0.00 0.0 0 7.3 14 320 M M 0 18 320
22 103 64 84 2 0 19 0.00 0.0 0 6.8 14 310 M M 0 18 320
23 102 63 83 1 0 18 0.00 0.0 0 4.2 13 310 M M 0 15 320
24 102 64 83 1 0 18 0.00 0.0 0 4.5 13 310 M M 0 17 330
25 101 68 85 3 0 20 0.00 0.0 0 7.2 16 320 M M 0 20 310
26 100 72 86 4 0 21 0.00 0.0 0 5.7 16 170 M M 0 8 22 170
27 103 67 85 3 0 20 0.00 0.0 0 7.8 18 310 M M 0 25 320
28 103 71 87 5 0 22 0.00 0.0 0 7.8 15 320 M M 0 20 310
29 104 70 87 6 0 22 0.00 0.0 0 6.4 15 320 M M 0 19 320
30 107 73 90 9 0 25 0.00 0.0 0 5.4 14 300 M M 0 18 320
31 106 70 88 7 0 23 0.00 0.0 0 5.5 17 320 M M 0 8 22 320
================================================================================
SM 3202 2099 0 643 0.00 0.0 194.7 M 7
================================================================================
AV103.3 67.7 6.3 FASTST M M 0 MAX(MPH)
MISC ----> # 18 320 25 320
================================================================================
NOTES:
# LAST OF SEVERAL OCCURRENCES
COLUMN 17 PEAK WIND IN M.P.H.
PRELIMINARY LOCAL CLIMATOLOGICAL DATA (WS FORM: F-6) , PAGE 2
STATION: HANFORD CA AIRPORT
MONTH: JULY
YEAR: 2021
LATITUDE: 36 19 N
LONGITUDE: 119 38 W
[TEMPERATURE DATA] [PRECIPITATION DATA] SYMBOLS USED IN COLUMN 16
AVERAGE MONTHLY: 85.5 TOTAL FOR MONTH: 0.00 1 = FOG OR MIST
DPTR FM NORMAL: 4.4 DPTR FM NORMAL: -0.02 2 = FOG REDUCING VISIBILITY
HIGHEST: 112 ON 11,10 GRTST 24HR 0.00 ON 1- 1 TO 1/4 MILE OR LESS
LOWEST: 62 ON 7 3 = THUNDER
SNOW, ICE PELLETS, HAIL 4 = ICE PELLETS
TOTAL MONTH: 0.0 INCH 5 = HAIL
GRTST 24HR 0.0 6 = FREEZING RAIN OR DRIZZLE
GRTST DEPTH: 0 7 = DUSTSTORM OR SANDSTORM:
VSBY 1/2 MILE OR LESS
8 = SMOKE OR HAZE
[NO. OF DAYS WITH] [WEATHER - DAYS WITH] 9 = BLOWING SNOW
X = TORNADO
MAX 32 OR BELOW: 0 0.01 INCH OR MORE: 0
MAX 90 OR ABOVE: 31 0.10 INCH OR MORE: 0
MIN 32 OR BELOW: 0 0.50 INCH OR MORE: 0
MIN 0 OR BELOW: 0 1.00 INCH OR MORE: 0
[HDD (BASE 65) ]
TOTAL THIS MO. 0 CLEAR (SCALE 0-3) 30
DPTR FM NORMAL 0 PTCLDY (SCALE 4-7) 1
TOTAL FM JUL 1 0 CLOUDY (SCALE 8-10) 0
DPTR FM NORMAL 0
[CDD (BASE 65) ]
TOTAL THIS MO. 643
DPTR FM NORMAL 144 [PRESSURE DATA]
TOTAL FM JAN 1 1355 HIGHEST SLP 30.01 ON 28
DPTR FM NORMAL 316 LOWEST SLP 29.70 ON 12
[REMARKS]
#FINAL-07-21#