000
CXUS53 KGLD 010926
CF6HLC
PRELIMINARY LOCAL CLIMATOLOGICAL DATA (WS FORM: F-6)
STATION: HILL CITY KS
MONTH: MAY
YEAR: 2021
LATITUDE: 39 22 N
LONGITUDE: 99 50 W
TEMPERATURE IN F: :PCPN: SNOW: WIND :SUNSHINE: SKY :PK WND
================================================================================
1 2 3 4 5 6A 6B 7 8 9 10 11 12 13 14 15 16 17 18
12Z AVG MX 2MIN
DY MAX MIN AVG DEP HDD CDD WTR SNW DPTH SPD SPD DIR MIN PSBL S-S WX SPD DR
================================================================================
1 91 54 73 16 0 8 0.00 M M 14.9 28 210 M M 0 39 200
2 85 56 71 14 0 6 1.24 M M 14.2 49 350 M M 3 13 64 360
3 62 52 57 -1 8 0 0.01 M M 18.4 32 20 M M 7 47 10
4 66 47 57 -1 8 0 0.00 M M 6.6 15 10 M M 3 19 10
5 75 45 60 2 5 0 0.01 M M 10.7 22 320 M M 3 31 240
6 69 42 56 -3 9 0 0.00 M M 7.3 15 350 M M 1 19 350
7 82 48 65 6 0 0 0.00 M M 11.7 22 120 M M 0 32 180
8 88 48 68 8 0 3 0.00 M M 15.3 35 10 M M 1 49 360
9 60 42 51 -9 14 0 0.00 M M 14.6 28 350 M M 9 36 350
10 62 39 51 -9 14 0 0.02 M M 6.7 16 80 M M 7 26 90
11 56 40 48 -13 17 0 0.27 M M 2.6 10 50 M M 8 14 210
12 62 34 48 -13 17 0 0.00 M M 4.5 13 170 M M 6 1 19 210
13 73 44 59 -3 6 0 0.01 M M 11.9 26 50 M M 3 33 50
14 75 50 63 1 2 0 T M M 11.7 25 10 M M 5 3 36 360
15 77 57 67 5 0 2 0.30 M M 7.6 20 360 M M 8 13 23 110
16 80 59 70 7 0 5 0.06 M M 9.6 16 80 M M 8 3 22 110
17 64 58 61 -2 4 0 0.19 M M 7.8 14 50 M M 10 12 18 50
18 73 56 65 1 0 0 T M M 8.8 21 150 M M 7 1 33 150
19 73 53 63 -1 2 0 0.17 M M 5.4 16 140 M M 4 13 22 140
20 82 60 71 6 0 6 0.00 M M 13.6 26 170 M M 5 40 160
21 82 63 73 8 0 8 T M M 16.2 28 150 M M 6 42 190
22 83 66 75 10 0 10 T M M 12.6 23 180 M M 7 33 180
23 80 64 72 6 0 7 T M M 14.6 26 150 M M 6 44 160
24 80 60 70 4 0 5 0.50 M M 11.8 38 170 M M 8 13 58 170
25 84 56 70 3 0 5 0.47 M M 3.7 15 10 M M 4 13 18 10
26 82 52 67 0 0 2 1.63 M M 10.7 30 140 M M 3 13 45 150
27 73 51 62 -6 3 0 0.00 M M 13.7 25 10 M M 4 34 360
28 68 45 57 -11 8 0 0.00 M M 8.8 15 110 M M 2 22 100
29 74 48 61 -7 4 0 0.01 M M 11.4 21 170 M M 4 3 28 180
30 57 53 55 -14 10 0 1.40 M M 6.8 15 150 M M 10 13 21 180
31 M M M M M M 0.01 M M 5.8 10 30 M M 3 1 14 30
================================================================================
SM 2218 1542 131 67 6.30 M 320.0 M 155
================================================================================
AV 73.9 51.4 10.3 FASTST M M 5 MAX(MPH)
MISC ----> 49 350 64 360
================================================================================
NOTES:
# LAST OF SEVERAL OCCURRENCES
COLUMN 17 PEAK WIND IN M.P.H.
PRELIMINARY LOCAL CLIMATOLOGICAL DATA (WS FORM: F-6) , PAGE 2
STATION: HILL CITY KS
MONTH: MAY
YEAR: 2021
LATITUDE: 39 22 N
LONGITUDE: 99 50 W
[TEMPERATURE DATA] [PRECIPITATION DATA] SYMBOLS USED IN COLUMN 16
AVERAGE MONTHLY: 62.7 TOTAL FOR MONTH: 6.30 1 = FOG OR MIST
DPTR FM NORMAL: -0.2 DPTR FM NORMAL: 2.96 2 = FOG REDUCING VISIBILITY
HIGHEST: 91 ON 1 GRTST 24HR 1.63 ON 26-26 TO 1/4 MILE OR LESS
LOWEST: 34 ON 12 3 = THUNDER
SNOW, ICE PELLETS, HAIL 4 = ICE PELLETS
TOTAL MONTH: M 5 = HAIL
GRTST 24HR M ON M 6 = FREEZING RAIN OR DRIZZLE
GRTST DEPTH: M ON M 7 = DUSTSTORM OR SANDSTORM:
VSBY 1/2 MILE OR LESS
8 = SMOKE OR HAZE
[NO. OF DAYS WITH] [WEATHER - DAYS WITH] 9 = BLOWING SNOW
X = TORNADO
MAX 32 OR BELOW: 0 0.01 INCH OR MORE: 16
MAX 90 OR ABOVE: 1 0.10 INCH OR MORE: 9
MIN 32 OR BELOW: 0 0.50 INCH OR MORE: 4
MIN 0 OR BELOW: 0 1.00 INCH OR MORE: 3
[HDD (BASE 65) ]
TOTAL THIS MO. 131 CLEAR (SCALE 0-3) 9
DPTR FM NORMAL -15 PTCLDY (SCALE 4-7) 17
TOTAL FM JUL 1 5262 CLOUDY (SCALE 8-10) 5
DPTR FM NORMAL -111
[CDD (BASE 65) ]
TOTAL THIS MO. 67
DPTR FM NORMAL -14 [PRESSURE DATA]
TOTAL FM JAN 1 88 HIGHEST SLP 30.42 ON 12
DPTR FM NORMAL -3 LOWEST SLP 29.34 ON 2
[REMARKS]
#FINAL-05-21#