000
CXUS53 KGLD 022006
CLMHLC
CLIMATE REPORT
NATIONAL WEATHER SERVICE
206 PM MDT SUN JUL 02 2023
...................................
...THE HILL CITY KS CLIMATE SUMMARY FOR THE MONTH OF JUNE 2023...
CLIMATE NORMAL PERIOD: 1991 TO 2020
CLIMATE RECORD PERIOD: 1896 TO 2023
WEATHER OBSERVED NORMAL DEPART LAST YEAR`S
VALUE DATE(S) VALUE FROM VALUE DATE(S)
NORMAL
................................................................
TEMPERATURE (F)
RECORD
HIGH 115 06/27/2012
06/26/2012
LOW 33 06/06/1998
HIGHEST 97 06/24 102 -5 108 06/13
LOWEST 53 06/13 46 7 44 06/02
AVG. MAXIMUM 87.4 88.0 -0.6 91.7
AVG. MINIMUM 60.2 60.4 -0.2 63.0
MEAN 73.8 74.2 -0.4 77.4
DAYS MAX >= 90 12 14.5 -2.5 17
DAYS MAX <= 32 0 0.0 0.0 0
DAYS MIN <= 32 0 0.0 0.0 0
DAYS MIN <= 0 0 0.0 0.0 0
PRECIPITATION (INCHES)
RECORD
MAXIMUM 11.89 1941
MINIMUM 0.10 1981
TOTALS 5.27 2.79 2.48 1.70
DAILY AVG. 0.18 0.09 0.08 0.06
DAYS >= .01 12 9.8 2.2 8
DAYS >= .10 7 5.0 2.0 5
DAYS >= .50 4 1.8 2.2 1
DAYS >= 1.00 1 0.7 0.3 1
GREATEST
24 HR. TOTAL 2.41 06/30 TO 06/30 1.23
STORM TOTAL 2.41
(MM/DD(HH))
................................................................
- INDICATES NEGATIVE NUMBERS.
R INDICATES RECORD WAS SET OR TIED.
MM INDICATES DATA IS MISSING.
T INDICATES TRACE AMOUNT.
$$