000
CXUS53 KGLD 011827
CLMHLC
CLIMATE REPORT
NATIONAL WEATHER SERVICE
1227 PM MDT MON MAY 01 2023
...................................
...THE HILL CITY KS CLIMATE SUMMARY FOR THE MONTH OF APRIL 2023...
CLIMATE NORMAL PERIOD: 1991 TO 2020
CLIMATE RECORD PERIOD: 1896 TO 2023
WEATHER OBSERVED NORMAL DEPART LAST YEAR`S
VALUE DATE(S) VALUE FROM VALUE DATE(S)
NORMAL
................................................................
TEMPERATURE (F)
RECORD
HIGH 101 04/22/1989
LOW 4 04/02/1936
HIGHEST 92 04/12 89 3 92 04/12
04/13
LOWEST 19 04/23 22 -3 22 04/14
AVG. MAXIMUM 71.0 66.3 4.7 70.4
AVG. MINIMUM 36.3 37.9 -1.6 37.8
MEAN 53.6 52.1 1.5 54.1
DAYS MAX >= 90 3 0.5 2.5 2
DAYS MAX <= 32 0 0.2 -0.2 0
DAYS MIN <= 32 11 8.0 3.0 8
DAYS MIN <= 0 0 0.0 0.0 0
PRECIPITATION (INCHES)
RECORD
MAXIMUM 6.72 2016
MINIMUM 0.07 1946
TOTALS 0.32 1.97 -1.65 0.35
DAILY AVG. 0.01 0.07 -0.05 0.01
DAYS >= .01 4 8.4 -4.4 4
DAYS >= .10 1 4.0 -3.0 1
DAYS >= .50 0 1.4 -1.4 0
DAYS >= 1.00 0 0.4 -0.4 0
GREATEST
24 HR. TOTAL 0.23 04/27 TO 04/28 0.26
STORM TOTAL 0.21
(MM/DD(HH))
................................................................
- INDICATES NEGATIVE NUMBERS.
R INDICATES RECORD WAS SET OR TIED.
MM INDICATES DATA IS MISSING.
T INDICATES TRACE AMOUNT.
$$