000
CXUS53 KGLD 020944
CLMHLC
CLIMATE REPORT
NATIONAL WEATHER SERVICE
244 AM MST FRI FEB 02 2024
...................................
...THE HILL CITY KS CLIMATE SUMMARY FOR THE MONTH OF JANUARY 2024...
CLIMATE NORMAL PERIOD: 1991 TO 2020
CLIMATE RECORD PERIOD: 1896 TO 2024
WEATHER OBSERVED NORMAL DEPART LAST YEAR`S
VALUE DATE(S) VALUE FROM VALUE DATE(S)
NORMAL
................................................................
TEMPERATURE (F)
RECORD
HIGH 83 01/27/2015
LOW -24 01/12/1912
HIGHEST 69 01/31 67 2 60 01/08
01/09
LOWEST -13 01/16 -2 -11 -5 01/31
AVG. MAXIMUM 35.2 42.8 -7.6 39.7
AVG. MINIMUM 15.3 17.1 -1.8 18.5
MEAN 25.2 30.0 -4.8 29.1
DAYS MAX >= 90 0 0.0 0.0 0
DAYS MAX <= 32 10 7.3 2.7 6
DAYS MIN <= 32 30 30.1 -0.1 31
DAYS MIN <= 0 6 1.7 4.3 2
PRECIPITATION (INCHES)
RECORD
MAXIMUM 1.06 2017
MINIMUM 0.00 1997
TOTALS 0.78 0.33 0.45 0.79
DAILY AVG. 0.03 0.01 0.02 0.03
DAYS >= .01 3 3.1 -0.1 5
DAYS >= .10 3 0.8 2.2 3
DAYS >= .50 0 0.1 -0.1 0
DAYS >= 1.00 0 0.0 0.0 0
GREATEST
24 HR. TOTAL 0.45 01/09 TO 01/09 0.43
STORM TOTAL 0.45
(MM/DD(HH))
................................................................
- INDICATES NEGATIVE NUMBERS.
R INDICATES RECORD WAS SET OR TIED.
MM INDICATES DATA IS MISSING.
T INDICATES TRACE AMOUNT.
$$