000
CXHW50 PHFO 011250
CF6HNL
PRELIMINARY LOCAL CLIMATOLOGICAL DATA (WS FORM: F-6)
STATION: HONOLULU HI
MONTH: JULY
YEAR: 2023
LATITUDE: 21 21 N
LONGITUDE: 157 56 W
TEMPERATURE IN F: :PCPN: SNOW: WIND :SUNSHINE: SKY :PK WND
================================================================================
1 2 3 4 5 6A 6B 7 8 9 10 11 12 13 14 15 16 17 18
12Z AVG MX 2MIN
DY MAX MIN AVG DEP HDD CDD WTR SNW DPTH SPD SPD DIR MIN PSBL S-S WX SPD DR
================================================================================
1 86 74 80 -1 0 15 0.01 M M 8.9 22 70 M M 4 27 80
2 88 72 80 -1 0 15 0.00 M M 10.4 21 40 M M 4 29 40
3 89 75 82 1 0 17 0.00 M M 10.8 20 70 M M 4 29 60
4 89 76 83 2 0 18 0.00 M M 13.7 21 40 M M 3 28 10
5 87 75 81 0 0 16 T M M 11.4 25 70 M M 6 1 30 70
6 87 75 81 0 0 16 T M M 10.4 23 50 M M 6 30 70
7 87 75 81 0 0 16 T M M 13.5 28 60 M M 6 32 70
8 87 75 81 0 0 16 T M M 15.7 24 70 M M 6 34 60
9 87 74 81 0 0 16 T M M 15.1 24 70 M M 5 30 20
10 87 73 80 -1 0 15 0.11 M M 11.8 22 70 M M 5 1 30 30
11 88 74 81 0 0 16 T M M 12.1 24 70 M M 4 1 30 70
12 89 75 82 0 0 17 0.00 M M 12.9 25 70 M M 4 32 30
13 89 76 83 1 0 18 0.00 M M 12.0 21 70 M M 3 26 70
14 88 74 81 -1 0 16 0.00 M M 9.4 20 50 M M 2 31 30
15 88 73 81 -1 0 16 0.01 M M 9.1 18 50 M M 5 29 10
16 88 72 80 -2 0 15 0.03 M M 11.3 22 60 M M 6 8 34 20
17 89 77 83 1 0 18 T M M 12.4 24 60 M M 5 30 70
18 87 78 83 1 0 18 T M M 14.2 28 60 M M 6 38 40
19 87 78 83 1 0 18 0.01 M M 16.0 28 60 M M 8 8 35 60
20 88 78 83 1 0 18 T M M 14.6 24 80 M M 5 35 20
21 88 76 82 0 0 17 T M M 14.0 23 60 M M 5 36 30
22 89 75 82 0 0 17 T M M 11.8 20 70 M M 6 18 27 30
23 90 76 83 1 0 18 0.02 M M 13.1 24 70 M M 6 1 34 10
24 89 77 83 1 0 18 T M M 12.7 24 70 M M 5 35 40
25 89 77 83 1 0 18 T M M 12.5 25 70 M M 5 8 33 70
26 89 77 83 1 0 18 T M M 14.1 26 70 M M 6 33 70
27 89 76 83 1 0 18 T M M 14.1 22 60 M M 6 31 20
28 89 78 84 2 0 19 0.00 M M 16.3 24 60 M M 5 34 20
29 89 77 83 1 0 18 0.01 M M 12.6 21 60 M M 4 8 28 20
30 90 76 83 1 0 18 T M M 13.8 22 70 M M 4 27 50
31 88 77 83 1 0 18 0.00 M M 15.9 28 70 M M 4 8 35 60
================================================================================
SM 2734 2341 0 527 0.20 M 396.6 M 153
================================================================================
AV 88.2 75.5 12.8 FASTST M M 5 MAX(MPH)
MISC ----> # 28 60 38 40
================================================================================
NOTES:
# LAST OF SEVERAL OCCURRENCES
COLUMN 17 PEAK WIND IN M.P.H.
PRELIMINARY LOCAL CLIMATOLOGICAL DATA (WS FORM: F-6) , PAGE 2
STATION: HONOLULU HI
MONTH: JULY
YEAR: 2023
LATITUDE: 21 21 N
LONGITUDE: 157 56 W
[TEMPERATURE DATA] [PRECIPITATION DATA] SYMBOLS USED IN COLUMN 16
AVERAGE MONTHLY: 81.9 TOTAL FOR MONTH: 0.20 1 = FOG OR MIST
DPTR FM NORMAL: 0.3 DPTR FM NORMAL: -0.32 2 = FOG REDUCING VISIBILITY
HIGHEST: 90 ON 30,23 GRTST 24HR 0.11 ON 10-10 TO 1/4 MILE OR LESS
LOWEST: 72 ON 16, 2 3 = THUNDER
SNOW, ICE PELLETS, HAIL 4 = ICE PELLETS
TOTAL MONTH: M 5 = HAIL
GRTST 24HR M ON M 6 = FREEZING RAIN OR DRIZZLE
GRTST DEPTH: M ON M 7 = DUSTSTORM OR SANDSTORM:
VSBY 1/2 MILE OR LESS
8 = SMOKE OR HAZE
[NO. OF DAYS WITH] [WEATHER - DAYS WITH] 9 = BLOWING SNOW
X = TORNADO
MAX 32 OR BELOW: 0 0.01 INCH OR MORE: 7
MAX 90 OR ABOVE: 2 0.10 INCH OR MORE: 1
MIN 32 OR BELOW: 0 0.50 INCH OR MORE: 0
MIN 0 OR BELOW: 0 1.00 INCH OR MORE: 0
[HDD (BASE 65) ]
TOTAL THIS MO. 0 CLEAR (SCALE 0-3) 1
DPTR FM NORMAL 0 PTCLDY (SCALE 4-7) 30
TOTAL FM JUL 1 0 CLOUDY (SCALE 8-10) 0
DPTR FM NORMAL 0
[CDD (BASE 65) ]
TOTAL THIS MO. 527
DPTR FM NORMAL 12 [PRESSURE DATA]
TOTAL FM JAN 1 2746 HIGHEST SLP 30.13 ON 25
DPTR FM NORMAL 202 LOWEST SLP 29.94 ON 15
[REMARKS]
#FINAL-07-23#