000
CXUS54 KLZK 011230
CF6HOT
PRELIMINARY LOCAL CLIMATOLOGICAL DATA (WS FORM: F-6)
STATION: HOT SPRINGS MEMORIAL FIELD
MONTH: JANUARY
YEAR: 2021
LATITUDE: 34 28 N
LONGITUDE: 93 6 W
TEMPERATURE IN F: :PCPN: SNOW: WIND :SUNSHINE: SKY :PK WND
================================================================================
1 2 3 4 5 6A 6B 7 8 9 10 11 12 13 14 15 16 17 18
12Z AVG MX 2MIN
DY MAX MIN AVG DEP HDD CDD WTR SNW DPTH SPD SPD DIR MIN PSBL S-S WX SPD DR
================================================================================
1 M M M M M M M M M M M M M M M M M
2 43 29 36 -6 29 0 T M M 3.2 13 250 M M 3 19 290
3 58 24 41 0 24 0 0.00 M M 3.8 13 150 M M 1 12 19 140
4 65 31 48 7 17 0 0.00 M M 4.1 14 280 M M 1 1 22 280
5 59 32 46 5 19 0 0.00 M M 4.6 10 80 M M 0 14 120
6 45 37 41 0 24 0 1.15 M M 9.8 23 90 M M 6 1 29 90
7 44 38 41 0 24 0 1.06 M M 8.5 21 50 M M 10 18 30 60
8 41 35 38 -3 27 0 0.00 M M 4.9 13 40 M M 10 18 10
9 46 26 36 -5 29 0 0.00 M M 2.6 9 270 M M 1 13 360
10 37 25 31 -10 34 0 0.00 M M 2.8 12 60 M M 5 1 14 60
11 50 25 38 -4 27 0 0.00 M M 2.6 10 40 M M 5 14 310
12 53 22 38 -4 27 0 0.00 M M 1.5 9 340 M M 1 1 12 340
13 56 24 40 -2 25 0 0.00 M M 3.8 16 240 M M 0 23 310
14 62 31 47 5 18 0 0.00 M M 5.0 17 300 M M 0 28 330
15 49 30 40 -2 25 0 0.00 M M 9.4 21 280 M M 5 33 290
16 52 35 44 2 21 0 0.00 M M 5.8 14 310 M M 4 23 270
17 57 28 43 1 22 0 0.00 M M 4.1 18 260 M M 1 27 280
18 62 24 43 1 22 0 0.00 M M 3.1 17 250 M M 2 8 24 200
19 62 43 53 11 12 0 0.00 M M 3.0 13 50 M M 6 18 60
20 49 34 42 0 23 0 0.15 M M 2.0 9 90 M M 7 1 12 90
21 52 44 48 6 17 0 0.00 M M 2.2 7 170 M M 9 1 11 280
22 57 40 49 7 16 0 0.00 M M 6.0 17 60 M M 4 1 23 70
23 45 36 41 -1 24 0 0.00 M M 8.4 15 80 M M 10 20 80
24 56 42 49 7 16 0 0.55 M M 3.5 14 100 M M 10 13 16 100
25 73 44 59 17 6 0 0.42 0.0 0 9.8 18 250 M M 7 13 30 300
26 63 40 52 10 13 0 0.00 M M 5.5 17 60 M M 1 22 70
27 44 36 40 -3 25 0 0.02 M M 7.5 15 340 M M 7 1 24 330
28 47 31 39 -4 26 0 0.00 0.0 0 6.4 15 50 M M 4 19 50
29 53 29 41 -2 24 0 T M M 4.6 10 130 M M 1 15 140
30 62 48 55 12 10 0 0.06 M M 7.6 21 200 M M 7 1 33 200
31 56 42 49 6 16 0 0.00 M M 9.6 20 320 M M 9 1 30 340
================================================================================
SM 1598 1005 642 0 3.41 0.0 155.7 M 137
================================================================================
AV 53.3 33.5 5.2 FASTST M M 5 MAX(MPH)
MISC ----> 23 90 # 33 290
================================================================================
NOTES:
# LAST OF SEVERAL OCCURRENCES
COLUMN 17 PEAK WIND IN M.P.H.
PRELIMINARY LOCAL CLIMATOLOGICAL DATA (WS FORM: F-6) , PAGE 2
STATION: HOT SPRINGS MEMORIAL FIELD
MONTH: JANUARY
YEAR: 2021
LATITUDE: 34 28 N
LONGITUDE: 93 6 W
[TEMPERATURE DATA] [PRECIPITATION DATA] SYMBOLS USED IN COLUMN 16
AVERAGE MONTHLY: 43.4 TOTAL FOR MONTH: 3.41 1 = FOG OR MIST
DPTR FM NORMAL: 1.5 DPTR FM NORMAL: 0.02 2 = FOG REDUCING VISIBILITY
HIGHEST: 73 ON 25 GRTST 24HR 1.92 ON 24-25 TO 1/4 MILE OR LESS
LOWEST: 22 ON 12 3 = THUNDER
SNOW, ICE PELLETS, HAIL 4 = ICE PELLETS
TOTAL MONTH: 0.0 INCH 5 = HAIL
GRTST 24HR 0.0 6 = FREEZING RAIN OR DRIZZLE
GRTST DEPTH: 0 7 = DUSTSTORM OR SANDSTORM:
VSBY 1/2 MILE OR LESS
8 = SMOKE OR HAZE
[NO. OF DAYS WITH] [WEATHER - DAYS WITH] 9 = BLOWING SNOW
X = TORNADO
MAX 32 OR BELOW: 0 0.01 INCH OR MORE: 7
MAX 90 OR ABOVE: 0 0.10 INCH OR MORE: 5
MIN 32 OR BELOW: 15 0.50 INCH OR MORE: 3
MIN 0 OR BELOW: 0 1.00 INCH OR MORE: 2
[HDD (BASE 65) ]
TOTAL THIS MO. 642 CLEAR (SCALE 0-3) 11
DPTR FM NORMAL -75 PTCLDY (SCALE 4-7) 13
TOTAL FM JUL 1 1735 CLOUDY (SCALE 8-10) 7
DPTR FM NORMAL -164
[CDD (BASE 65) ]
TOTAL THIS MO. 0
DPTR FM NORMAL -1 [PRESSURE DATA]
TOTAL FM JAN 1 0 HIGHEST SLP 30.66 ON 28
DPTR FM NORMAL -1 LOWEST SLP 29.54 ON 25
[REMARKS]
#FINAL-01-21#