000
CXUS54 KHGX 021411
CF6HOU
PRELIMINARY LOCAL CLIMATOLOGICAL DATA (WS FORM: F-6)
STATION: HOUSTON/HOBBY AIRPORT
MONTH: MARCH
YEAR: 2022
LATITUDE: 29 38 N
LONGITUDE: 95 17 W
TEMPERATURE IN F: :PCPN: SNOW: WIND :SUNSHINE: SKY :PK WND
================================================================================
1 2 3 4 5 6A 6B 7 8 9 10 11 12 13 14 15 16 17 18
12Z AVG MX 2MIN
DY MAX MIN AVG DEP HDD CDD WTR SNW DPTH SPD SPD DIR MIN PSBL S-S WX SPD DR
================================================================================
1 71 40 56 -6 9 0 0.00 0.0 0 3.8 12 170 M M 4 16 130
2 74 44 59 -3 6 0 0.00 0.0 0 4.8 15 110 M M 6 18 19 110
3 76 54 65 3 0 0 0.00 0.0 0 4.9 15 130 M M 7 18 21 120
4 78 57 68 6 0 3 T 0.0 0 9.2 21 150 M M 9 1 29 150
5 81 67 74 12 0 9 T 0.0 0 12.6 24 180 M M 9 33 170
6 81 70 76 13 0 11 T 0.0 0 14.5 28 180 M M 9 18 38 150
7 72 51 62 -1 3 0 0.01 0.0 0 13.9 28 350 M M 10 35 20
8 52 44 48 -15 17 0 0.23 0.0 0 11.7 22 10 M M 10 1 28 360
9 62 44 53 -10 12 0 0.00 0.0 0 9.2 18 20 M M 7 27 20
10 71 45 58 -6 7 0 0.00 0.0 0 6.8 17 160 M M 3 22 170
11 68 40 54 -10 11 0 T 0.0 0 14.6 33 340 M M 9 18 49 360
12 58 32 45 -19 20 0 0.00 0.0 0 9.2 29 360 M M 2 37 20
13 63 35 49 -15 16 0 0.00 0.0 0 8.3 18 160 M M 4 26 180
14 77 56 67 3 0 2 0.24 0.0 0 12.3 32 290 M M 8 13 43 290
15 75 54 65 1 0 0 0.04 0.0 0 10.7 21 300 M M 1 34 320
16 78 51 65 0 0 0 0.00 0.0 0 5.7 18 160 M M 1 23 160
17 78 53 66 1 0 1 0.07 0.0 0 12.2 24 140 M M 7 1 33 160
18 73 57 65 0 0 0 0.06 0.0 0 14.5 24 320 M M 3 8 32 310
19 77 47 62 -3 3 0 0.00 0.0 0 6.1 16 50 M M 1 22 360
20 74 48 61 -4 4 0 0.00 0.0 0 11.4 26 100 M M 2 8 33 110
21 76 65 71 5 0 6 0.12 0.0 0 19.8 30 140 M M 10 1 45 150
22 74 52 63 -3 2 0 1.24 0.0 0 13.7 35 360 M M 5 13 44 10
23 70 45 58 -8 7 0 0.00 0.0 0 9.6 23 310 M M 2 32 320
24 70 48 59 -7 6 0 0.00 0.0 0 9.5 23 310 M M 0 37 280
25 84 49 67 1 0 2 0.00 0.0 0 4.5 14 160 M M 0 18 300
26 85 52 69 2 0 4 0.00 0.0 0 8.2 18 180 M M 1 18 24 180
27 85 59 72 5 0 7 0.00 0.0 0 10.9 21 220 M M 3 28 210
28 83 62 73 6 0 8 0.00 0.0 0 12.1 22 190 M M 6 31 160
29 81 70 76 9 0 11 T 0.0 0 16.9 28 160 M M 9 41 170
30 84 60 72 5 0 7 0.45 0.0 0 15.3 32 160 M M 5 13 46 160
31 78 53 66 -2 0 1 0.00 0.0 0 7.3 18 10 M M 1 26 10
================================================================================
SM 2309 1604 123 72 2.46 0.0 324.2 M 154
================================================================================
AV 74.5 51.7 10.5 FASTST M M 5 MAX(MPH)
MISC ----> 35 360 49 360
================================================================================
NOTES:
# LAST OF SEVERAL OCCURRENCES
COLUMN 17 PEAK WIND IN M.P.H.
PRELIMINARY LOCAL CLIMATOLOGICAL DATA (WS FORM: F-6) , PAGE 2
STATION: HOUSTON/HOBBY AIRPORT
MONTH: MARCH
YEAR: 2022
LATITUDE: 29 38 N
LONGITUDE: 95 17 W
[TEMPERATURE DATA] [PRECIPITATION DATA] SYMBOLS USED IN COLUMN 16
AVERAGE MONTHLY: 63.1 TOTAL FOR MONTH: 2.46 1 = FOG OR MIST
DPTR FM NORMAL: -1.6 DPTR FM NORMAL: -0.82 2 = FOG REDUCING VISIBILITY
HIGHEST: 85 ON 27,26 GRTST 24HR 1.30 ON 21-22 TO 1/4 MILE OR LESS
LOWEST: 32 ON 12 3 = THUNDER
SNOW, ICE PELLETS, HAIL 4 = ICE PELLETS
TOTAL MONTH: 0.0 INCH 5 = HAIL
GRTST 24HR 0.0 6 = FREEZING RAIN OR DRIZZLE
GRTST DEPTH: 0 7 = DUSTSTORM OR SANDSTORM:
VSBY 1/2 MILE OR LESS
8 = SMOKE OR HAZE
[NO. OF DAYS WITH] [WEATHER - DAYS WITH] 9 = BLOWING SNOW
X = TORNADO
MAX 32 OR BELOW: 0 0.01 INCH OR MORE: 9
MAX 90 OR ABOVE: 0 0.10 INCH OR MORE: 5
MIN 32 OR BELOW: 1 0.50 INCH OR MORE: 1
MIN 0 OR BELOW: 0 1.00 INCH OR MORE: 1
[HDD (BASE 65) ]
TOTAL THIS MO. 123 CLEAR (SCALE 0-3) 13
DPTR FM NORMAL 22 PTCLDY (SCALE 4-7) 10
TOTAL FM JUL 1 926 CLOUDY (SCALE 8-10) 8
DPTR FM NORMAL -150
[CDD (BASE 65) ]
TOTAL THIS MO. 72
DPTR FM NORMAL -18 [PRESSURE DATA]
TOTAL FM JAN 1 118 HIGHEST SLP 30.53 ON 12
DPTR FM NORMAL -24 LOWEST SLP 29.55 ON 30
[REMARKS]
#FINAL-03-22#