000
CXUS53 KGID 011224
CF6HSI
PRELIMINARY LOCAL CLIMATOLOGICAL DATA (WS FORM: F-6)
STATION: HASTINGS NE
MONTH: AUGUST
YEAR: 2022
LATITUDE: 40 35 N
LONGITUDE: 98 26 W
TEMPERATURE IN F: :PCPN: SNOW: WIND :SUNSHINE: SKY :PK WND
================================================================================
1 2 3 4 5 6A 6B 7 8 9 10 11 12 13 14 15 16 17 18
12Z AVG MX 2MIN
DY MAX MIN AVG DEP HDD CDD WTR SNW DPTH SPD SPD DIR MIN PSBL S-S WX SPD DR
================================================================================
1 95 67 81 4 0 16 0.00 0.0 0 5.6 14 180 M M 0 18 21 170
2 97 70 84 7 0 19 0.00 0.0 0 9.3 16 180 M M 0 24 180
3 92 72 82 6 0 17 0.00 0.0 0 8.9 18 10 M M 1 28 190
4 91 64 78 2 0 13 0.00 0.0 0 9.5 16 130 M M 0 23 160
5 96 69 83 7 0 18 0.00 0.0 0 10.8 18 150 M M 0 27 140
6 100 74 87 11 0 22 0.06 0.0 0 8.0 16 50 M M 3 13 22 160
7 84 66 75 -1 0 10 T 0.0 0 11.2 24 340 M M 4 18 29 340
8 80 60 70 -6 0 5 0.00 0.0 0 8.1 22 360 M M 2 30 10
9 87 56 72 -4 0 7 0.00 0.0 0 5.1 10 150 M M 0 15 150
10 93 62 78 2 0 13 0.00 0.0 0 5.8 12 160 M M 1 18 180
11 92 68 80 4 0 15 0.00 0.0 0 8.4 14 150 M M 1 22 200
12 95 63 79 4 0 14 0.00 0.0 0 9.3 16 200 M M 0 26 210
13 90 67 79 4 0 14 0.00 0.0 0 8.3 15 40 M M 1 22 90
14 89 66 78 3 0 13 0.00 0.0 0 10.6 20 110 M M 1 1 30 100
15 80 63 72 -3 0 7 T 0.0 0 10.8 21 60 M M 6 13 30 60
16 65 60 63 -12 2 0 0.03 0.0 0 8.0 17 80 M M 10 1 23 80
17 81 57 69 -5 0 4 0.00 0.0 0 3.5 10 110 M M 5 128 14 80
18 88 58 73 -1 0 8 T 0.0 0 5.3 15 250 M M 1 21 240
19 86 61 74 0 0 9 0.00 0.0 0 4.6 16 340 M M 3 18 21 340
20 81 57 69 -5 0 4 0.00 0.0 0 7.3 16 350 M M 1 22 50
21 84 54 69 -5 0 4 0.00 0.0 0 3.4 10 80 M M 1 1 14 80
22 86 56 71 -3 0 6 0.00 0.0 0 4.6 13 120 M M 0 18 18 130
23 89 60 75 2 0 10 0.00 0.0 0 5.6 14 160 M M 0 21 200
24 91 61 76 3 0 11 0.00 0.0 0 5.6 15 200 M M 0 8 21 200
25 91 63 77 4 0 12 0.00 0.0 0 7.9 17 80 M M 0 8 22 70
26 96 65 81 8 0 16 0.00 0.0 0 9.9 16 130 M M 1 8 24 140
27 81 67 74 2 0 9 0.24 0.0 0 10.4 18 170 M M 3 13 31 170
28 95 65 80 8 0 15 0.00 0.0 0 8.9 16 200 M M 1 1 24 190
29 86 62 74 2 0 9 0.02 0.0 0 6.5 16 50 M M 0 13 24 40
30 87 57 72 0 0 7 0.00 0.0 0 4.9 10 160 M M 0 15 150
31 94 60 77 5 0 12 0.11 0.0 0 7.7 24 10 M M 1 3 34 10
================================================================================
SM 2742 1950 2 339 0.46 0.0 233.8 M 47
================================================================================
AV 88.5 62.9 7.5 FASTST M M 2 MAX(MPH)
MISC ----> # 24 340 34 10
================================================================================
NOTES:
# LAST OF SEVERAL OCCURRENCES
COLUMN 17 PEAK WIND IN M.P.H.
PRELIMINARY LOCAL CLIMATOLOGICAL DATA (WS FORM: F-6) , PAGE 2
STATION: HASTINGS NE
MONTH: AUGUST
YEAR: 2022
LATITUDE: 40 35 N
LONGITUDE: 98 26 W
[TEMPERATURE DATA] [PRECIPITATION DATA] SYMBOLS USED IN COLUMN 16
AVERAGE MONTHLY: 75.7 TOTAL FOR MONTH: 0.46 1 = FOG OR MIST
DPTR FM NORMAL: 1.2 DPTR FM NORMAL: -2.96 2 = FOG REDUCING VISIBILITY
HIGHEST: 100 ON 6 GRTST 24HR 0.24 ON 27-27 TO 1/4 MILE OR LESS
LOWEST: 54 ON 21 3 = THUNDER
SNOW, ICE PELLETS, HAIL 4 = ICE PELLETS
TOTAL MONTH: 0.0 INCH 5 = HAIL
GRTST 24HR 0.0 6 = FREEZING RAIN OR DRIZZLE
GRTST DEPTH: 0 7 = DUSTSTORM OR SANDSTORM:
VSBY 1/2 MILE OR LESS
8 = SMOKE OR HAZE
[NO. OF DAYS WITH] [WEATHER - DAYS WITH] 9 = BLOWING SNOW
X = TORNADO
MAX 32 OR BELOW: 0 0.01 INCH OR MORE: 5
MAX 90 OR ABOVE: 15 0.10 INCH OR MORE: 2
MIN 32 OR BELOW: 0 0.50 INCH OR MORE: 0
MIN 0 OR BELOW: 0 1.00 INCH OR MORE: 0
[HDD (BASE 65) ]
TOTAL THIS MO. 2 CLEAR (SCALE 0-3) 27
DPTR FM NORMAL -2 PTCLDY (SCALE 4-7) 3
TOTAL FM JUL 1 2 CLOUDY (SCALE 8-10) 1
DPTR FM NORMAL 0
[CDD (BASE 65) ]
TOTAL THIS MO. 339
DPTR FM NORMAL 41 [PRESSURE DATA]
TOTAL FM JAN 1 1136 HIGHEST SLP 30.21 ON 30
DPTR FM NORMAL 144 LOWEST SLP 29.60 ON 28
[REMARKS]
#FINAL-08-22#