000
CXUS53 KAPX 011750
CLAHTL
CLIMATE REPORT
NATIONAL WEATHER SERVICE
1250 PM EST SUN JAN 01 2023
...................................
...THE HOUGHTON LAKE MI CLIMATE SUMMARY FOR THE YEAR OF 2022...
CLIMATE NORMAL PERIOD: 1991 TO 2020
CLIMATE RECORD PERIOD: 1913 TO 2022
WEATHER OBSERVED NORMAL DEPART LAST YEAR`S
VALUE DATE(S) VALUE FROM VALUE DATE(S)
NORMAL
................................................................
TEMPERATURE (F)
RECORD
HIGH 107 07/13/1936
07/08/1936
06/01/1934
LOW -34 02/17/1979
HIGHEST 91 06/15 MM MM MM
06/21
LOWEST -15 01/26 MM MM MM
AVG. MAXIMUM 52.1 54.7 -2.6 MM
AVG. MINIMUM 31.3 33.6 -2.3 MM
MEAN 41.7 44.1 -2.4 MM
DAYS MAX >= 90 3 4.2 -1.2 MM
DAYS MAX <= 32 66
DAYS MIN <= 32 142 168.8 -26.8 MM
DAYS MIN <= 0 16 16.6 -0.6 MM
PRECIPITATION (INCHES)
RECORD
MAXIMUM 35.09 2008
MINIMUM 19.32 2020
TOTALS 21.14 29.59 -8.45 MM
DAILY AVG. 0.08 0.08 -0.00 MM
DAYS >= .01 104 141.1 -37.1 MM
DAYS >= .10 53 68.7 -15.7 MM
DAYS >= .50 15 18.1 -3.1 MM
DAYS >= 1.00 2 4.3 -2.3 MM
DAYS >= %-5.2F 0 MM
DAYS >= %-5.2F 0 MM
GREATEST
24 HR. TOTAL 1.44 MM
STORM TOTAL 1.42 MM
(MM/DD(HH))
DEGREE DAYS
HEATING TOTAL 6424 7898 -1474 MM
SINCE 7/1 1561 3008 -1447 MM
COOLING TOTAL 186 337 -151 MM
SINCE 1/1 186 337 -151 MM
FREEZE DATES
RECORD
EARLIEST MM
LATEST MM
EARLIEST 10/18
LATEST 05/30
................................................................
WIND (MPH)
AVERAGE WIND SPEED 7.8
RESULTANT WIND SPEED/DIRECTION 2/250
HIGHEST WIND SPEED/DIRECTION 36/210 DATE 11/05
HIGHEST GUST SPEED/DIRECTION 60/290 DATE 10/12
SKY COVER
POSSIBLE SUNSHINE (PERCENT) MM
AVERAGE SKY COVER 0.52
NUMBER OF DAYS FAIR 88
NUMBER OF DAYS PC 77
NUMBER OF DAYS CLOUDY 85
AVERAGE RH (PERCENT) 71
- INDICATES NEGATIVE NUMBERS.
R INDICATES RECORD WAS SET OR TIED.
MM INDICATES DATA IS MISSING.
T INDICATES TRACE AMOUNT.
$$