000
CXUS51 KRLX 010850
CLMHTS
CLIMATE REPORT
NATIONAL WEATHER SERVICE CHARLESTON WV
450 AM EDT FRI SEP 01 2023
...................................
...THE HUNTINGTON WV CLIMATE SUMMARY FOR THE MONTH OF AUGUST 2023...
CLIMATE NORMAL PERIOD: 1991 TO 2020
CLIMATE RECORD PERIOD: 1897 TO 2023
WEATHER OBSERVED NORMAL DEPART LAST YEAR`S
VALUE DATE(S) VALUE FROM VALUE
NORMAL
..............................................................
TEMPERATURE (F)
RECORD
HIGH 107 08/04/1930
LOW 43 08/29/1986
08/30/1946
HIGHEST 93 08/21 91
LOWEST 54 08/19 57
AVG. MAXIMUM 84.4 85.5 -1.1 84.8
AVG. MINIMUM 65.0 64.8 0.2 65.9
MEAN 74.7 75.2 -0.5 75.4
DAYS MAX >= 90 6 7.1 -1.1 4
DAYS MAX >= 80 26 29
DAYS MIN <= 32 0 0.0 0.0 0
PRECIPITATION (INCHES)
RECORD
MAXIMUM 8.32 1905
MINIMUM 0.68 1962
TOTALS 3.66 3.95 -0.29 3.80
DAILY AVG. 0.12 0.13 -0.01 0.12
DAYS >= .01 7 9.9 -2.9 10
DAYS >= .10 5 6.4 -1.4 7
DAYS >= .50 3 2.7 0.3 3
DAYS >= 1.00 2 1.1 0.9 1
GREATEST
24 HR. TOTAL 1.19 08/07 TO 08/07 1.91
DEGREE DAYS
HEATING TOTAL 0 1 -1 0
SINCE 7/1 0 0 0 MM
COOLING TOTAL 307 316 -9 327
SINCE 1/1 910 1054 -144 MM
..............................................................
WIND (MPH)
AVERAGE WIND SPEED 4.3
HIGHEST WIND SPEED/DIRECTION 23/330 DATE 08/25
HIGHEST GUST SPEED/DIRECTION 31/250 DATE 08/07
SKY COVER
AVERAGE SKY COVER 0.42
NUMBER OF DAYS FAIR 13
NUMBER OF DAYS PC 13
NUMBER OF DAYS CLOUDY 5
AVERAGE RH (PERCENT) 74
WEATHER CONDITIONS. NUMBER OF DAYS WITH
THUNDERSTORM 4 MIXED PRECIP 0
HEAVY RAIN 4 RAIN 4
LIGHT RAIN 10 FREEZING RAIN 0
LT FREEZING RAIN 0 HAIL 0
HEAVY SNOW 0 SNOW 0
LIGHT SNOW 0 SLEET 0
FOG 19 FOG W/VIS <= 1/4 MILE 6
HAZE 7
- INDICATES NEGATIVE NUMBERS.
R INDICATES RECORD WAS SET OR TIED.
MM INDICATES DATA IS MISSING.
T INDICATES TRACE AMOUNT.
$$