000
CXUS51 KRLX 020143
CLMHTS
CLIMATE REPORT
NATIONAL WEATHER SERVICE CHARLESTON WV
943 PM EDT SAT JUL 01 2023
...................................
...THE HUNTINGTON WV CLIMATE SUMMARY FOR THE MONTH OF JUNE 2023...
CLIMATE NORMAL PERIOD: 1991 TO 2020
CLIMATE RECORD PERIOD: 1897 TO 2023
WEATHER OBSERVED NORMAL DEPART LAST YEAR`S
VALUE DATE(S) VALUE FROM VALUE
NORMAL
..............................................................
TEMPERATURE (F)
RECORD
HIGH 105 06/24/1930
LOW 39 06/06/1945
HIGHEST 89 06/03 95
LOWEST 46 06/09 48
AVG. MAXIMUM 80.5 83.3 -2.8 85.2
AVG. MINIMUM 58.0 62.4 -4.4 61.9
MEAN 69.3 72.9 -3.7 73.5
DAYS MAX >= 90 0 4.4 -4.4 10
DAYS MAX >= 80 17 24
DAYS MAX >= 100 0 0
DAYS MIN <= 32 0 0.0 0.0 0
PRECIPITATION (INCHES)
RECORD
MAXIMUM 8.88 1946
MINIMUM 0.41 1966
TOTALS 1.59 4.20 -2.61 3.15
DAILY AVG. 0.05 0.14 -0.09 0.11
DAYS >= .01 12 12.5 -0.5 10
DAYS >= .10 7 8.2 -1.2 7
DAYS >= .50 0 3.1 -3.1 2
DAYS >= 1.00 0 0.8 -0.8 1
GREATEST
24 HR. TOTAL 0.68 06/11 TO 06/12 1.07
DEGREE DAYS
HEATING TOTAL 11 9 2 2
SINCE 7/1 3823 4318 -495 MM
COOLING TOTAL 145 244 -99 267
SINCE 1/1 224 384 -160 MM
..............................................................
WIND (MPH)
AVERAGE WIND SPEED 5.0
HIGHEST WIND SPEED/DIRECTION 24/120 DATE 06/03
HIGHEST GUST SPEED/DIRECTION 36/210 DATE 06/25
SKY COVER
AVERAGE SKY COVER 0.39
NUMBER OF DAYS FAIR 16
NUMBER OF DAYS PC 8
NUMBER OF DAYS CLOUDY 6
AVERAGE RH (PERCENT) 69
WEATHER CONDITIONS. NUMBER OF DAYS WITH
THUNDERSTORM 4 MIXED PRECIP 0
HEAVY RAIN 4 RAIN 3
LIGHT RAIN 13 FREEZING RAIN 0
LT FREEZING RAIN 0 HAIL 0
HEAVY SNOW 0 SNOW 0
LIGHT SNOW 0 SLEET 0
FOG 20 FOG W/VIS <= 1/4 MILE 4
HAZE 14
- INDICATES NEGATIVE NUMBERS.
R INDICATES RECORD WAS SET OR TIED.
MM INDICATES DATA IS MISSING.
T INDICATES TRACE AMOUNT.
$$