000
CXUS53 KIND 010700
CF6HUF
PRELIMINARY LOCAL CLIMATOLOGICAL DATA (WS FORM: F-6)
STATION: TERRE HAUTE IN
MONTH: NOVEMBER
YEAR: 2021
LATITUDE: 39 27 N
LONGITUDE: 87 18 W
TEMPERATURE IN F: :PCPN: SNOW: WIND :SUNSHINE: SKY :PK WND
================================================================================
1 2 3 4 5 6A 6B 7 8 9 10 11 12 13 14 15 16 17 18
12Z AVG MX 2MIN
DY MAX MIN AVG DEP HDD CDD WTR SNW DPTH SPD SPD DIR MIN PSBL S-S WX SPD DR
================================================================================
1 49 34 42 -6 23 0 0.00 M M 5.1 12 300 M M 6 16 310
2 49 29 39 -9 26 0 0.00 M M 5.3 15 310 M M 5 23 350
3 50 25 38 -10 27 0 0.00 M M 1.1 12 360 M M 0 1 16 30
4 52 26 39 -8 26 0 0.00 M M 2.2 13 360 M M 0 1 17 350
5 53 26 40 -7 25 0 0.00 M M 2.8 14 140 M M 0 1 17 150
6 58 25 42 -5 23 0 0.00 M M 1.4 12 230 M M 0 1 17 200
7 64 31 48 2 17 0 0.00 M M 4.4 12 170 M M 0 17 180
8 71 36 54 8 11 0 0.00 M M 7.1 15 200 M M 0 22 210
9 63 40 52 6 13 0 0.00 M M 3.7 13 180 M M 2 16 170
10 67 38 53 8 12 0 0.00 M M 5.7 13 130 M M 3 128 16 160
11 59 40 50 5 15 0 0.35 M M 10.3 21 270 M M 5 1 32 280
12 52 37 45 1 20 0 T M M 12.3 28 250 M M 5 38 250
13 38 36 37 -7 28 0 T M M 9.8 17 260 M M 10 18 25 250
14 42 35 39 -5 26 0 0.21 M M 12.8 25 300 M M 10 1 44 300
15 42 26 34 -9 31 0 T M M 6.6 15 300 M M 6 25 290
16 61 30 46 3 19 0 0.00 M M 7.5 18 180 M M 2 27 190
17 65 45 55 13 10 0 0.24 M M 12.8 21 320 M M 8 1 29 200
18 45 29 37 -5 28 0 0.02 M M 10.9 22 280 M M 2 32 270
19 41 21 31 -11 34 0 0.00 M M 4.4 13 170 M M 0 17 170
20 53 31 42 0 23 0 T M M 6.1 17 210 M M 3 25 210
21 52 37 45 4 20 0 0.40 M M 7.0 23 320 M M 6 1 34 330
22 37 23 30 -11 35 0 0.00 M M 7.7 16 320 M M 0 24 320
23 43 20 32 -8 33 0 0.00 M M 5.5 14 180 M M 0 18 190
24 56 34 45 5 20 0 0.00 M M 13.7 26 190 M M 2 38 200
25 54 29 42 2 23 0 0.37 M M 12.4 21 310 M M 10 1 31 310
26 32 21 27 -12 38 0 0.00 M M 5.5 16 320 M M 4 22 310
27 47 30 39 0 26 0 0.00 M M 7.0 15 170 M M 4 18 170
28 44 26 35 -4 30 0 0.00 M M 8.2 22 320 M M 0 31 310
29 45 20 33 -5 32 0 0.00 M M 6.8 17 200 M M 5 27 190
30 53 27 40 2 25 0 0.00 M M 4.0 13 240 M M 0 18 250
================================================================================
SM 1537 907 719 0 1.59 M 210.1 M 98
================================================================================
AV 51.2 30.2 7.0 FASTST M M 3 MAX(MPH)
MISC ----> 28 250 44 300
================================================================================
NOTES:
# LAST OF SEVERAL OCCURRENCES
COLUMN 17 PEAK WIND IN M.P.H.
PRELIMINARY LOCAL CLIMATOLOGICAL DATA (WS FORM: F-6) , PAGE 2
STATION: TERRE HAUTE IN
MONTH: NOVEMBER
YEAR: 2021
LATITUDE: 39 27 N
LONGITUDE: 87 18 W
[TEMPERATURE DATA] [PRECIPITATION DATA] SYMBOLS USED IN COLUMN 16
AVERAGE MONTHLY: 40.7 TOTAL FOR MONTH: 1.59 1 = FOG OR MIST
DPTR FM NORMAL: -2.4 DPTR FM NORMAL: -1.46 2 = FOG REDUCING VISIBILITY
HIGHEST: 71 ON 8 GRTST 24HR 0.40 ON 20-21 TO 1/4 MILE OR LESS
LOWEST: 20 ON 29,23 3 = THUNDER
SNOW, ICE PELLETS, HAIL 4 = ICE PELLETS
TOTAL MONTH: M 5 = HAIL
GRTST 24HR M ON M 6 = FREEZING RAIN OR DRIZZLE
GRTST DEPTH: M ON M 7 = DUSTSTORM OR SANDSTORM:
VSBY 1/2 MILE OR LESS
8 = SMOKE OR HAZE
[NO. OF DAYS WITH] [WEATHER - DAYS WITH] 9 = BLOWING SNOW
X = TORNADO
MAX 32 OR BELOW: 1 0.01 INCH OR MORE: 6
MAX 90 OR ABOVE: 0 0.10 INCH OR MORE: 5
MIN 32 OR BELOW: 19 0.50 INCH OR MORE: 0
MIN 0 OR BELOW: 0 1.00 INCH OR MORE: 0
[HDD (BASE 65) ]
TOTAL THIS MO. 719 CLEAR (SCALE 0-3) 17
DPTR FM NORMAL 63 PTCLDY (SCALE 4-7) 9
TOTAL FM JUL 1 923 CLOUDY (SCALE 8-10) 4
DPTR FM NORMAL -139
[CDD (BASE 65) ]
TOTAL THIS MO. 0
DPTR FM NORMAL 0 [PRESSURE DATA]
TOTAL FM JAN 1 1364 HIGHEST SLP M ON M
DPTR FM NORMAL 288 LOWEST SLP 29.69 ON 11
[REMARKS]
#FINAL-11-21#