000
CXUS56 KMTR 011000
CF6HWD
PRELIMINARY LOCAL CLIMATOLOGICAL DATA (WS FORM: F-6)
STATION: HAYWARD AIRPORT
MONTH: NOVEMBER
YEAR: 2023
LATITUDE: 37 39 N
LONGITUDE: 122 7 W
TEMPERATURE IN F: :PCPN: SNOW: WIND :SUNSHINE: SKY :PK WND
================================================================================
1 2 3 4 5 6A 6B 7 8 9 10 11 12 13 14 15 16 17 18
12Z AVG MX 2MIN
DY MAX MIN AVG DEP HDD CDD WTR SNW DPTH SPD SPD DIR MIN PSBL S-S WX SPD DR
================================================================================
1 74 47 61 1 4 0 0.00 M M 3.2 8 50 M M 0 11 300
2 76 51 64 4 1 0 0.00 M M 3.1 10 280 M M 0 14 290
3 81 55 68 8 0 3 0.00 M M 3.6 15 290 M M 0 19 280
4 61 0 31 -28 34 0 T M M 4.8 20 290 M M 1 25 280
5 72 0 36 -23 29 0 0.21 M M 4.9 13 280 M M 7 9 17 280
6 68 60 64 5 1 0 0.01 M M 7.1 14 240 M M 4 18 240
7 66 51 59 1 6 0 0.00 M M 5.0 18 290 M M 2 24 280
8 71 45 58 0 7 0 0.00 M M 4.7 14 270 M M 0 19 260
9 67 44 56 -2 9 0 0.00 M M 4.5 13 300 M M 0 17 290
10 69 46 58 0 7 0 0.00 M M 4.6 13 290 M M 1 16 270
11 72 48 60 3 5 0 0.00 M M 4.0 10 290 M M 0 14 280
12 71 47 59 2 6 0 0.00 M M 3.5 14 290 M M 0 18 270
13 67 52 60 3 5 0 0.00 M M 4.5 13 290 M M 2 8 17 300
14 74 54 64 8 1 0 0.00 M M 7.1 18 160 M M 2 28 160
15 71 57 64 8 1 0 0.07 M M 6.2 14 120 M M 7 19 130
16 70 57 64 8 1 0 0.19 M M 5.8 13 50 M M 7 18 18 50
17 72 55 64 8 1 0 0.12 M M 3.6 20 190 M M 4 1 28 180
18 66 54 60 5 5 0 0.24 M M 9.1 22 290 M M 9 1 33 270
19 63 47 55 0 10 0 0.00 M M 6.6 20 290 M M 1 23 280
20 70 42 56 1 9 0 0.00 M M 5.3 18 10 M M 0 28 40
21 66 43 55 0 10 0 0.00 M M 3.5 12 60 M M 0 15 50
22 65 44 55 1 10 0 0.00 M M 2.8 10 270 M M 0 13 290
23 69 48 59 5 6 0 0.00 M M 3.6 14 280 M M 0 17 280
24 64 40 52 -2 13 0 0.00 M M 3.4 13 10 M M 0 19 10
25 65 43 54 0 11 0 0.00 M M 5.4 12 70 M M 0 16 60
26 64 43 54 0 11 0 0.00 M M 3.9 10 70 M M 0 14 80
27 67 39 53 0 12 0 0.00 M M 3.2 13 70 M M 0 19 50
28 65 42 54 1 11 0 0.02 M M 3.4 9 260 M M 1 14 230
29 66 48 57 4 8 0 0.09 M M 4.9 12 260 M M 5 1 16 50
30 63 46 55 2 10 0 0.00 M M 8.0 22 280 M M 1 29 290
================================================================================
SM 2055 1348 244 3 0.95 M 143.3 M 54
================================================================================
AV 68.5 44.9 4.8 FASTST M M 2 MAX(MPH)
MISC ----> # 22 290 33 270
================================================================================
NOTES:
# LAST OF SEVERAL OCCURRENCES
COLUMN 17 PEAK WIND IN M.P.H.
PRELIMINARY LOCAL CLIMATOLOGICAL DATA (WS FORM: F-6) , PAGE 2
STATION: HAYWARD AIRPORT
MONTH: NOVEMBER
YEAR: 2023
LATITUDE: 37 39 N
LONGITUDE: 122 7 W
[TEMPERATURE DATA] [PRECIPITATION DATA] SYMBOLS USED IN COLUMN 16
AVERAGE MONTHLY: 56.7 TOTAL FOR MONTH: 0.95 1 = FOG OR MIST
DPTR FM NORMAL: 0.5 DPTR FM NORMAL: -0.56 2 = FOG REDUCING VISIBILITY
HIGHEST: 81 ON 3 GRTST 24HR 0.30 ON 17-18 TO 1/4 MILE OR LESS
LOWEST: 0 ON 5, 4 3 = THUNDER
SNOW, ICE PELLETS, HAIL 4 = ICE PELLETS
TOTAL MONTH: M 5 = HAIL
GRTST 24HR M ON M 6 = FREEZING RAIN OR DRIZZLE
GRTST DEPTH: M ON M 7 = DUSTSTORM OR SANDSTORM:
VSBY 1/2 MILE OR LESS
8 = SMOKE OR HAZE
[NO. OF DAYS WITH] [WEATHER - DAYS WITH] 9 = BLOWING SNOW
X = TORNADO
MAX 32 OR BELOW: 0 0.01 INCH OR MORE: 8
MAX 90 OR ABOVE: 0 0.10 INCH OR MORE: 4
MIN 32 OR BELOW: 2 0.50 INCH OR MORE: 0
MIN 0 OR BELOW: 2 1.00 INCH OR MORE: 0
[HDD (BASE 65) ]
TOTAL THIS MO. 244 CLEAR (SCALE 0-3) 23
DPTR FM NORMAL -24 PTCLDY (SCALE 4-7) 6
TOTAL FM JUL 1 320 CLOUDY (SCALE 8-10) 1
DPTR FM NORMAL -105
[CDD (BASE 65) ]
TOTAL THIS MO. 3
DPTR FM NORMAL 1 [PRESSURE DATA]
TOTAL FM JAN 1 448 HIGHEST SLP M ON M
DPTR FM NORMAL 80 LOWEST SLP 29.74 ON 15
[REMARKS]
#FINAL-11-23#