000
CXUS56 KMTR 010900
CF6HWD
PRELIMINARY LOCAL CLIMATOLOGICAL DATA (WS FORM: F-6)
STATION: HAYWARD AIRPORT
MONTH: OCTOBER
YEAR: 2023
LATITUDE: 37 39 N
LONGITUDE: 122 7 W
TEMPERATURE IN F: :PCPN: SNOW: WIND :SUNSHINE: SKY :PK WND
================================================================================
1 2 3 4 5 6A 6B 7 8 9 10 11 12 13 14 15 16 17 18
12Z AVG MX 2MIN
DY MAX MIN AVG DEP HDD CDD WTR SNW DPTH SPD SPD DIR MIN PSBL S-S WX SPD DR
================================================================================
1 73 54 64 -2 1 0 0.00 M M 6.0 17 290 M M 1 22 290
2 75 53 64 -2 1 0 0.00 M M 4.5 16 290 M M 1 20 300
3 78 54 66 0 0 1 0.00 M M 4.0 14 280 M M 0 16 290
4 88 58 73 7 0 8 0.00 M M 4.3 10 250 M M 0 14 230
5 93 65 79 13 0 14 0.00 M M 5.0 13 290 M M 0 16 290
6 96 65 81 16 0 16 0.00 M M 3.8 14 290 M M 0 17 290
7 93 65 79 14 0 14 0.00 M M 4.2 14 280 M M 0 16 290
8 76 59 68 3 0 3 0.00 M M 6.9 17 290 M M 1 1 21 290
9 72 60 66 1 0 1 T M M 6.4 13 280 M M 10 1 17 280
10 71 60 66 1 0 1 T M M 9.4 20 290 M M 6 1 27 290
11 72 56 64 -1 1 0 0.00 M M 9.4 21 290 M M 1 27 270
12 76 52 64 0 1 0 0.00 M M 5.1 15 280 M M 0 20 280
13 75 54 65 1 0 0 0.00 M M 5.4 16 290 M M 1 20 300
14 77 61 69 5 0 4 0.00 M M 4.9 17 290 M M 5 22 290
15 80 59 70 6 0 5 0.00 M M 5.5 15 290 M M 4 18 17 300
16 76 54 65 1 0 0 0.00 M M 3.9 14 280 M M 0 17 280
17 78 61 70 6 0 5 0.00 M M 4.7 15 290 M M 4 1 19 290
18 86 57 72 9 0 7 0.00 M M 2.6 8 280 M M 0 11 280
19 89 60 75 12 0 10 0.00 M M 4.3 10 280 M M 0 13 260
20 71 59 65 2 0 0 0.00 M M 6.5 15 290 M M 4 18 21 280
21 72 55 64 1 1 0 0.00 M M 5.2 16 300 M M 2 23 280
22 71 60 66 4 0 1 0.18 M M 7.4 16 270 M M 10 1 21 260
23 72 58 65 3 0 0 0.01 M M 4.9 16 280 M M 3 1 20 290
24 73 56 65 3 0 0 0.00 M M 5.3 20 300 M M 5 1 25 300
25 66 57 62 0 3 0 0.00 M M 9.7 18 280 M M 6 30 240
26 68 45 57 -5 8 0 0.00 M M 5.4 18 280 M M 0 24 280
27 63 44 54 -7 11 0 0.00 M M 6.8 15 270 M M 0 19 260
28 69 45 57 -4 8 0 0.00 M M 5.8 15 280 M M 0 20 280
29 76 48 62 1 3 0 0.00 M M 6.2 14 40 M M 0 21 20
30 73 46 60 -1 5 0 0.00 M M 4.4 9 50 M M 0 12 50
31 72 46 59 -1 6 0 0.00 M M 3.5 9 50 M M 0 12 250
================================================================================
SM 2370 1726 49 90 0.19 M 171.4 M 64
================================================================================
AV 76.5 55.7 5.5 FASTST M M 2 MAX(MPH)
MISC ----> 21 290 30 240
================================================================================
NOTES:
# LAST OF SEVERAL OCCURRENCES
COLUMN 17 PEAK WIND IN M.P.H.
PRELIMINARY LOCAL CLIMATOLOGICAL DATA (WS FORM: F-6) , PAGE 2
STATION: HAYWARD AIRPORT
MONTH: OCTOBER
YEAR: 2023
LATITUDE: 37 39 N
LONGITUDE: 122 7 W
[TEMPERATURE DATA] [PRECIPITATION DATA] SYMBOLS USED IN COLUMN 16
AVERAGE MONTHLY: 66.1 TOTAL FOR MONTH: 0.19 1 = FOG OR MIST
DPTR FM NORMAL: 2.6 DPTR FM NORMAL: -0.62 2 = FOG REDUCING VISIBILITY
HIGHEST: 96 ON 6 GRTST 24HR 0.18 ON 22-23 TO 1/4 MILE OR LESS
LOWEST: 44 ON 27 3 = THUNDER
SNOW, ICE PELLETS, HAIL 4 = ICE PELLETS
TOTAL MONTH: M 5 = HAIL
GRTST 24HR M ON M 6 = FREEZING RAIN OR DRIZZLE
GRTST DEPTH: M ON M 7 = DUSTSTORM OR SANDSTORM:
VSBY 1/2 MILE OR LESS
8 = SMOKE OR HAZE
[NO. OF DAYS WITH] [WEATHER - DAYS WITH] 9 = BLOWING SNOW
X = TORNADO
MAX 32 OR BELOW: 0 0.01 INCH OR MORE: 2
MAX 90 OR ABOVE: 3 0.10 INCH OR MORE: 1
MIN 32 OR BELOW: 0 0.50 INCH OR MORE: 0
MIN 0 OR BELOW: 0 1.00 INCH OR MORE: 0
[HDD (BASE 65) ]
TOTAL THIS MO. 49 CLEAR (SCALE 0-3) 21
DPTR FM NORMAL -39 PTCLDY (SCALE 4-7) 8
TOTAL FM JUL 1 76 CLOUDY (SCALE 8-10) 2
DPTR FM NORMAL -81
[CDD (BASE 65) ]
TOTAL THIS MO. 90
DPTR FM NORMAL 49 [PRESSURE DATA]
TOTAL FM JAN 1 445 HIGHEST SLP M ON M
DPTR FM NORMAL 79 LOWEST SLP 29.80 ON 22
[REMARKS]
#FINAL-10-23#