000
CXUS55 KPIH 012345
CF6IDA
PRELIMINARY LOCAL CLIMATOLOGICAL DATA (WS FORM: F-6)
STATION: IDAHO FALLS
MONTH: MAY
YEAR: 2023
LATITUDE: 43 31 N
LONGITUDE: 112 4 W
TEMPERATURE IN F: :PCPN: SNOW: WIND :SUNSHINE: SKY :PK WND
================================================================================
1 2 3 4 5 6A 6B 7 8 9 10 11 12 13 14 15 16 17 18
12Z AVG MX 2MIN
DY MAX MIN AVG DEP HDD CDD WTR SNW DPTH SPD SPD DIR MIN PSBL S-S WX SPD DR
================================================================================
1 82 44 63 15 2 0 0.00 M M 9.3 24 160 M M 0 33 170
2 78 45 62 14 3 0 0.00 M M 7.1 21 190 M M 1 28 180
3 80 39 60 11 5 0 0.00 M M 6.5 21 150 M M 0 25 160
4 67 47 57 8 8 0 0.06 M M 10.0 25 220 M M 4 35 220
5 60 45 53 4 12 0 0.03 M M 10.2 32 170 M M 7 44 180
6 61 39 50 0 15 0 T M M 14.4 29 210 M M 6 40 230
7 56 38 47 -3 18 0 0.10 M M 13.1 26 190 M M 8 1 36 190
8 60 31 46 -4 19 0 0.24 M M 5.8 25 180 M M 3 33 180
9 58 34 46 -5 19 0 0.02 M M 9.1 24 230 M M 2 18 40 210
10 61 35 48 -3 17 0 T M M 6.9 15 340 M M 5 20 330
11 68 32 50 -1 15 0 0.00 M M 5.8 17 260 M M 2 23 340
12 71 36 54 2 11 0 0.00 M M 12.1 24 10 M M 0 33 30
13 74 44 59 7 6 0 T M M 10.3 22 20 M M 5 29 70
14 73 47 60 8 5 0 T M M 8.8 21 100 M M 3 31 90
15 75 51 63 10 2 0 T M M 7.3 24 210 M M 4 34 210
16 76 41 59 6 6 0 0.01 M M 6.4 23 350 M M 3 30 350
17 74 40 57 4 8 0 0.01 M M 6.6 24 260 M M 2 3 33 290
18 77 43 60 6 5 0 0.00 M M 6.2 15 20 M M 3 8 22 40
19 80 41 61 7 4 0 0.00 M M 4.9 13 360 M M 0 8 17 210
20 84 42 63 9 2 0 0.00 M M 4.7 15 310 M M 0 18 21 320
21 86 43 65 11 0 0 0.00 M M 4.7 16 200 M M 0 18 22 230
22 80 50 65 10 0 0 0.00 M M 13.8 23 210 M M 0 32 220
23 78 53 66 11 0 1 1.27 M M 10.0 32 180 M M 5 13 47 140
24 70 51 61 6 4 0 0.05 M M 5.3 21 180 M M 6 30 180
25 72 46 59 3 6 0 0.04 M M 5.5 22 190 M M 2 18 29 190
26 67 50 59 3 6 0 T M M 6.9 23 240 M M 4 33 230
27 69 47 58 2 7 0 0.02 M M 8.7 21 210 M M 5 29 200
28 72 46 59 3 6 0 0.00 M M 9.8 20 200 M M 3 27 220
29 76 45 61 5 4 0 0.00 M M 8.0 26 210 M M 1 3 37 190
30 78 43 61 4 4 0 0.12 M M 8.0 31 190 M M 2 13 40 180
31 80 47 64 7 1 0 0.00 M M 6.0 18 330 M M 1 26 320
================================================================================
SM 2243 1335 220 1 1.97 M 252.2 M 87
================================================================================
AV 72.4 43.1 8.1 FASTST M M 3 MAX(MPH)
MISC ----> # 32 170 47 140
================================================================================
NOTES:
# LAST OF SEVERAL OCCURRENCES
COLUMN 17 PEAK WIND IN M.P.H.
PRELIMINARY LOCAL CLIMATOLOGICAL DATA (WS FORM: F-6) , PAGE 2
STATION: IDAHO FALLS
MONTH: MAY
YEAR: 2023
LATITUDE: 43 31 N
LONGITUDE: 112 4 W
[TEMPERATURE DATA] [PRECIPITATION DATA] SYMBOLS USED IN COLUMN 16
AVERAGE MONTHLY: 57.7 TOTAL FOR MONTH: 1.97 1 = FOG OR MIST
DPTR FM NORMAL: 4.9 DPTR FM NORMAL: 0.40 2 = FOG REDUCING VISIBILITY
HIGHEST: 86 ON 21 GRTST 24HR 1.28 ON 23-24 TO 1/4 MILE OR LESS
LOWEST: 31 ON 8 3 = THUNDER
SNOW, ICE PELLETS, HAIL 4 = ICE PELLETS
TOTAL MONTH: M 5 = HAIL
GRTST 24HR M ON M 6 = FREEZING RAIN OR DRIZZLE
GRTST DEPTH: M ON M 7 = DUSTSTORM OR SANDSTORM:
VSBY 1/2 MILE OR LESS
8 = SMOKE OR HAZE
[NO. OF DAYS WITH] [WEATHER - DAYS WITH] 9 = BLOWING SNOW
X = TORNADO
MAX 32 OR BELOW: 0 0.01 INCH OR MORE: 12
MAX 90 OR ABOVE: 0 0.10 INCH OR MORE: 4
MIN 32 OR BELOW: 2 0.50 INCH OR MORE: 1
MIN 0 OR BELOW: 0 1.00 INCH OR MORE: 1
[HDD (BASE 65) ]
TOTAL THIS MO. 220 CLEAR (SCALE 0-3) 19
DPTR FM NORMAL -160 PTCLDY (SCALE 4-7) 12
TOTAL FM JUL 1 8213 CLOUDY (SCALE 8-10) 0
DPTR FM NORMAL 584
[CDD (BASE 65) ]
TOTAL THIS MO. 1
DPTR FM NORMAL -1 [PRESSURE DATA]
TOTAL FM JAN 1 1 HIGHEST SLP 30.28 ON 15
DPTR FM NORMAL -1 LOWEST SLP 29.55 ON 1
[REMARKS]
1ST: HIGH OF 82 TIES OLD RECORD OF 82 SET IN 1985.
23RD: RAINFALL OF 1.27 INCHES BREAKS PREVIOUS RECORD OF 0.7 SET IN
2020
#FINAL-05-23#