000
CXUS53 KUNR 010930
CF6IEN
PRELIMINARY LOCAL CLIMATOLOGICAL DATA (WS FORM: F-6)
STATION: PINE RIDGE SD
MONTH: JULY
YEAR: 2021
LATITUDE: 43 1 N
LONGITUDE: 102 31 W
TEMPERATURE IN F: :PCPN: SNOW: WIND :SUNSHINE: SKY :PK WND
================================================================================
1 2 3 4 5 6A 6B 7 8 9 10 11 12 13 14 15 16 17 18
12Z AVG MX 2MIN
DY MAX MIN AVG DEP HDD CDD WTR SNW DPTH SPD SPD DIR MIN PSBL S-S WX SPD DR
================================================================================
1 89 63 76 4 0 11 0.00 M M 10.7 18 150 M M 2 30 100
2 91 65 78 6 0 13 0.00 M M 14.7 25 180 M M 0 39 170
3 99 71 85 13 0 20 0.00 M M 13.7 31 180 M M 0 43 170
4 96 65 81 9 0 16 0.00 M M 7.8 20 80 M M 0 27 80
5 101 60 81 8 0 16 0.03 M M 8.6 33 290 M M 1 8 47 270
6 86 61 74 1 0 9 0.01 M M 8.3 20 40 M M 5 1 30 20
7 95 64 80 7 0 15 T M M 9.2 28 310 M M 2 42 310
8 97 68 83 9 0 18 T M M 7.1 22 10 M M 1 32 10
9 92 63 78 4 0 13 0.53 M M 9.8 28 300 M M 4 138 38 300
10 82 57 70 -4 0 5 0.03 M M 7.3 22 20 M M 2 13 27 30
11 88 50 69 -5 0 4 0.00 M M 5.5 20 180 M M 0 28 190
12 93 61 77 3 0 12 0.00 M M 9.2 24 180 M M 0 35 180
13 85 60 73 -2 0 8 0.11 M M 9.6 30 20 M M 2 3 40 10
14 77 58 68 -7 0 3 T M M 7.6 26 30 M M 7 13 39 30
15 89 56 73 -2 0 8 0.00 M M 10.0 22 170 M M 0 1 35 160
16 96 63 80 5 0 15 0.34 M M 15.5 41 340 M M 1 138 67 350
17 90 61 76 1 0 11 0.00 M M 8.7 24 280 M M 0 34 300
18 96 60 78 3 0 13 0.00 M M 6.8 17 180 M M 0 23 180
19 95 67 81 6 0 16 0.00 M M 8.0 18 170 M M 0 29 170
20 95 68 82 7 0 17 0.00 M M 16.4 29 180 M M 0 43 170
21 98 71 85 9 0 20 T M M 10.9 29 180 M M 1 3 41 170
22 103 67 85 9 0 20 0.02 M M 7.5 25 310 M M 1 38 300
23 88 61 75 -1 0 10 T M M 4.8 15 290 M M 2 21 290
24 96 56 76 0 0 11 0.00 M M 5.3 14 160 M M 1 1 22 170
25 99 71 85 9 0 20 0.00 M M 17.1 25 190 M M 0 38 180
26 103 67 85 9 0 20 0.00 M M 11.9 22 180 M M 0 32 190
27 105 64 85 9 0 20 0.00 M M 10.9 26 200 M M 0 36 200
28 106 71 89 13 0 24 0.00 M M 10.4 23 40 M M 0 34 200
29 89 68 79 4 0 14 0.00 M M 13.3 23 70 M M 3 8 34 70
30 88 62 75 0 0 10 T M M 8.1 22 20 M M 7 18 30 20
31 90 56 73 -2 0 8 0.00 M M 5.6 18 10 M M 4 18 28 70
================================================================================
SM 2897 1955 0 420 1.07 M 300.3 M 46
================================================================================
AV 93.5 63.1 9.7 FASTST M M 1 MAX(MPH)
MISC ----> 41 340 67 350
================================================================================
NOTES:
# LAST OF SEVERAL OCCURRENCES
COLUMN 17 PEAK WIND IN M.P.H.
PRELIMINARY LOCAL CLIMATOLOGICAL DATA (WS FORM: F-6) , PAGE 2
STATION: PINE RIDGE SD
MONTH: JULY
YEAR: 2021
LATITUDE: 43 1 N
LONGITUDE: 102 31 W
[TEMPERATURE DATA] [PRECIPITATION DATA] SYMBOLS USED IN COLUMN 16
AVERAGE MONTHLY: 78.3 TOTAL FOR MONTH: 1.07 1 = FOG OR MIST
DPTR FM NORMAL: 3.8 DPTR FM NORMAL: -1.05 2 = FOG REDUCING VISIBILITY
HIGHEST: 106 ON 28 GRTST 24HR 0.56 ON 9-10 TO 1/4 MILE OR LESS
LOWEST: 50 ON 11 3 = THUNDER
SNOW, ICE PELLETS, HAIL 4 = ICE PELLETS
TOTAL MONTH: M 5 = HAIL
GRTST 24HR M ON M 6 = FREEZING RAIN OR DRIZZLE
GRTST DEPTH: M ON M 7 = DUSTSTORM OR SANDSTORM:
VSBY 1/2 MILE OR LESS
8 = SMOKE OR HAZE
[NO. OF DAYS WITH] [WEATHER - DAYS WITH] 9 = BLOWING SNOW
X = TORNADO
MAX 32 OR BELOW: 0 0.01 INCH OR MORE: 7
MAX 90 OR ABOVE: 21 0.10 INCH OR MORE: 3
MIN 32 OR BELOW: 0 0.50 INCH OR MORE: 1
MIN 0 OR BELOW: 0 1.00 INCH OR MORE: 0
[HDD (BASE 65) ]
TOTAL THIS MO. 0 CLEAR (SCALE 0-3) 25
DPTR FM NORMAL -7 PTCLDY (SCALE 4-7) 6
TOTAL FM JUL 1 0 CLOUDY (SCALE 8-10) 0
DPTR FM NORMAL -2
[CDD (BASE 65) ]
TOTAL THIS MO. 420
DPTR FM NORMAL 120 [PRESSURE DATA]
TOTAL FM JAN 1 652 HIGHEST SLP 30.24 ON 31
DPTR FM NORMAL 205 LOWEST SLP 29.66 ON 8
[REMARKS]
#FINAL-07-21#