000
CXUS54 KFWD 070343
CF6ILE
PRELIMINARY LOCAL CLIMATOLOGICAL DATA (WS FORM: F-6)
STATION: KILLEEN SKYLARK
MONTH: NOVEMBER
YEAR: 2020
LATITUDE: 31 4 N
LONGITUDE: 97 41 W
TEMPERATURE IN F: :PCPN: SNOW: WIND :SUNSHINE: SKY :PK WND
================================================================================
1 2 3 4 5 6A 6B 7 8 9 10 11 12 13 14 15 16 17 18
12Z AVG MX 2MIN
DY MAX MIN AVG DEP HDD CDD WTR SNW DPTH SPD SPD DIR MIN PSBL S-S WX SPD DR
================================================================================
1 75 45 60 -3 5 0 0.00 M M 6.7 17 10 M M 0 21 20
2 73 40 57 -5 8 0 0.00 M M 4.0 7 120 M M 0 M M
3 79 41 60 -2 5 0 0.00 M M 6.1 12 160 M M 0 M M
4 78 45 62 0 3 0 0.00 M M 8.6 16 190 M M 0 21 170
5 81 55 68 7 0 3 0.00 M M 7.2 13 210 M M 1 M M
6 77 57 67 6 0 2 0.00 M M 6.7 9 120 M M 4 M M
7 77 49 63 2 2 0 0.00 M M 4.3 10 130 M M 0 M M
8 78 59 69 9 0 4 0.00 M M 8.7 16 150 M M 3 1 21 150
9 81 61 71 11 0 6 0.00 M M 10.4 18 190 M M 4 1 23 180
10 77 54 66 6 0 1 0.00 M M 7.1 15 170 M M 5 1 21 160
11 77 46 62 3 3 0 0.00 M M 4.5 8 30 M M 0 M M
12 80 55 68 9 0 3 0.00 M M 5.1 14 180 M M 4 M M
13 78 56 67 9 0 2 0.00 M M 4.4 9 120 M M 3 M M
14 82 64 73 15 0 8 0.00 M M 10.5 20 200 M M 5 30 190
15 69 41 55 -3 10 0 0.00 M M 10.9 22 360 M M 0 38 350
16 71 33 52 -5 13 0 0.00 M M 2.4 8 150 M M 0 M M
17 74 37 56 -1 9 0 0.00 M M 3.2 10 90 M M 0 M M
18 76 37 57 1 8 0 0.00 M M 5.6 13 190 M M 0 18 170
19 79 55 67 11 0 2 0.00 M M 10.1 16 170 M M 3 23 170
20 79 58 69 13 0 4 0.00 M M 7.8 13 160 M M 2 M M
21 78 64 71 16 0 6 0.00 M M 5.2 9 130 M M 8 M M
22 73 49 61 6 4 0 0.00 M M 8.5 18 10 M M 9 24 10
23 60 47 54 0 11 0 0.00 M M 8.0 15 140 M M 9 22 140
24 80 58 69 15 0 4 M M M 12.0 24 200 M M 7 138 35 180
25 67 44 56 2 9 0 T M M 6.4 16 320 M M 4 25 320
26 78 40 59 6 6 0 0.00 M M 5.6 13 180 M M 0 M M
27 64 56 60 7 5 0 M M M 7.4 14 10 M M 9 1 16 10
28 58 49 54 1 11 0 T M M 7.1 13 20 M M 8 1 M M
29 M M M M M M M M M M M M M M 0 M M
30 M M M M M M 0.00 M M M M M M M 0 M M
================================================================================
SM 2099 1395 112 45 T M 194.5 M 88
================================================================================
AV 75.0 49.8 6.9 FASTST M M 3 MAX(MPH)
MISC ----> 24 200 38 350
================================================================================
NOTES:
# LAST OF SEVERAL OCCURRENCES
COLUMN 17 PEAK WIND IN M.P.H.
PRELIMINARY LOCAL CLIMATOLOGICAL DATA (WS FORM: F-6) , PAGE 2
STATION: KILLEEN SKYLARK
MONTH: NOVEMBER
YEAR: 2020
LATITUDE: 31 4 N
LONGITUDE: 97 41 W
[TEMPERATURE DATA] [PRECIPITATION DATA] SYMBOLS USED IN COLUMN 16
AVERAGE MONTHLY: 62.4 TOTAL FOR MONTH: T 1 = FOG OR MIST
DPTR FM NORMAL: 5.1 DPTR FM NORMAL: -2.88 2 = FOG REDUCING VISIBILITY
HIGHEST: 82 ON 14 GRTST 24HR T ON 25-25 TO 1/4 MILE OR LESS
LOWEST: 33 ON 16 3 = THUNDER
SNOW, ICE PELLETS, HAIL 4 = ICE PELLETS
TOTAL MONTH: M 5 = HAIL
GRTST 24HR M ON M 6 = FREEZING RAIN OR DRIZZLE
GRTST DEPTH: M ON M 7 = DUSTSTORM OR SANDSTORM:
VSBY 1/2 MILE OR LESS
8 = SMOKE OR HAZE
[NO. OF DAYS WITH] [WEATHER - DAYS WITH] 9 = BLOWING SNOW
X = TORNADO
MAX 32 OR BELOW: 0 0.01 INCH OR MORE: 0
MAX 90 OR ABOVE: 0 0.10 INCH OR MORE: 0
MIN 32 OR BELOW: 0 0.50 INCH OR MORE: 0
MIN 0 OR BELOW: 0 1.00 INCH OR MORE: 0
[HDD (BASE 65) ]
TOTAL THIS MO. 112 CLEAR (SCALE 0-3) 17
DPTR FM NORMAL -150 PTCLDY (SCALE 4-7) 9
TOTAL FM JUL 1 225 CLOUDY (SCALE 8-10) 4
DPTR FM NORMAL -107
[CDD (BASE 65) ]
TOTAL THIS MO. 45
DPTR FM NORMAL 12 [PRESSURE DATA]
TOTAL FM JAN 1 2921 HIGHEST SLP M ON M
DPTR FM NORMAL 378 LOWEST SLP M ON M
[REMARKS]
#FINAL-11-20#