000
CXUS52 KILM 022029
CF6ILM
PRELIMINARY LOCAL CLIMATOLOGICAL DATA (WS FORM: F-6)
STATION: WILMINGTON NORTH CAROLINA
MONTH: NOVEMBER
YEAR: 2021
LATITUDE: 34 16 N
LONGITUDE: 77 55 W
TEMPERATURE IN F: :PCPN: SNOW: WIND :SUNSHINE: SKY :PK WND
================================================================================
1 2 3 4 5 6A 6B 7 8 9 10 11 12 13 14 15 16 17 18
12Z AVG MX 2MIN
DY MAX MIN AVG DEP HDD CDD WTR SNW DPTH SPD SPD DIR MIN PSBL S-S WX SPD DR
================================================================================
1 73 49 61 1 4 0 0.00 0.0 0 3.6 12 330 M M 0 15 340
2 76 48 62 2 3 0 0.00 0.0 0 3.1 17 20 M M 0 1 25 20
3 63 50 57 -3 8 0 0.00 0.0 0 11.2 20 30 M M 5 24 40
4 60 45 53 -6 12 0 0.00 0.0 0 12.0 17 360 M M 6 26 10
5 55 42 49 -10 16 0 0.00 0.0 0 11.5 22 20 M M 0 29 10
6 63 48 56 -3 9 0 0.34 0.0 0 17.8 28 10 M M 8 1 38 360
7 62 48 55 -3 10 0 T 0.0 0 17.1 30 350 M M 6 39 10
8 73 40 57 -1 8 0 0.00 0.0 0 8.6 21 350 M M 0 26 340
9 79 41 60 2 5 0 0.00 0.0 0 1.4 8 350 M M 0 12 330
10 78 46 62 4 3 0 0.00 0.0 0 2.4 9 190 M M 0 1 11 240
11 77 46 62 5 3 0 0.05 0.0 0 5.5 16 230 M M 4 1 22 160
12 78 54 66 9 0 1 0.09 0.0 0 5.7 16 180 M M 4 1 23 190
13 74 46 60 3 5 0 0.00 0.0 0 5.4 17 270 M M 1 12 22 260
14 67 39 53 -3 12 0 0.00 0.0 0 5.9 13 260 M M 1 16 260
15 66 40 53 -3 12 0 0.00 0.0 0 7.5 18 310 M M 0 22 300
16 72 36 54 -2 11 0 0.00 0.0 0 2.9 12 240 M M 0 18 250
17 77 45 61 5 4 0 0.00 0.0 0 4.1 14 190 M M 0 19 250
18 77 53 65 10 0 0 0.00 0.0 0 4.1 15 210 M M 3 17 210
19 66 37 52 -3 13 0 0.00 0.0 0 10.7 23 340 M M 0 18 33 350
20 65 35 50 -5 15 0 0.00 0.0 0 8.0 14 30 M M 1 19 20
21 75 43 59 5 6 0 0.00 0.0 0 2.9 8 120 M M 2 12 120
22 69 47 58 4 7 0 0.07 0.0 0 5.6 15 330 M M 4 1 19 320
23 51 30 41 -13 24 0 0.00 0.0 0 9.5 22 330 M M 2 31 330
24 56 27 42 -12 23 0 0.00 0.0 0 3.9 13 360 M M 0 18 17 360
25 67 30 49 -5 16 0 0.00 0.0 0 4.7 15 250 M M 0 18 18 250
26 65 38 52 -1 13 0 0.18 0.0 0 9.6 23 310 M M 3 1 28 320
27 56 32 44 -9 21 0 0.00 0.0 0 3.9 16 340 M M 0 20 340
28 70 37 54 1 11 0 0.00 0.0 0 6.7 17 250 M M 0 1 22 230
29 55 32 44 -9 21 0 0.00 0.0 0 6.9 18 330 M M 0 26 350
30 62 28 45 -7 20 0 0.00 0.0 0 4.3 14 240 M M 0 19 230
================================================================================
SM 2027 1232 315 1 0.73 0.0 206.5 M 50
================================================================================
AV 67.6 41.1 6.9 FASTST M M 2 MAX(MPH)
MISC ----> 30 350 39 10
================================================================================
NOTES:
# LAST OF SEVERAL OCCURRENCES
COLUMN 17 PEAK WIND IN M.P.H.
PRELIMINARY LOCAL CLIMATOLOGICAL DATA (WS FORM: F-6) , PAGE 2
STATION: WILMINGTON NORTH CAROLINA
MONTH: NOVEMBER
YEAR: 2021
LATITUDE: 34 16 N
LONGITUDE: 77 55 W
[TEMPERATURE DATA] [PRECIPITATION DATA] SYMBOLS USED IN COLUMN 16
AVERAGE MONTHLY: 54.3 TOTAL FOR MONTH: 0.73 1 = FOG OR MIST
DPTR FM NORMAL: -1.8 DPTR FM NORMAL: -2.83 2 = FOG REDUCING VISIBILITY
HIGHEST: 79 ON 9 GRTST 24HR 0.34 ON 6- 6 TO 1/4 MILE OR LESS
LOWEST: 27 ON 24 3 = THUNDER
SNOW, ICE PELLETS, HAIL 4 = ICE PELLETS
TOTAL MONTH: 0.0 INCH 5 = HAIL
GRTST 24HR 0.0 6 = FREEZING RAIN OR DRIZZLE
GRTST DEPTH: 0 7 = DUSTSTORM OR SANDSTORM:
VSBY 1/2 MILE OR LESS
8 = SMOKE OR HAZE
[NO. OF DAYS WITH] [WEATHER - DAYS WITH] 9 = BLOWING SNOW
X = TORNADO
MAX 32 OR BELOW: 0 0.01 INCH OR MORE: 5
MAX 90 OR ABOVE: 0 0.10 INCH OR MORE: 2
MIN 32 OR BELOW: 6 0.50 INCH OR MORE: 0
MIN 0 OR BELOW: 0 1.00 INCH OR MORE: 0
[HDD (BASE 65) ]
TOTAL THIS MO. 315 CLEAR (SCALE 0-3) 22
DPTR FM NORMAL 27 PTCLDY (SCALE 4-7) 8
TOTAL FM JUL 1 340 CLOUDY (SCALE 8-10) 0
DPTR FM NORMAL -33
[CDD (BASE 65) ]
TOTAL THIS MO. 1
DPTR FM NORMAL -21 [PRESSURE DATA]
TOTAL FM JAN 1 2313 HIGHEST SLP 30.50 ON 20
DPTR FM NORMAL 186 LOWEST SLP 29.80 ON 22
[REMARKS]
#FINAL-11-21#