000
CXUS53 KILX 180900
CF6ILX
PRELIMINARY LOCAL CLIMATOLOGICAL DATA (WS FORM: F-6)
STATION: LINCOLN IL
MONTH: APRIL
YEAR: 2024
LATITUDE: 40 9 N
LONGITUDE: 89 20 W
TEMPERATURE IN F: :PCPN: SNOW: WIND :SUNSHINE: SKY :PK WND
================================================================================
1 2 3 4 5 6A 6B 7 8 9 10 11 12 13 14 15 16 17 18
12Z AVG MX 2MIN
DY MAX MIN AVG DEP HDD CDD WTR SNW DPTH SPD SPD DIR MIN PSBL S-S WX SPD DR
================================================================================
1 63 46 55 8 10 0 1.28 0.0 0 M M M M M M 13 M M
2 63 37 50 2 15 0 0.19 0.0 0 M M M M M M 1 M M
3 40 34 37 -11 28 0 0.15 T 0 M M M M M M 1 M M
4 42 35 39 -9 26 0 0.07 T 0 M M M M M M M M
5 46 31 39 -10 26 0 0.00 0.0 0 M M M M M M M M
6 55 29 42 -7 23 0 0.00 0.0 0 M M M M M M M M
7 61 38 50 1 15 0 0.21 T 0 M M M M M M 35 M M
8 73 43 58 8 7 0 0.00 0.0 0 M M M M M M M M
9 65 42 54 4 11 0 0.00 0.0 0 M M M M M M M M
10 66 41 54 4 11 0 0.11 0.0 0 M M M M M M M M
11 66 48 57 6 8 0 0.04 0.0 0 M M M M M M M M
12 64 44 54 3 11 0 0.26 0.0 0 M M M M M M M M
13 75 36 56 4 9 0 0.00 0.0 0 M M M M M M M M
14 85 59 72 20 0 7 0.00 0.0 0 M M M M M M M M
15 82 54 68 16 0 3 0.00 0.0 0 M M M M M M M M
16 82 59 71 18 0 6 0.03 0.0 0 M M M M M M 3 M M
17 68 46 57 4 8 0 0.00 0.0 0 M M M M M M M M
================================================================================
SM 1096 722 208 16 2.34 T M M M
================================================================================
AV 64.5 42.5 M FASTST M M M MAX(MPH)
MISC ----> M M M M
================================================================================
NOTES:
# LAST OF SEVERAL OCCURRENCES
COLUMN 17 PEAK WIND IN M.P.H.
PRELIMINARY LOCAL CLIMATOLOGICAL DATA (WS FORM: F-6) , PAGE 2
STATION: LINCOLN IL
MONTH: APRIL
YEAR: 2024
LATITUDE: 40 9 N
LONGITUDE: 89 20 W
[TEMPERATURE DATA] [PRECIPITATION DATA] SYMBOLS USED IN COLUMN 16
AVERAGE MONTHLY: 53.5 TOTAL FOR MONTH: 2.34 1 = FOG OR MIST
DPTR FM NORMAL: 3.4 DPTR FM NORMAL: 0.16 2 = FOG REDUCING VISIBILITY
HIGHEST: 85 ON 14 GRTST 24HR 1.28 ON 1- 1 TO 1/4 MILE OR LESS
LOWEST: 29 ON 6 3 = THUNDER
SNOW, ICE PELLETS, HAIL 4 = ICE PELLETS
TOTAL MONTH: T 5 = HAIL
GRTST 24HR T ON 3- 3 6 = FREEZING RAIN OR DRIZZLE
GRTST DEPTH: 0 7 = DUSTSTORM OR SANDSTORM:
VSBY 1/2 MILE OR LESS
8 = SMOKE OR HAZE
[NO. OF DAYS WITH] [WEATHER - DAYS WITH] 9 = BLOWING SNOW
X = TORNADO
MAX 32 OR BELOW: 0 0.01 INCH OR MORE: 9
MAX 90 OR ABOVE: 0 0.10 INCH OR MORE: 6
MIN 32 OR BELOW: 2 0.50 INCH OR MORE: 1
MIN 0 OR BELOW: 0 1.00 INCH OR MORE: 1
[HDD (BASE 65) ]
TOTAL THIS MO. 208 CLEAR (SCALE 0-3) 0
DPTR FM NORMAL -48 PTCLDY (SCALE 4-7) 0
TOTAL FM JUL 1 4559 CLOUDY (SCALE 8-10) 17
DPTR FM NORMAL -791
[CDD (BASE 65) ]
TOTAL THIS MO. 16
DPTR FM NORMAL 16 [PRESSURE DATA]
TOTAL FM JAN 1 16 HIGHEST SLP M ON M
DPTR FM NORMAL 14 LOWEST SLP M ON M
[REMARKS]