000
CXUS53 KILX 011748
CLAILX
CLIMATE REPORT
NATIONAL WEATHER SERVICE LINCOLN IL
1220 PM CST SUN JAN 01 2023
...................................
...THE LINCOLN IL CLIMATE SUMMARY FOR THE YEAR OF 2022...
CLIMATE NORMAL PERIOD 1991 TO 2020
CLIMATE RECORD PERIOD 1905 TO 2022
WEATHER OBSERVED NORMAL DEPART LAST YEAR`S
VALUE DATE(S) VALUE FROM VALUE
NORMAL
..............................................................
TEMPERATURE (F)
RECORD
HIGH 113 07/15/1936
LOW -34 01/15/1927
HIGHEST 96 07/05 MM MM 95
LOWEST -9 12/22 MM MM -13
12/23
AVG. MAXIMUM 62.2 62.8 -0.6 63.6
AVG. MINIMUM 40.3 41.7 -1.4 43.3
MEAN 51.2 52.2 -1.0 53.5
DAYS MAX >= 90 15 24.2 -9.2 16
DAYS MAX <= 32 37 32.7 4.3 28
DAYS MIN <= 32 127 125.7 1.3 115
DAYS MIN <= 0 10 6.9 3.1 7
PRECIPITATION (INCHES)
RECORD
MAXIMUM 56.25 2008
MINIMUM 14.03 1988
TOTALS 36.41 39.83 -3.42 42.41
DAILY AVG. 0.10 0.12
DAYS >= .01 109 117.9 -8.9 131
DAYS >= .10 67 72.4 -5.4 77
DAYS >= .50 27 25.9 1.1 29
DAYS >= 1.00 7 8.9 -1.9 11
GREATEST
24 HR. TOTAL 2.10 08/02 2.57
SNOWFALL (INCHES)
RECORDS
TOTAL 50.9 1914
24 HR TOTAL 13.0 02/23/1914
TOTALS 28.5 19.3 9.2 22.0
DAYS >= TRACE 48 16.5 31.5 40
DAYS >= 1.0 8 6.6 1.4 5
GREATEST
SNOW DEPTH 10 02/04 7
24 HR TOTAL 8.3 02/02 5.3
DEGREE DAYS
HEATING TOTAL 5911 5624 287 5235
COOLING TOTAL 1025 1014 11 1192
FREEZE DATES
RECORD
EARLIEST 09/11/1917
LATEST 05/29/1925
EARLIEST 10/08
LATEST 04/19
..............................................................
SKY COVER
POSSIBLE SUNSHINE (PERCENT) MM
WEATHER CONDITIONS. NUMBER OF DAYS WITH
THUNDERSTORM 34 MIXED PRECIP 1
HEAVY RAIN 29 RAIN 58
LIGHT RAIN 116 FREEZING RAIN 1
LT FREEZING RAIN 4 HAIL 3
HEAVY SNOW 1 SNOW 4
LIGHT SNOW 44 SLEET 5
FOG 69 FOG W/VIS <= 1/4 MILE 12
HAZE 4
- INDICATES NEGATIVE NUMBERS.
R INDICATES RECORD WAS SET OR TIED.
MM INDICATES DATA IS MISSING.
T INDICATES TRACE AMOUNT.
&&
RECORDS ESTABLISHED DURING THE YEAR:
JANUARY - NO RECORDS ESTABLISHED
FEBRUARY:
* 2ND SNOWIEST FEBRUARY ON RECORD WITH 20.3 INCHES
* 8TH WETTEST FEBRUARY ON RECORD WITH 3.35 INCHES
* RECORD DAILY PRECIPITATION OF 0.81 INCHES ON THE 2ND
* RECORD DAILY SNOWFALL OF 8.3 INCHES ON THE 2ND
* RECORD DAILY SNOWFALL OF 6.8 INCHES ON THE 17TH
MARCH -- NO RECORDS ESTABLISHED
APRIL -- NO RECORDS ESTABLISHED
MAY:
- RECORD WARM LOW TEMPERATURE OF 69 DEGREES ON THE 10TH
- TIED RECORD WARM LOW TEMPERATURE OF 68 DEGREES ON THE 11TH
- RECORD HIGH TEMPERATURE OF 94 DEGREES ON THE 11TH
- RECORD WARM LOW TEMPERATURE OF 68 DEGREES ON THE 12TH
JUNE:
- RECORD WARM LOW TEMPERATURE OF 78 DEGREES ON THE 14TH
- RECORD WARM LOW TEMPERATURE OF 75 DEGREES ON THE 15TH
- RECORD WARM LOW TEMPERATURE OF 76 DEGREES ON THE 16TH
- TIED RECORD LOW TEMPERATURE OF 48 DEGREES ON THE 19TH
JULY:
- RECORD WARM LOW TEMPERATURE OF 77 DEGREES ON THE 5TH
AUGUST:
- RECORD DAILY RAINFALL OF 2.10 INCHES ON THE 2ND
SEPTEMBER:
- TIED RECORD HIGH TEMPERATURE OF 94 DEGREES ON THE 20TH
OCTOBER:
- RECORD DAILY SNOWFALL OF A TRACE ON THE 17TH
NOVEMBER:
- TIED RECORD HIGH TEMPERATURE OF 75 DEGREES ON THE 10TH
DECEMBER:
- RECORD DAILY PRECIPITATION OF 1.91 INCHES ON THE 14TH
$$
GEELHART