000
CXUS54 KMAF 011509
CF6INK
PRELIMINARY LOCAL CLIMATOLOGICAL DATA (WS FORM: F-6)
STATION: WINK
MONTH: NOVEMBER
YEAR: 2022
LATITUDE: 31 46 N
LONGITUDE: 103 12 W
TEMPERATURE IN F: :PCPN: SNOW: WIND :SUNSHINE: SKY :PK WND
================================================================================
1 2 3 4 5 6A 6B 7 8 9 10 11 12 13 14 15 16 17 18
12Z AVG MX 2MIN
DY MAX MIN AVG DEP HDD CDD WTR SNW DPTH SPD SPD DIR MIN PSBL S-S WX SPD DR
================================================================================
1 76 51 64 5 1 0 0.00 M M 8.7 16 130 M M 1 12 20 140
2 79 54 67 8 0 2 0.00 M M 12.8 20 140 M M 0 1 24 130
3 85 58 72 14 0 7 0.00 M M 14.7 25 140 M M 3 1 35 140
4 64 39 52 -6 13 0 0.00 M M 15.0 33 270 M M 0 1 45 270
5 76 34 55 -3 10 0 0.00 M M 11.5 29 250 M M 0 8 39 250
6 82 41 62 5 3 0 0.00 M M 5.0 12 180 M M 0 17 240
7 78 45 62 5 3 0 0.00 M M 10.7 21 130 M M 1 26 140
8 79 64 72 16 0 7 0.00 M M 16.0 26 140 M M 2 35 140
9 85 61 73 17 0 8 0.00 M M 17.4 29 160 M M 0 38 160
10 78 51 65 9 0 0 0.00 M M 7.6 20 290 M M 0 1 25 290
11 56 35 46 -9 19 0 0.00 M M 11.4 22 10 M M 0 29 20
12 53 24 39 -16 26 0 0.00 M M 7.1 14 140 M M 0 20 140
13 56 35 46 -8 19 0 0.00 M M 13.4 23 150 M M 0 28 130
14 58 30 44 -10 21 0 T M M 11.2 29 340 M M 1 37 340
15 51 22 37 -17 28 0 0.00 M M 6.0 13 110 M M 3 17 80
16 51 36 44 -9 21 0 0.00 M M 8.4 16 90 M M 8 21 90
17 56 24 40 -13 25 0 0.00 M M 6.0 14 190 M M 1 18 200
18 47 31 39 -13 26 0 0.00 M M 11.5 20 30 M M 3 25 30
19 39 27 33 -19 32 0 T M M 6.2 15 50 M M 9 168 20 30
20 42 28 35 -17 30 0 T M M 4.9 12 160 M M 9 18 14 170
21 57 27 42 -9 23 0 0.00 M M 3.9 10 140 M M 4 12 11 150
22 63 25 44 -7 21 0 0.00 M M 6.9 15 130 M M 1 12 20 130
23 65 44 55 4 10 0 0.00 M M 7.5 12 120 M M 5 1 M M
24 58 35 47 -3 18 0 0.00 M M 18.6 22 360 M M 6 33 10
25 M M M M M M M M M M M M M M M M M
26 M M M M M M M M M M M M M M M M M
27 M M M M M M M M M M M M M M M M M
28 71 29 50 1 15 0 0.00 M M 8.5 25 250 M M 0 34 250
29 73 35 54 5 11 0 0.00 M M 12.5 31 260 M M 0 44 270
30 47 28 38 -10 27 0 0.00 M M 8.6 24 40 M M 0 32 60
================================================================================
SM 1725 1013 402 24 T M 272.0 M 57
================================================================================
AV 63.9 37.5 10.1 FASTST M M 2 MAX(MPH)
MISC ----> 33 270 45 270
================================================================================
NOTES:
# LAST OF SEVERAL OCCURRENCES
COLUMN 17 PEAK WIND IN M.P.H.
PRELIMINARY LOCAL CLIMATOLOGICAL DATA (WS FORM: F-6) , PAGE 2
STATION: WINK
MONTH: NOVEMBER
YEAR: 2022
LATITUDE: 31 46 N
LONGITUDE: 103 12 W
[TEMPERATURE DATA] [PRECIPITATION DATA] SYMBOLS USED IN COLUMN 16
AVERAGE MONTHLY: 50.7 TOTAL FOR MONTH: T 1 = FOG OR MIST
DPTR FM NORMAL: -2.8 DPTR FM NORMAL: -0.49 2 = FOG REDUCING VISIBILITY
HIGHEST: 85 ON 9, 3 GRTST 24HR T ON 1- 1 TO 1/4 MILE OR LESS
LOWEST: 22 ON 15 3 = THUNDER
SNOW, ICE PELLETS, HAIL 4 = ICE PELLETS
TOTAL MONTH: M 5 = HAIL
GRTST 24HR M ON M 6 = FREEZING RAIN OR DRIZZLE
GRTST DEPTH: M ON M 7 = DUSTSTORM OR SANDSTORM:
VSBY 1/2 MILE OR LESS
8 = SMOKE OR HAZE
[NO. OF DAYS WITH] [WEATHER - DAYS WITH] 9 = BLOWING SNOW
X = TORNADO
MAX 32 OR BELOW: 0 0.01 INCH OR MORE: 0
MAX 90 OR ABOVE: 0 0.10 INCH OR MORE: 0
MIN 32 OR BELOW: 11 0.50 INCH OR MORE: 0
MIN 0 OR BELOW: 0 1.00 INCH OR MORE: 0
[HDD (BASE 65) ]
TOTAL THIS MO. 402 CLEAR (SCALE 0-3) 20
DPTR FM NORMAL 49 PTCLDY (SCALE 4-7) 5
TOTAL FM JUL 1 492 CLOUDY (SCALE 8-10) 5
DPTR FM NORMAL 43
[CDD (BASE 65) ]
TOTAL THIS MO. 24
DPTR FM NORMAL 16 [PRESSURE DATA]
TOTAL FM JAN 1 2884 HIGHEST SLP 30.47 ON 20
DPTR FM NORMAL 220 LOWEST SLP 29.65 ON 29
[REMARKS]
#FINAL-11-22#