000
CXUS53 KDLH 010820
CF6INL
PRELIMINARY LOCAL CLIMATOLOGICAL DATA (WS FORM: F-6)
STATION: INTERNATIONAL FALLS
MONTH: APRIL
YEAR: 2023
LATITUDE: 48 34 N
LONGITUDE: 93 23 W
TEMPERATURE IN F: :PCPN: SNOW: WIND :SUNSHINE: SKY :PK WND
================================================================================
1 2 3 4 5 6A 6B 7 8 9 10 11 12 13 14 15 16 17 18
12Z AVG MX 2MIN
DY MAX MIN AVG DEP HDD CDD WTR SNW DPTH SPD SPD DIR MIN PSBL S-S WX SPD DR
================================================================================
1 42 15 29 -3 36 0 0.00 0.0 22 5.3 12 100 M M 2 16 350
2 43 28 36 4 29 0 0.18 1.2 22 4.9 14 140 M M 9 12 19 130
3 33 23 28 -4 37 0 T 0.3 22 6.9 16 20 M M 9 12 23 20
4 25 20 23 -10 42 0 0.22 2.5 23 13.0 22 60 M M 10 12 35 70
5 26 19 23 -10 42 0 0.15 2.9 23 10.5 22 60 M M 10 1468 35 70
6 30 6 18 -16 47 0 0.01 T 26 10.7 22 300 M M 9 18 34 300
7 40 -3 19 -15 46 0 0.00 0.0 25 3.2 9 50 M M 0 14 40
8 50 13 32 -3 33 0 0.00 0.0 23 8.3 17 120 M M 0 24 150
9 61 34 48 13 17 0 0.00 0.0 21 8.3 20 220 M M 1 30 230
10 65 28 47 11 18 0 0.00 0.0 17 7.4 20 240 M M 0 30 230
11 71 31 51 15 14 0 0.00 0.0 12 4.3 14 210 M M 0 21 210
12 71 36 54 17 11 0 0.00 0.0 M 4.7 13 320 M M 0 1 16 310
13 50 39 45 8 20 0 0.08 M M 9.3 21 90 M M 4 3 30 70
14 65 38 52 14 13 0 T 0.0 M 7.7 16 290 M M 5 23 70
15 40 28 34 -4 31 0 0.20 M M 11.4 20 10 M M 10 1 28 350
16 30 26 28 -10 37 0 0.08 M M 16.4 25 350 M M 10 18 36 360
17 43 26 35 -4 30 0 0.00 0.0 2 12.6 23 350 M M 7 33 350
18 48 22 35 -4 30 0 0.00 0.0 T 6.9 13 20 M M 1 17 20
19 43 33 38 -2 27 0 0.00 0.0 T 14.0 25 110 M M 6 35 120
20 38 28 33 -7 32 0 0.56 5.9 T 15.2 24 70 M M 10 12 36 50
21 34 26 30 -10 35 0 0.14 2.6 8 13.7 22 350 M M 10 18 30 360
22 38 18 28 -13 37 0 T T 6 9.5 18 360 M M 8 25 30
23 40 11 26 -15 39 0 T M 6 1.4 15 360 M M 5 24 350
24 42 19 31 -11 34 0 0.00 0.0 3 4.3 12 350 M M 5 16 40
25 45 25 35 -7 30 0 0.00 0.0 1 2.8 13 20 M M 6 18 360
26 52 23 38 -5 27 0 0.19 0.0 T 5.0 15 210 M M 4 1 26 180
27 55 36 46 3 19 0 0.02 0.0 T 4.3 15 10 M M 10 12 20 340
28 47 36 42 -2 23 0 0.07 0.0 0 4.6 10 110 M M 10 1 13 60
29 48 33 41 -3 24 0 T 0.0 0 11.1 20 360 M M 8 27 340
30 50 35 43 -1 22 0 0.00 0.0 0 16.6 28 350 M M 9 38 360
================================================================================
SM 1365 752 882 0 1.90 15.4 254.3 M 178
================================================================================
AV 45.5 25.1 8.5 FASTST M M 6 MAX(MPH)
MISC ----> 28 350 38 360
================================================================================
NOTES:
# LAST OF SEVERAL OCCURRENCES
COLUMN 17 PEAK WIND IN M.P.H.
PRELIMINARY LOCAL CLIMATOLOGICAL DATA (WS FORM: F-6) , PAGE 2
STATION: INTERNATIONAL FALLS
MONTH: APRIL
YEAR: 2023
LATITUDE: 48 34 N
LONGITUDE: 93 23 W
[TEMPERATURE DATA] [PRECIPITATION DATA] SYMBOLS USED IN COLUMN 16
AVERAGE MONTHLY: 35.3 TOTAL FOR MONTH: 1.90 1 = FOG OR MIST
DPTR FM NORMAL: -2.8 DPTR FM NORMAL: 0.26 2 = FOG REDUCING VISIBILITY
HIGHEST: 71 ON 12,11 GRTST 24HR 0.56 ON 20-20 TO 1/4 MILE OR LESS
LOWEST: -3 ON 7 3 = THUNDER
SNOW, ICE PELLETS, HAIL 4 = ICE PELLETS
TOTAL MONTH: 15.4 INCHES 5 = HAIL
GRTST 24HR 5.9 ON 20-20 6 = FREEZING RAIN OR DRIZZLE
GRTST DEPTH: 26 ON 6 7 = DUSTSTORM OR SANDSTORM:
VSBY 1/2 MILE OR LESS
8 = SMOKE OR HAZE
[NO. OF DAYS WITH] [WEATHER - DAYS WITH] 9 = BLOWING SNOW
X = TORNADO
MAX 32 OR BELOW: 4 0.01 INCH OR MORE: 12
MAX 90 OR ABOVE: 0 0.10 INCH OR MORE: 7
MIN 32 OR BELOW: 21 0.50 INCH OR MORE: 1
MIN 0 OR BELOW: 1 1.00 INCH OR MORE: 0
[HDD (BASE 65) ]
TOTAL THIS MO. 882 CLEAR (SCALE 0-3) 8
DPTR FM NORMAL 75 PTCLDY (SCALE 4-7) 9
TOTAL FM JUL 1 8159 CLOUDY (SCALE 8-10) 13
DPTR FM NORMAL -1423
[CDD (BASE 65) ]
TOTAL THIS MO. 0
DPTR FM NORMAL 0 [PRESSURE DATA]
TOTAL FM JAN 1 0 HIGHEST SLP 30.60 ON 7
DPTR FM NORMAL 0 LOWEST SLP 29.41 ON 5
[REMARKS]
#FINAL-04-23#