000
CXUS53 KDLH 012227
CF6INL
PRELIMINARY LOCAL CLIMATOLOGICAL DATA (WS FORM: F-6)
STATION: INTERNATIONAL FALLS
MONTH: JANUARY
YEAR: 2024
LATITUDE: 48 34 N
LONGITUDE: 93 23 W
TEMPERATURE IN F: :PCPN: SNOW: WIND :SUNSHINE: SKY :PK WND
================================================================================
1 2 3 4 5 6A 6B 7 8 9 10 11 12 13 14 15 16 17 18
12Z AVG MX 2MIN
DY MAX MIN AVG DEP HDD CDD WTR SNW DPTH SPD SPD DIR MIN PSBL S-S WX SPD DR
================================================================================
1 32 14 23 17 42 0 0.00 0.0 1 8.2 16 210 M M 5 24 220
2 31 24 28 22 37 0 T T 1 8.3 16 300 M M 10 18 23 290
3 25 13 19 13 46 0 0.01 0.3 1 8.5 18 360 M M 9 18 27 330
4 17 11 14 8 51 0 T T 1 6.1 12 210 M M 10 19 240
5 23 16 20 14 45 0 0.13 1.3 2 6.5 13 100 M M 10 1 18 110
6 30 16 23 17 42 0 0.17 1.8 4 7.0 15 340 M M 10 1 19 330
7 16 -2 7 2 58 0 T T 4 5.3 13 340 M M 6 18 16 330
8 16 -3 7 2 58 0 T 0.1 4 3.8 12 100 M M 7 1 15 100
9 18 16 17 12 48 0 0.00 0.0 4 4.7 9 350 M M 10 1 12 40
10 22 17 20 15 45 0 0.02 0.5 4 5.8 10 110 M M 10 1 13 110
11 22 4 13 8 52 0 0.13 3.3 6 6.6 12 260 M M 9 18 18 240
12 8 2 5 0 60 0 T 0.7 6 7.6 15 20 M M 10 18 26 40
13 2 -11 -4 -9 69 0 0.00 0.0 6 9.2 15 290 M M 3 8 22 310
14 -4 -13 -8 -13 73 0 T T 6 10.3 17 280 M M 9 8 26 290
15 -6 -17 -11 -15 76 0 T T 6 10.5 18 260 M M 6 8 30 240
16 -1 -10 -5 -9 70 0 0.03 0.4 5 7.9 15 240 M M 10 8 26 230
17 1 -18 -8 -12 73 0 T T 5 4.3 14 280 M M 4 18 19 270
18 -1 -19 -10 -14 75 0 T 0.1 5 4.0 13 320 M M 6 8 14 330
19 2 -18 -8 -12 73 0 T 0.2 5 3.6 9 350 M M 4 18 11 350
20 9 -23 -7 -11 72 0 0.00 0.0 5 3.0 9 180 M M 0 17 170
21 18 7 13 9 52 0 T T 5 7.1 17 210 M M 8 28 230
22 21 13 17 13 48 0 0.16 3.0 8 4.5 10 30 M M 10 18 14 50
23 30 11 21 17 44 0 0.01 T 8 6.6 13 130 M M 9 1 20 200
24 31 29 30 26 35 0 0.01 0.2 7 5.1 13 220 M M 10 1 21 230
25 33 28 31 27 34 0 T T 7 1.3 6 210 M M 10 18 9 270
26 32 28 30 25 35 0 T T 7 4.6 12 250 M M 10 18 20 220
27 30 26 28 23 37 0 0.00 0.0 7 4.4 12 230 M M 10 18 20 250
28 43 22 33 28 32 0 0.00 0.0 7 3.9 9 210 M M 5 12 14 210
29 38 22 30 25 35 0 T 0.0 7 7.9 21 330 M M 6 1 25 330
30 36 27 32 27 33 0 T T 6 5.9 15 10 M M 7 1 23 10
31 53 30 42 37 23 0 0.00 0.0 6 6.5 14 240 M M 1 22 270
================================================================================
SM 627 242 1573 0 0.67 11.9 189.0 M 234
================================================================================
AV 20.2 7.8 6.1 FASTST M M 8 MAX(MPH)
MISC ----> 21 330 30 240
================================================================================
NOTES:
# LAST OF SEVERAL OCCURRENCES
COLUMN 17 PEAK WIND IN M.P.H.
PRELIMINARY LOCAL CLIMATOLOGICAL DATA (WS FORM: F-6) , PAGE 2
STATION: INTERNATIONAL FALLS
MONTH: JANUARY
YEAR: 2024
LATITUDE: 48 34 N
LONGITUDE: 93 23 W
[TEMPERATURE DATA] [PRECIPITATION DATA] SYMBOLS USED IN COLUMN 16
AVERAGE MONTHLY: 14.0 TOTAL FOR MONTH: 0.67 1 = FOG OR MIST
DPTR FM NORMAL: 9.0 DPTR FM NORMAL: -0.12 2 = FOG REDUCING VISIBILITY
HIGHEST: 53 ON 31 GRTST 24HR 0.30 ON 10-10 TO 1/4 MILE OR LESS
LOWEST: -23 ON 20 3 = THUNDER
SNOW, ICE PELLETS, HAIL 4 = ICE PELLETS
TOTAL MONTH: 11.9 INCHES 5 = HAIL
GRTST 24HR 3.3 ON 11-11 6 = FREEZING RAIN OR DRIZZLE
GRTST DEPTH: 8 ON 23,22 7 = DUSTSTORM OR SANDSTORM:
VSBY 1/2 MILE OR LESS
8 = SMOKE OR HAZE
[NO. OF DAYS WITH] [WEATHER - DAYS WITH] 9 = BLOWING SNOW
X = TORNADO
MAX 32 OR BELOW: 26 0.01 INCH OR MORE: 9
MAX 90 OR ABOVE: 0 0.10 INCH OR MORE: 4
MIN 32 OR BELOW: 31 0.50 INCH OR MORE: 0
MIN 0 OR BELOW: 10 1.00 INCH OR MORE: 0
[HDD (BASE 65) ]
TOTAL THIS MO. 1573 CLEAR (SCALE 0-3) 3
DPTR FM NORMAL -288 PTCLDY (SCALE 4-7) 10
TOTAL FM JUL 1 4428 CLOUDY (SCALE 8-10) 18
DPTR FM NORMAL -1512
[CDD (BASE 65) ]
TOTAL THIS MO. 0
DPTR FM NORMAL 0 [PRESSURE DATA]
TOTAL FM JAN 1 0 HIGHEST SLP 30.67 ON 20
DPTR FM NORMAL 0 LOWEST SLP 29.50 ON 10
[REMARKS]
#FINAL-01-24#