000
CXUS56 KFGZ 010900
CF6INW
PRELIMINARY LOCAL CLIMATOLOGICAL DATA (WS FORM: F-6)
STATION: WINSLOW AZ AIRPORT
MONTH: SEPTEMBER
YEAR: 2020
LATITUDE: 35 1 N
LONGITUDE: 110 44 W
TEMPERATURE IN F: :PCPN: SNOW: WIND :SUNSHINE: SKY :PK WND
================================================================================
1 2 3 4 5 6A 6B 7 8 9 10 11 12 13 14 15 16 17 18
12Z AVG MX 2MIN
DY MAX MIN AVG DEP HDD CDD WTR SNW DPTH SPD SPD DIR MIN PSBL S-S WX SPD DR
================================================================================
1 95 63 79 5 0 14 0.00 M M 12.6 26 310 M M 2 36 300
2 94 48 71 -2 0 6 0.00 M M 5.4 15 230 M M 0 18 230
3 98 53 76 3 0 11 0.00 M M 4.2 14 240 M M 0 17 240
4 101 54 78 5 0 13 0.00 M M 4.6 13 220 M M 0 17 240
5 103 59 81 9 0 16 0.00 M M 6.5 25 160 M M 0 30 170
6 103 56 80 8 0 15 0.00 M M 5.7 15 300 M M 0 20 330
7 102 52 77 5 0 12 0.00 M M 8.1 23 240 M M 0 30 230
8 85 51 68 -4 0 3 T M M 15.2 35 230 M M 2 43 230
9 68 42 55 -16 10 0 0.00 M M 11.3 25 300 M M 2 31 310
10 72 36 54 -17 11 0 0.00 M M 6.6 13 310 M M 0 17 300
11 77 38 58 -13 7 0 0.00 M M 3.5 10 100 M M 0 13 110
12 83 38 61 -9 4 0 0.00 M M 3.0 10 90 M M 0 12 110
13 89 40 65 -5 0 0 0.00 M M 4.3 14 120 M M 0 19 130
14 88 54 71 1 0 6 0.00 M M 7.9 15 120 M M 0 21 70
15 91 53 72 3 0 7 0.00 M M 4.9 17 280 M M 0 24 290
16 92 44 68 -1 0 3 0.00 M M 3.1 14 330 M M 0 18 320
17 94 46 70 2 0 5 0.00 M M 5.6 14 60 M M 0 18 150
18 93 48 71 3 0 6 0.00 M M 6.0 16 190 M M 0 21 190
19 91 55 73 5 0 8 0.00 M M 7.6 18 180 M M 1 22 160
20 92 54 73 6 0 8 0.00 M M 5.0 14 170 M M 0 19 80
21 91 51 71 4 0 6 0.00 M M 7.7 33 200 M M 0 40 190
22 86 51 69 3 0 4 T M M 8.6 24 240 M M 3 31 250
23 90 53 72 6 0 7 0.00 M M 5.9 15 300 M M 1 22 320
24 92 45 69 3 0 4 0.00 M M 4.7 14 230 M M 0 16 230
25 94 51 73 8 0 8 0.00 M M 9.2 22 230 M M 0 38 250
26 93 52 73 8 0 8 0.00 M M 8.9 23 250 M M 0 29 230
27 91 49 70 6 0 5 0.00 M M 5.4 13 20 M M 0 17 320
28 82 49 66 2 0 1 0.00 M M 5.3 15 310 M M 0 19 310
29 82 37 60 -3 5 0 0.00 M M 5.2 10 220 M M 0 15 320
30 89 38 64 1 1 0 0.00 M M 4.3 10 350 M M 0 15 350
================================================================================
SM 2701 1460 38 176 T M 196.3 M 11
================================================================================
AV 90.0 48.7 6.5 FASTST M M 0 MAX(MPH)
MISC ----> # 35 230 # 43 230
================================================================================
NOTES:
# LAST OF SEVERAL OCCURRENCES
COLUMN 17 PEAK WIND IN M.P.H.
PRELIMINARY LOCAL CLIMATOLOGICAL DATA (WS FORM: F-6) , PAGE 2
STATION: WINSLOW AZ AIRPORT
MONTH: SEPTEMBER
YEAR: 2020
LATITUDE: 35 1 N
LONGITUDE: 110 44 W
[TEMPERATURE DATA] [PRECIPITATION DATA] SYMBOLS USED IN COLUMN 16
AVERAGE MONTHLY: 69.4 TOTAL FOR MONTH: T 1 = FOG OR MIST
DPTR FM NORMAL: 0.7 DPTR FM NORMAL: -0.88 2 = FOG REDUCING VISIBILITY
HIGHEST: 103 ON 6, 5 GRTST 24HR 0.02 ON 31- 1 TO 1/4 MILE OR LESS
LOWEST: 36 ON 10 3 = THUNDER
SNOW, ICE PELLETS, HAIL 4 = ICE PELLETS
TOTAL MONTH: M 5 = HAIL
GRTST 24HR M ON M 6 = FREEZING RAIN OR DRIZZLE
GRTST DEPTH: M ON M 7 = DUSTSTORM OR SANDSTORM:
VSBY 1/2 MILE OR LESS
8 = SMOKE OR HAZE
[NO. OF DAYS WITH] [WEATHER - DAYS WITH] 9 = BLOWING SNOW
X = TORNADO
MAX 32 OR BELOW: 0 0.01 INCH OR MORE: 0
MAX 90 OR ABOVE: 19 0.10 INCH OR MORE: 0
MIN 32 OR BELOW: 0 0.50 INCH OR MORE: 0
MIN 0 OR BELOW: 0 1.00 INCH OR MORE: 0
[HDD (BASE 65) ]
TOTAL THIS MO. 38 CLEAR (SCALE 0-3) 30
DPTR FM NORMAL 7 PTCLDY (SCALE 4-7) 0
TOTAL FM JUL 1 38 CLOUDY (SCALE 8-10) 0
DPTR FM NORMAL 7
[CDD (BASE 65) ]
TOTAL THIS MO. 176
DPTR FM NORMAL 33 [PRESSURE DATA]
TOTAL FM JAN 1 1613 HIGHEST SLP M ON M
DPTR FM NORMAL 412 LOWEST SLP 29.50 ON 8
[REMARKS]
#FINAL-09-20#