000
CXUS55 KPSR 011005
CF6IPL
PRELIMINARY LOCAL CLIMATOLOGICAL DATA (WS FORM: F-6)
STATION: IMPERIAL CA
MONTH: APRIL
YEAR: 2023
LATITUDE: 32 50 N
LONGITUDE: 115 35 W
TEMPERATURE IN F: :PCPN: SNOW: WIND :SUNSHINE: SKY :PK WND
================================================================================
1 2 3 4 5 6A 6B 7 8 9 10 11 12 13 14 15 16 17 18
12Z AVG MX 2MIN
DY MAX MIN AVG DEP HDD CDD WTR SNW DPTH SPD SPD DIR MIN PSBL S-S WX SPD DR
================================================================================
1 79 43 61 -7 4 0 0.00 M M 6.9 14 250 M M 0 20 250
2 88 49 69 1 0 4 0.00 M M 12.4 26 260 M M 0 37 260
3 69 51 60 -9 5 0 0.00 M M 24.6 43 250 M M 0 63 250
4 67 43 55 -14 10 0 0.00 0.0 M 7.3 17 300 M M 0 24 290
5 72 42 57 -12 8 0 0.00 0.0 M 3.9 12 70 M M 0 16 40
6 76 40 58 -11 7 0 0.00 M M 6.0 16 330 M M 0 22 330
7 82 47 65 -4 0 0 0.00 M M 4.7 12 290 M M 0 13 250
8 86 53 70 1 0 5 0.00 M M 4.6 12 250 M M 0 14 70
9 91 57 74 4 0 9 0.00 M M 4.8 12 340 M M 0 18 340
10 96 58 77 7 0 12 0.00 M M 5.2 14 250 M M 1 19 240
11 97 61 79 9 0 14 0.00 M M 8.6 18 270 M M 1 25 250
12 91 63 77 7 0 12 0.00 M M 13.9 32 270 M M 0 45 280
13 76 53 65 -5 0 0 0.00 M M 20.4 31 260 M M 0 47 270
14 80 52 66 -4 0 1 0.00 M M 7.9 22 280 M M 0 32 300
15 85 52 69 -2 0 4 0.00 M M 2.4 10 120 M M 0 8 16 100
16 89 56 73 2 0 8 0.00 M M 5.0 13 240 M M 0 19 290
17 92 59 76 5 0 11 0.00 M M 10.8 26 260 M M 0 43 250
18 86 58 72 1 0 7 0.00 M M 14.2 26 260 M M 0 37 260
19 81 53 67 -5 0 2 0.00 M M 8.3 25 260 M M 0 39 240
20 84 49 67 -5 0 2 0.00 M M 5.5 12 350 M M 0 16 300
21 91 51 71 -1 0 6 0.00 0.0 M 5.5 10 290 M M 1 15 330
22 96 59 78 6 0 13 0.00 0.0 M 3.9 10 40 M M 1 17 110
23 97 63 80 8 0 15 0.00 0.0 M 7.4 16 260 M M 1 24 260
24 93 62 78 5 0 13 0.00 M M 6.3 15 270 M M 1 22 260
25 92 62 77 4 0 12 0.00 M M 4.7 12 130 M M 0 17 360
26 94 56 75 2 0 10 0.00 M M 6.2 14 350 M M 0 22 330
27 98 59 79 6 0 14 0.00 M M 6.3 13 250 M M 0 19 250
28 101 63 82 8 0 17 0.00 M M 5.9 13 290 M M 0 15 290
29 103 64 84 10 0 19 0.00 M M 5.8 13 260 M M 0 16 250
30 102 68 85 11 0 20 0.00 M M 8.0 21 270 M M 0 29 270
================================================================================
SM 2634 1646 34 230 0.00 0.0 237.4 M 6
================================================================================
AV 87.8 54.9 7.9 FASTST M M 0 MAX(MPH)
MISC ----> 43 250 63 250
================================================================================
NOTES:
# LAST OF SEVERAL OCCURRENCES
COLUMN 17 PEAK WIND IN M.P.H.
PRELIMINARY LOCAL CLIMATOLOGICAL DATA (WS FORM: F-6) , PAGE 2
STATION: IMPERIAL CA
MONTH: APRIL
YEAR: 2023
LATITUDE: 32 50 N
LONGITUDE: 115 35 W
[TEMPERATURE DATA] [PRECIPITATION DATA] SYMBOLS USED IN COLUMN 16
AVERAGE MONTHLY: 71.3 TOTAL FOR MONTH: 0.00 1 = FOG OR MIST
DPTR FM NORMAL: 0.4 DPTR FM NORMAL: -0.08 2 = FOG REDUCING VISIBILITY
HIGHEST: 103 ON 29 GRTST 24HR T ON 17-17 TO 1/4 MILE OR LESS
LOWEST: 40 ON 6 3 = THUNDER
SNOW, ICE PELLETS, HAIL 4 = ICE PELLETS
TOTAL MONTH: 0.0 INCH 5 = HAIL
GRTST 24HR 0.0 6 = FREEZING RAIN OR DRIZZLE
GRTST DEPTH: M ON M 7 = DUSTSTORM OR SANDSTORM:
VSBY 1/2 MILE OR LESS
8 = SMOKE OR HAZE
[NO. OF DAYS WITH] [WEATHER - DAYS WITH] 9 = BLOWING SNOW
X = TORNADO
MAX 32 OR BELOW: 0 0.01 INCH OR MORE: 0
MAX 90 OR ABOVE: 15 0.10 INCH OR MORE: 0
MIN 32 OR BELOW: 0 0.50 INCH OR MORE: 0
MIN 0 OR BELOW: 0 1.00 INCH OR MORE: 0
[HDD (BASE 65) ]
TOTAL THIS MO. 34 CLEAR (SCALE 0-3) 30
DPTR FM NORMAL 19 PTCLDY (SCALE 4-7) 0
TOTAL FM JUL 1 1137 CLOUDY (SCALE 8-10) 0
DPTR FM NORMAL 175
[CDD (BASE 65) ]
TOTAL THIS MO. 230
DPTR FM NORMAL 38 [PRESSURE DATA]
TOTAL FM JAN 1 267 HIGHEST SLP M ON M
DPTR FM NORMAL -24 LOWEST SLP 29.58 ON 12
[REMARKS]
#FINAL-04-23#