000
CXUS51 KCTP 010800
CF6IPT
PRELIMINARY LOCAL CLIMATOLOGICAL DATA (WS FORM: F-6)
STATION: WILLIAMSPORT PA
MONTH: MAY
YEAR: 2023
LATITUDE: 41 15 N
LONGITUDE: 76 55 W
TEMPERATURE IN F: :PCPN: SNOW: WIND :SUNSHINE: SKY :PK WND
================================================================================
1 2 3 4 5 6A 6B 7 8 9 10 11 12 13 14 15 16 17 18
12Z AVG MX 2MIN
DY MAX MIN AVG DEP HDD CDD WTR SNW DPTH SPD SPD DIR MIN PSBL S-S WX SPD DR
================================================================================
1 54 41 48 -8 17 0 0.13 0.0 0 9.1 28 270 M M 8 1 38 280
2 52 40 46 -10 19 0 0.02 0.0 0 7.1 17 280 M M 10 23 230
3 51 40 46 -11 19 0 0.19 0.0 0 5.8 18 290 M M 6 1 25 320
4 59 40 50 -7 15 0 0.09 0.0 0 4.7 15 230 M M 8 1 20 250
5 65 41 53 -5 12 0 0.00 0.0 0 2.6 10 360 M M 5 14 260
6 72 38 55 -3 10 0 0.00 0.0 0 3.3 14 240 M M 2 18 17 250
7 71 42 57 -1 8 0 T 0.0 0 2.1 9 200 M M 4 11 200
8 76 55 66 8 0 1 T 0.0 0 4.5 12 340 M M 5 16 330
9 72 46 59 0 6 0 0.00 0.0 0 5.4 16 350 M M 2 22 40
10 75 37 56 -3 9 0 0.00 0.0 0 3.8 13 230 M M 0 8 17 250
11 82 42 62 3 3 0 0.00 0.0 0 3.2 10 260 M M 1 14 260
12 86 49 68 8 0 3 0.00 0.0 0 3.9 12 240 M M 0 14 270
13 80 53 67 7 0 2 0.00 0.0 0 4.2 14 20 M M 0 22 10
14 72 45 59 -1 6 0 0.00 0.0 0 6.1 17 340 M M 0 24 320
15 76 38 57 -3 8 0 0.00 0.0 0 3.8 12 240 M M 0 19 290
16 80 38 59 -2 6 0 0.00 0.0 0 8.3 21 250 M M 0 24 250
17 62 39 51 -10 14 0 0.00 0.0 0 9.3 18 360 M M 2 26 330
18 68 31 50 -11 15 0 0.00 0.0 0 4.6 20 150 M M 0 30 160
19 72 50 61 -1 4 0 0.00 0.0 0 9.3 23 160 M M 5 32 160
20 70 49 60 -2 5 0 0.01 0.0 0 6.0 22 170 M M 5 1 31 180
21 79 48 64 2 1 0 0.00 0.0 0 7.5 18 340 M M 3 24 330
22 79 48 64 2 1 0 0.00 0.0 0 3.1 8 180 M M 1 12 190
23 78 48 63 0 2 0 0.00 0.0 0 3.8 14 220 M M 0 18 170
24 82 48 65 2 0 0 0.00 0.0 0 6.2 21 350 M M 3 1 29 30
25 69 42 56 -7 9 0 0.00 0.0 0 6.6 16 340 M M 1 23 340
26 75 40 58 -6 7 0 0.00 0.0 0 3.9 13 40 M M 0 17 40
27 79 42 61 -3 4 0 0.00 0.0 0 2.5 9 110 M M 0 11 140
28 83 47 65 1 0 0 0.00 0.0 0 2.0 13 170 M M 0 16 160
29 90 52 71 7 0 6 0.00 0.0 0 6.6 18 130 M M 0 25 130
30 82 53 68 3 0 3 0.00 0.0 0 4.9 13 160 M M 0 18 160
31 87 49 68 3 0 3 0.00 0.0 0 3.5 10 190 M M 0 16 170
================================================================================
SM 2278 1371 200 18 0.44 0.0 157.7 M 71
================================================================================
AV 73.5 44.2 5.1 FASTST M M 2 MAX(MPH)
MISC ----> 28 270 38 280
================================================================================
NOTES:
# LAST OF SEVERAL OCCURRENCES
COLUMN 17 PEAK WIND IN M.P.H.
PRELIMINARY LOCAL CLIMATOLOGICAL DATA (WS FORM: F-6) , PAGE 2
STATION: WILLIAMSPORT PA
MONTH: MAY
YEAR: 2023
LATITUDE: 41 15 N
LONGITUDE: 76 55 W
[TEMPERATURE DATA] [PRECIPITATION DATA] SYMBOLS USED IN COLUMN 16
AVERAGE MONTHLY: 58.9 TOTAL FOR MONTH: 0.44 1 = FOG OR MIST
DPTR FM NORMAL: -1.9 DPTR FM NORMAL: -3.42 2 = FOG REDUCING VISIBILITY
HIGHEST: 90 ON 29 GRTST 24HR 1.01 ON 30- 1 TO 1/4 MILE OR LESS
LOWEST: 31 ON 18 3 = THUNDER
SNOW, ICE PELLETS, HAIL 4 = ICE PELLETS
TOTAL MONTH: 0.0 INCH 5 = HAIL
GRTST 24HR 0.0 6 = FREEZING RAIN OR DRIZZLE
GRTST DEPTH: 0 7 = DUSTSTORM OR SANDSTORM:
VSBY 1/2 MILE OR LESS
8 = SMOKE OR HAZE
[NO. OF DAYS WITH] [WEATHER - DAYS WITH] 9 = BLOWING SNOW
X = TORNADO
MAX 32 OR BELOW: 0 0.01 INCH OR MORE: 5
MAX 90 OR ABOVE: 1 0.10 INCH OR MORE: 2
MIN 32 OR BELOW: 1 0.50 INCH OR MORE: 0
MIN 0 OR BELOW: 0 1.00 INCH OR MORE: 0
[HDD (BASE 65) ]
TOTAL THIS MO. 200 CLEAR (SCALE 0-3) 22
DPTR FM NORMAL 20 PTCLDY (SCALE 4-7) 7
TOTAL FM JUL 1 5016 CLOUDY (SCALE 8-10) 2
DPTR FM NORMAL -729
[CDD (BASE 65) ]
TOTAL THIS MO. 18
DPTR FM NORMAL -30 [PRESSURE DATA]
TOTAL FM JAN 1 38 HIGHEST SLP 30.37 ON 27
DPTR FM NORMAL -16 LOWEST SLP 29.20 ON 1
[REMARKS]
#FINAL-05-23#