000
CXUS51 KCTP 010800
CF6IPT
PRELIMINARY LOCAL CLIMATOLOGICAL DATA (WS FORM: F-6)
STATION: WILLIAMSPORT PA
MONTH: MARCH
YEAR: 2020
LATITUDE: 41 15 N
LONGITUDE: 76 55 W
TEMPERATURE IN F: :PCPN: SNOW: WIND :SUNSHINE: SKY :PK WND
================================================================================
1 2 3 4 5 6A 6B 7 8 9 10 11 12 13 14 15 16 17 18
12Z AVG MX 2MIN
DY MAX MIN AVG DEP HDD CDD WTR SNW DPTH SPD SPD DIR MIN PSBL S-S WX SPD DR
================================================================================
1 46 23 35 2 30 0 0.00 0.0 0 7.1 17 250 M M 2 20 260
2 61 26 44 11 21 0 T 0.0 0 6.2 22 150 M M 5 33 140
3 53 40 47 13 18 0 0.43 0.0 0 6.4 22 290 M M 9 1 34 290
4 55 38 47 13 18 0 T 0.0 0 14.0 23 260 M M 5 32 300
5 51 29 40 6 25 0 0.00 0.0 0 5.8 14 280 M M 2 17 270
6 42 29 36 1 29 0 0.07 0.0 0 7.4 20 100 M M 7 1 24 100
7 46 28 37 2 28 0 0.00 0.0 0 7.3 23 330 M M 4 32 310
8 63 22 43 8 22 0 0.00 0.0 0 2.9 12 260 M M 1 17 280
9 75 30 53 17 12 0 0.00 0.0 0 4.2 22 250 M M 0 26 250
10 62 42 52 16 13 0 0.01 0.0 0 7.8 21 300 M M 8 26 300
11 48 30 39 3 26 0 0.00 0.0 0 2.5 9 190 M M 4 13 200
12 57 41 49 12 16 0 0.00 0.0 0 7.3 21 140 M M 10 8 30 140
13 64 42 53 16 12 0 0.16 0.0 0 13.9 32 270 M M 5 18 46 280
14 51 33 42 5 23 0 0.00 0.0 0 6.5 17 310 M M 3 25 300
15 52 29 41 3 24 0 0.00 0.0 0 6.4 15 20 M M 4 22 10
16 51 24 38 0 27 0 0.01 0.0 0 6.9 21 120 M M 3 29 120
17 52 36 44 6 21 0 0.01 0.0 0 7.9 17 120 M M 9 29 130
18 55 27 41 2 24 0 0.34 0.0 0 5.8 18 80 M M 3 1 27 90
19 51 43 47 8 18 0 0.39 0.0 0 7.6 20 150 M M 10 1 30 150
20 74 47 61 21 4 0 0.14 0.0 0 8.6 30 260 M M 9 18 39 260
21 47 27 37 -3 28 0 0.00 0.0 0 7.8 17 320 M M 5 25 330
22 48 23 36 -4 29 0 T 0.0 0 5.8 17 90 M M 1 29 80
23 39 33 36 -5 29 0 0.44 T 0 8.2 20 90 M M 10 18 30 110
24 53 36 45 4 20 0 0.00 0.0 0 6.4 14 110 M M 7 17 120
25 47 36 42 0 23 0 0.05 0.0 0 4.8 15 60 M M 9 19 60
26 55 33 44 2 21 0 0.00 0.0 0 4.5 15 110 M M 6 12 21 100
27 65 43 54 12 11 0 0.01 0.0 0 3.4 13 10 M M 5 1 16 20
28 48 42 45 2 20 0 0.74 0.0 0 10.3 21 80 M M 9 1 26 80
29 52 43 48 5 17 0 0.29 0.0 0 6.4 20 70 M M 10 123 29 90
30 55 43 49 5 16 0 0.02 0.0 0 5.9 21 260 M M 9 12 26 270
31 52 41 47 3 18 0 0.02 0.0 0 3.5 15 110 M M 10 19 120
================================================================================
SM 1670 1059 643 0 3.13 T 209.5 M 184
================================================================================
AV 53.9 34.2 6.8 FASTST M M 6 MAX(MPH)
MISC ----> 32 270 46 280
================================================================================
NOTES:
# LAST OF SEVERAL OCCURRENCES
COLUMN 17 PEAK WIND IN M.P.H.
PRELIMINARY LOCAL CLIMATOLOGICAL DATA (WS FORM: F-6) , PAGE 2
STATION: WILLIAMSPORT PA
MONTH: MARCH
YEAR: 2020
LATITUDE: 41 15 N
LONGITUDE: 76 55 W
[TEMPERATURE DATA] [PRECIPITATION DATA] SYMBOLS USED IN COLUMN 16
AVERAGE MONTHLY: 44.0 TOTAL FOR MONTH: 3.13 1 = FOG OR MIST
DPTR FM NORMAL: 5.8 DPTR FM NORMAL: 0.16 2 = FOG REDUCING VISIBILITY
HIGHEST: 75 ON 9 GRTST 24HR 0.74 ON 28-28 TO 1/4 MILE OR LESS
LOWEST: 22 ON 8 3 = THUNDER
SNOW, ICE PELLETS, HAIL 4 = ICE PELLETS
TOTAL MONTH: T 5 = HAIL
GRTST 24HR T ON 23-23 6 = FREEZING RAIN OR DRIZZLE
GRTST DEPTH: 0 7 = DUSTSTORM OR SANDSTORM:
VSBY 1/2 MILE OR LESS
8 = SMOKE OR HAZE
[NO. OF DAYS WITH] [WEATHER - DAYS WITH] 9 = BLOWING SNOW
X = TORNADO
MAX 32 OR BELOW: 0 0.01 INCH OR MORE: 16
MAX 90 OR ABOVE: 0 0.10 INCH OR MORE: 8
MIN 32 OR BELOW: 13 0.50 INCH OR MORE: 1
MIN 0 OR BELOW: 0 1.00 INCH OR MORE: 0
[HDD (BASE 65) ]
TOTAL THIS MO. 643 CLEAR (SCALE 0-3) 7
DPTR FM NORMAL -186 PTCLDY (SCALE 4-7) 13
TOTAL FM JUL 1 4636 CLOUDY (SCALE 8-10) 11
DPTR FM NORMAL -660
[CDD (BASE 65) ]
TOTAL THIS MO. 0
DPTR FM NORMAL 0 [PRESSURE DATA]
TOTAL FM JAN 1 0 HIGHEST SLP 30.66 ON 22
DPTR FM NORMAL 0 LOWEST SLP 29.41 ON 3
[REMARKS]
#FINAL-03-20#